Aug 12 11:03:03 dlsprod sshd[19126]: Failed password for root from 115.238.245.14 port 51517 ssh2
Aug 12 11:03:04 dlsprod sshd[19126]: Received disconnect from 115.238.245.14 port 51517:11: [preauth]
Aug 12 11:03:04 dlsprod sshd[19126]: Disconnected from 115.238.245.14 port 51517 [preauth]
Aug 12 11:03:04 dlsprod sshd[19126]: PAM 2 more authentication failures; logname= uid=0 euid=0 tty=ssh ruser= rhost=115.238.245.14 user=root
Aug 12 11:03:05 dlsprod sshd[19128]: pam_unix(sshd:auth): authentication failure; logname= uid=0 euid=0 tty=ssh ruser= rhost=221.194.44.211 user=root
Aug 12 11:03:07 dlsprod sshd[19128]: Failed password for root from 221.194.44.211 port 51515 ssh2
Aug 12 11:03:12 dlsprod sshd[19128]: message repeated 2 times: [ Failed password for root from 221.194.44.211 port 51515 ssh2]
Aug 12 11:03:12 dlsprod sshd[19128]: Received disconnect from 221.194.44.211 port 51515:11: [preauth]
Aug 12 11:03:12 dlsprod sshd[19128]: Disconnected from 221.194.44.211 port 51515 [preauth]
Aug 12 11:03:12 dlsprod sshd[19128]: PAM 2 more authentication failures; logname= uid=0 euid=0 tty=ssh ruser= rhost=221.194.44.211 user=root
Aug 12 11:03:13 dlsprod sshd[19131]: pam_unix(sshd:auth): authentication failure; logname= uid=0 euid=0 tty=ssh ruser= rhost=115.238.245.14 user=root
Aug 12 11:03:15 dlsprod sshd[19131]: Failed password for root from 115.238.245.14 port 53978 ssh2
Aug 12 11:03:15 dlsprod sshd[19133]: pam_unix(sshd:auth): authentication failure; logname= uid=0 euid=0 tty=ssh ruser= rhost=221.194.44.211 user=root
Aug 12 11:03:17 dlsprod sshd[19133]: Failed password for root from 221.194.44.211 port 48622 ssh2
Aug 12 11:03:18 dlsprod sshd[19131]: Failed password for root from 115.238.245.14 port 53978 ssh2
Aug 12 11:03:19 dlsprod sshd[19133]: Failed password for root from 221.194.44.211 port 48622 ssh2
Aug 12 11:03:20 dlsprod sshd[19131]: Failed password for root from 115.238.245.14 port 53978 ssh2
Aug 12 11:03:20 dlsprod sshd[19131]: Received disconnect from 115.238.245.14 port 53978:11: [preauth]
Aug 12 11:03:20 dlsprod sshd[19131]: Disconnected from 115.238.245.14 port 53978 [preauth]
Aug 12 11:03:20 dlsprod sshd[19131]: PAM 2 more authentication failures; logname= uid=0 euid=0 tty=ssh ruser= rhost=115.238.245.14 user=root
Aug 12 11:03:22 dlsprod sshd[19133]: Failed password for root from 221.194.44.211 port 48622 ssh2
Aug 12 11:03:22 dlsprod sshd[19133]: Received disconnect from 221.194.44.211 port 48622:11: [preauth]
Aug 12 11:03:22 dlsprod sshd[19133]: Disconnected from 221.194.44.211 port 48622 [preauth]
Aug 12 11:03:22 dlsprod sshd[19133]: PAM 2 more authentication failures; logname= uid=0 euid=0 tty=ssh ruser= rhost=221.194.44.211 user=root
Aug 12 11:03:24 dlsprod sshd[19136]: pam_unix(sshd:auth): authentication failure; logname= uid=0 euid=0 tty=ssh ruser= rhost=115.238.245.14 user=root
Aug 12 11:03:25 dlsprod sshd[19138]: pam_unix(sshd:auth): authentication failure; logname= uid=0 euid=0 tty=ssh ruser= rhost=221.194.44.211 user=root
Aug 12 11:03:26 dlsprod sshd[19136]: Failed password for root from 115.238.245.14 port 59517 ssh2
Aug 12 11:03:27 dlsprod sshd[19138]: Failed password for root from 221.194.44.211 port 33966 ssh2
Aug 12 11:03:29 dlsprod sshd[19136]: Failed password for root from 115.238.245.14 port 59517 ssh2
Aug 12 11:03:29 dlsprod sshd[19138]: Failed password for root from 221.194.44.211 port 33966 ssh2
Aug 12 11:03:32 dlsprod sshd[19138]: Failed password for root from 221.194.44.211 port 33966 ssh2
Aug 12 11:03:32 dlsprod sshd[19136]: Failed password for root from 115.238.245.14 port 59517 ssh2
Aug 12 11:03:32 dlsprod sshd[19138]: Received disconnect from 221.194.44.211 port 33966:11: [preauth]
Aug 12 11:03:32 dlsprod sshd[19138]: Disconnected from 221.194.44.211 port 33966 [preauth]
Aug 12 11:03:32 dlsprod sshd[19138]: PAM 2 more authentication failures; logname= uid=0 euid=0 tty=ssh ruser= rhost=221.194.44.211 user=root
Aug 12 11:03:32 dlsprod sshd[19136]: Received disconnect from 115.238.245.14 port 59517:11: [preauth]
Aug 12 11:03:32 dlsprod sshd[19136]: Disconnected from 115.238.245.14 port 59517 [preauth]
Aug 12 11:03:32 dlsprod sshd[19136]: PAM 2 more authentication failures; logname= uid=0 euid=0 tty=ssh ruser= rhost=115.238.245.14 user=root
Aug 12 11:03:34 dlsprod sshd[19140]: pam_unix(sshd:auth): authentication failure; logname= uid=0 euid=0 tty=ssh ruser= rhost=221.194.44.211 user=root
Aug 12 11:03:36 dlsprod sshd[19142]: pam_unix(sshd:auth): authentication failure; logname= uid=0 euid=0 tty=ssh ruser= rhost=115.238.245.14 user=root
Aug 12 11:03:36 dlsprod sshd[19140]: Failed password for root from 221.194.44.211 port 46441 ssh2
Aug 12 11:03:38 dlsprod sshd[19142]: Failed password for root from 115.238.245.14 port 60267 ssh2
Aug 12 11:03:38 dlsprod sshd[19140]: Failed password for root from 221.194.44.211 port 46441 ssh2
Aug 12 11:03:40 dlsprod sshd[19140]: Failed password for root from 221.194.44.211 port 46441 ssh2
Aug 12 11:03:40 dlsprod sshd[19140]: Received disconnect from 221.194.44.211 port 46441:11: [preauth]
Aug 12 11:03:40 dlsprod sshd[19140]: Disconnected from 221.194.44.211 port 46441 [preauth]
Aug 12 11:03:40 dlsprod sshd[19140]: PAM 2 more authentication failures; logname= uid=0 euid=0 tty=ssh ruser= rhost=221.194.44.211 user=root
Aug 12 11:03:41 dlsprod sshd[19142]: Failed password for root from 115.238.245.14 port 60267 ssh2
Aug 12 11:03:43 dlsprod sshd[19144]: pam_unix(sshd:auth): authentication failure; logname= uid=0 euid=0 tty=ssh ruser= rhost=221.194.44.211 user=root
Aug 12 11:03:43 dlsprod sshd[19142]: Failed password for root from 115.238.245.14 port 60267 ssh2
Aug 12 11:03:44 dlsprod sshd[19142]: Received disconnect from 115.238.245.14 port 60267:11: [preauth]
Aug 12 11:03:44 dlsprod sshd[19142]: Disconnected from 115.238.245.14 port 60267 [preauth]
Aug 12 11:03:44 dlsprod sshd[19142]: PAM 2 more authentication failures; logname= uid=0 euid=0 tty=ssh ruser= rhost=115.238.245.14 user=root
Aug 12 11:03:45 dlsprod sshd[19144]: Failed password for root from 221.194.44.211 port 54580 ssh2
Aug 12 11:03:47 dlsprod sshd[19144]: Failed password for root from 221.194.44.211 port 54580 ssh2
Aug 12 11:03:49 dlsprod sshd[19146]: pam_unix(sshd:auth): authentication failure; logname= uid=0 euid=0 tty=ssh ruser= rhost=115.238.245.14 user=root
Aug 12 11:03:50 dlsprod sshd[19144]: Failed password for root from 221.194.44.211 port 54580 ssh2
Aug 12 11:03:51 dlsprod sshd[19144]: Received disconnect from 221.194.44.211 port 54580:11: [preauth]
Aug 12 11:03:51 dlsprod sshd[19144]: Disconnected from 221.194.44.211 port 54580 [preauth]
Aug 12 11:03:51 dlsprod sshd[19144]: PAM 2 more authentication failures; logname= uid=0 euid=0 tty=ssh ruser= rhost=221.194.44.211 user=root
Aug 12 11:03:51 dlsprod sshd[19146]: Failed password for root from 115.238.245.14 port 60265 ssh2
Aug 12 11:03:55 dlsprod sshd[19146]: message repeated 2 times: [ Failed password for root from 115.238.245.14 port 60265 ssh2]
Aug 12 11:03:57 dlsprod sshd[19146]: Received disconnect from 115.238.245.14 port 60265:11: [preauth]
Aug 12 11:03:57 dlsprod sshd[19146]: Disconnected from 115.238.245.14 port 60265 [preauth]
Aug 12 11:03:57 dlsprod sshd[19146]: PAM 2 more authentication failures; logname= uid=0 euid=0 tty=ssh ruser= rhost=115.238.245.14 user=root
Aug 12 11:04:02 dlsprod sshd[19148]: Invalid user public from 140.143.246.88
Aug 12 11:04:02 dlsprod sshd[19148]: input_userauth_request: invalid user public [preauth]
Aug 12 11:04:02 dlsprod sshd[19148]: pam_unix(sshd:auth): check pass; user unknown
Aug 12 11:04:02 dlsprod sshd[19148]: pam_unix(sshd:auth): authentication failure; logname= uid=0 euid=0 tty=ssh ruser= rhost=140.143.246.88
Aug 12 11:04:04 dlsprod sshd[19148]: Failed password for invalid user public from 140.143.246.88 port 60524 ssh2
Aug 12 11:04:04 dlsprod sshd[19148]: Connection closed by 140.143.246.88 port 60524 [preauth]
Aug 12 11:04:05 dlsprod sshd[19150]: pam_unix(sshd:auth): authentication failure; logname= uid=0 euid=0 tty=ssh ruser= rhost=115.238.245.14 user=root
Aug 12 11:04:08 dlsprod sshd[19150]: Failed password for root from 115.238.245.14 port 47025 ssh2
Aug 12 11:04:13 dlsprod sshd[19150]: message repeated 2 times: [ Failed password for root from 115.238.245.14 port 47025 ssh2]
Aug 12 11:04:13 dlsprod sshd[19150]: Received disconnect from 115.238.245.14 port 47025:11: [preauth]
Aug 12 11:04:13 dlsprod sshd[19150]: Disconnected from 115.238.245.14 port 47025 [preauth]
Aug 12 11:04:13 dlsprod sshd[19150]: PAM 2 more authentication failures; logname= uid=0 euid=0 tty=ssh ruser= rhost=115.238.245.14 user=root
Aug 12 11:04:19 dlsprod sshd[19152]: pam_unix(sshd:auth): authentication failure; logname= uid=0 euid=0 tty=ssh ruser= rhost=115.238.245.14 user=root
Aug 12 11:04:21 dlsprod sshd[19152]: Failed password for root from 115.238.245.14 port 47791 ssh2
Aug 12 11:04:26 dlsprod sshd[19152]: message repeated 2 times: [ Failed password for root from 115.238.245.14 port 47791 ssh2]
Aug 12 11:04:27 dlsprod sshd[19152]: Received disconnect from 115.238.245.14 port 47791:11: [preauth]
Aug 12 11:04:27 dlsprod sshd[19152]: Disconnected from 115.238.245.14 port 47791 [preauth]
Aug 12 11:04:27 dlsprod sshd[19152]: PAM 2 more authentication failures; logname= uid=0 euid=0 tty=ssh ruser= rhost=115.238.245.14 user=root
Aug 12 11:05:01 dlsprod CRON[19169]: pam_unix(cron:session): session opened for user root by (uid=0)
Aug 12 11:05:01 dlsprod CRON[19169]: pam_unix(cron:session): session closed for user root
Aug 12 11:05:24 dlsprod sshd[19173]: pam_unix(sshd:auth): authentication failure; logname= uid=0 euid=0 tty=ssh ruser= rhost=221.194.44.211 user=root
Aug 12 11:05:25 dlsprod sshd[19173]: Failed password for root from 221.194.44.211 port 59913 ssh2
Aug 12 11:05:31 dlsprod sshd[19173]: message repeated 2 times: [ Failed password for root from 221.194.44.211 port 59913 ssh2]
Aug 12 11:05:31 dlsprod sshd[19173]: Received disconnect from 221.194.44.211 port 59913:11: [preauth]
Aug 12 11:05:31 dlsprod sshd[19173]: Disconnected from 221.194.44.211 port 59913 [preauth]
Aug 12 11:05:31 dlsprod sshd[19173]: PAM 2 more authentication failures; logname= uid=0 euid=0 tty=ssh ruser= rhost=221.194.44.211 user=root
Aug 12 11:05:36 dlsprod sshd[19175]: pam_unix(sshd:auth): authentication failure; logname= uid=0 euid=0 tty=ssh ruser= rhost=221.194.44.211 user=root
Aug 12 11:05:37 dlsprod sshd[19175]: Failed password for root from 221.194.44.211 port 43311 ssh2
Aug 12 11:05:43 dlsprod sshd[19175]: message repeated 2 times: [ Failed password for root from 221.194.44.211 port 43311 ssh2]
Aug 12 11:05:44 dlsprod sshd[19175]: Received disconnect from 221.194.44.211 port 43311:11: [preauth]
Aug 12 11:05:44 dlsprod sshd[19175]: Disconnected from 221.194.44.211 port 43311 [preauth]
Aug 12 11:05:44 dlsprod sshd[19175]: PAM 2 more authentication failures; logname= uid=0 euid=0 tty=ssh ruser= rhost=221.194.44.211 user=root
Aug 12 11:05:55 dlsprod sshd[19177]: pam_unix(sshd:auth): authentication failure; logname= uid=0 euid=0 tty=ssh ruser= rhost=221.194.44.211 user=root
Aug 12 11:05:57 dlsprod sshd[19177]: Failed password for root from 221.194.44.211 port 37989 ssh2
Aug 12 11:06:04 dlsprod sshd[19177]: message repeated 2 times: [ Failed password for root from 221.194.44.211 port 37989 ssh2]
Aug 12 11:06:04 dlsprod sshd[19177]: Received disconnect from 221.194.44.211 port 37989:11: [preauth]
Aug 12 11:06:04 dlsprod sshd[19177]: Disconnected from 221.194.44.211 port 37989 [preauth]
Aug 12 11:06:04 dlsprod sshd[19177]: PAM 2 more authentication failures; logname= uid=0 euid=0 tty=ssh ruser= rhost=221.194.44.211 user=root
Aug 12 11:06:09 dlsprod sshd[19179]: pam_unix(sshd:auth): authentication failure; logname= uid=0 euid=0 tty=ssh ruser= rhost=221.194.44.211 user=root
Aug 12 11:06:12 dlsprod sshd[19179]: Failed password for root from 221.194.44.211 port 33173 ssh2
Aug 12 11:06:17 dlsprod sshd[19179]: message repeated 2 times: [ Failed password for root from 221.194.44.211 port 33173 ssh2]
Aug 12 11:06:17 dlsprod sshd[19179]: Received disconnect from 221.194.44.211 port 33173:11: [preauth]
Aug 12 11:06:17 dlsprod sshd[19179]: Disconnected from 221.194.44.211 port 33173 [preauth]
Aug 12 11:06:17 dlsprod sshd[19179]: PAM 2 more authentication failures; logname= uid=0 euid=0 tty=ssh ruser= rhost=221.194.44.211 user=root
Aug 12 11:06:21 dlsprod sshd[19181]: pam_unix(sshd:auth): authentication failure; logname= uid=0 euid=0 tty=ssh ruser= rhost=221.194.44.211 user=root
Aug 12 11:06:24 dlsprod sshd[19181]: Failed password for root from 221.194.44.211 port 56788 ssh2
Aug 12 11:06:26 dlsprod sshd[19184]: Invalid user deb from 46.148.192.41
Aug 12 11:06:26 dlsprod sshd[19184]: input_userauth_request: invalid user deb [preauth]
Aug 12 11:06:26 dlsprod sshd[19184]: pam_unix(sshd:auth): check pass; user unknown
Aug 12 11:06:26 dlsprod sshd[19184]: pam_unix(sshd:auth): authentication failure; logname= uid=0 euid=0 tty=ssh ruser= rhost=46.148.192.41
Aug 12 11:06:26 dlsprod sshd[19181]: Failed password for root from 221.194.44.211 port 56788 ssh2
Aug 12 11:06:28 dlsprod sshd[19184]: Failed password for invalid user deb from 46.148.192.41 port 43006 ssh2
Aug 12 11:06:28 dlsprod sshd[19184]: Connection closed by 46.148.192.41 port 43006 [preauth]
Aug 12 11:06:29 dlsprod sshd[19181]: Failed password for root from 221.194.44.211 port 56788 ssh2
Aug 12 11:06:29 dlsprod sshd[19181]: Received disconnect from 221.194.44.211 port 56788:11: [preauth]
Aug 12 11:06:29 dlsprod sshd[19181]: Disconnected from 221.194.44.211 port 56788 [preauth]
Aug 12 11:06:29 dlsprod sshd[19181]: PAM 2 more authentication failures; logname= uid=0 euid=0 tty=ssh ruser= rhost=221.194.44.211 user=root
Aug 12 11:06:34 dlsprod sshd[19186]: pam_unix(sshd:auth): authentication failure; logname= uid=0 euid=0 tty=ssh ruser= rhost=221.194.44.211 user=root
Aug 12 11:06:36 dlsprod sshd[19186]: Failed password for root from 221.194.44.211 port 48081 ssh2
Aug 12 11:06:44 dlsprod sshd[19186]: message repeated 2 times: [ Failed password for root from 221.194.44.211 port 48081 ssh2]
Aug 12 11:06:44 dlsprod sshd[19186]: Received disconnect from 221.194.44.211 port 48081:11: [preauth]
Aug 12 11:06:44 dlsprod sshd[19186]: Disconnected from 221.194.44.211 port 48081 [preauth]
Aug 12 11:06:44 dlsprod sshd[19186]: PAM 2 more authentication failures; logname= uid=0 euid=0 tty=ssh ruser= rhost=221.194.44.211 user=root
Aug 12 11:06:52 dlsprod sshd[19188]: pam_unix(sshd:auth): authentication failure; logname= uid=0 euid=0 tty=ssh ruser= rhost=221.194.44.211 user=root
Aug 12 11:06:54 dlsprod sshd[19188]: Failed password for root from 221.194.44.211 port 39599 ssh2
Aug 12 11:06:59 dlsprod sshd[19188]: message repeated 2 times: [ Failed password for root from 221.194.44.211 port 39599 ssh2]
Aug 12 11:06:59 dlsprod sshd[19188]: Received disconnect from 221.194.44.211 port 39599:11: [preauth]
Aug 12 11:06:59 dlsprod sshd[19188]: Disconnected from 221.194.44.211 port 39599 [preauth]
Aug 12 11:06:59 dlsprod sshd[19188]: PAM 2 more authentication failures; logname= uid=0 euid=0 tty=ssh ruser= rhost=221.194.44.211 user=root
Aug 12 11:07:11 dlsprod sshd[19192]: pam_unix(sshd:auth): authentication failure; logname= uid=0 euid=0 tty=ssh ruser= rhost=221.194.47.233 user=root
Aug 12 11:07:13 dlsprod sshd[19192]: Failed password for root from 221.194.47.233 port 49701 ssh2
Aug 12 11:07:15 dlsprod sshd[19190]: pam_unix(sshd:auth): authentication failure; logname= uid=0 euid=0 tty=ssh ruser= rhost=221.194.44.211 user=root
Aug 12 11:07:16 dlsprod sshd[19192]: Failed password for root from 221.194.47.233 port 49701 ssh2
Aug 12 11:07:17 dlsprod sshd[19190]: Failed password for root from 221.194.44.211 port 51898 ssh2
Aug 12 11:07:19 dlsprod sshd[19192]: Failed password for root from 221.194.47.233 port 49701 ssh2
Aug 12 11:07:19 dlsprod sshd[19192]: Received disconnect from 221.194.47.233 port 49701:11: [preauth]
Aug 12 11:07:19 dlsprod sshd[19192]: Disconnected from 221.194.47.233 port 49701 [preauth]
Aug 12 11:07:19 dlsprod sshd[19192]: PAM 2 more authentication failures; logname= uid=0 euid=0 tty=ssh ruser= rhost=221.194.47.233 user=root
Aug 12 11:07:20 dlsprod sshd[19190]: Failed password for root from 221.194.44.211 port 51898 ssh2
Aug 12 11:07:23 dlsprod sshd[19195]: pam_unix(sshd:auth): authentication failure; logname= uid=0 euid=0 tty=ssh ruser= rhost=221.194.47.233 user=root
Aug 12 11:07:24 dlsprod sshd[19190]: Failed password for root from 221.194.44.211 port 51898 ssh2
Aug 12 11:07:25 dlsprod sshd[19190]: Received disconnect from 221.194.44.211 port 51898:11: [preauth]
Aug 12 11:07:25 dlsprod sshd[19190]: Disconnected from 221.194.44.211 port 51898 [preauth]
Aug 12 11:07:25 dlsprod sshd[19190]: PAM 2 more authentication failures; logname= uid=0 euid=0 tty=ssh ruser= rhost=221.194.44.211 user=root
Aug 12 11:07:26 dlsprod sshd[19195]: Failed password for root from 221.194.47.233 port 60099 ssh2
Aug 12 11:07:31 dlsprod sshd[19195]: message repeated 2 times: [ Failed password for root from 221.194.47.233 port 60099 ssh2]
Aug 12 11:07:33 dlsprod sshd[19195]: Received disconnect from 221.194.47.233 port 60099:11: [preauth]
Aug 12 11:07:33 dlsprod sshd[19195]: Disconnected from 221.194.47.233 port 60099 [preauth]
Aug 12 11:07:33 dlsprod sshd[19195]: PAM 2 more authentication failures; logname= uid=0 euid=0 tty=ssh ruser= rhost=221.194.47.233 user=root
Aug 12 11:07:34 dlsprod sshd[19197]: pam_unix(sshd:auth): authentication failure; logname= uid=0 euid=0 tty=ssh ruser= rhost=221.194.44.211 user=root
Aug 12 11:07:36 dlsprod sshd[19197]: Failed password for root from 221.194.44.211 port 39082 ssh2
Aug 12 11:07:37 dlsprod sshd[19199]: pam_unix(sshd:auth): authentication failure; logname= uid=0 euid=0 tty=ssh ruser= rhost=221.194.47.233 user=root
Aug 12 11:07:38 dlsprod sshd[19199]: Failed password for root from 221.194.47.233 port 49894 ssh2
Aug 12 11:07:39 dlsprod sshd[19197]: Failed password for root from 221.194.44.211 port 39082 ssh2
Aug 12 11:07:42 dlsprod sshd[19199]: Failed password for root from 221.194.47.233 port 49894 ssh2
Aug 12 11:07:44 dlsprod sshd[19197]: Failed password for root from 221.194.44.211 port 39082 ssh2
Aug 12 11:07:45 dlsprod sshd[19199]: Failed password for root from 221.194.47.233 port 49894 ssh2
Aug 12 11:07:45 dlsprod sshd[19199]: Received disconnect from 221.194.47.233 port 49894:11: [preauth]
Aug 12 11:07:45 dlsprod sshd[19199]: Disconnected from 221.194.47.233 port 49894 [preauth]
Aug 12 11:07:45 dlsprod sshd[19199]: PAM 2 more authentication failures; logname= uid=0 euid=0 tty=ssh ruser= rhost=221.194.47.233 user=root
Aug 12 11:07:46 dlsprod sshd[19197]: Received disconnect from 221.194.44.211 port 39082:11: [preauth]
Aug 12 11:07:46 dlsprod sshd[19197]: Disconnected from 221.194.44.211 port 39082 [preauth]
Aug 12 11:07:46 dlsprod sshd[19197]: PAM 2 more authentication failures; logname= uid=0 euid=0 tty=ssh ruser= rhost=221.194.44.211 user=root
Aug 12 11:07:52 dlsprod sshd[19203]: pam_unix(sshd:auth): authentication failure; logname= uid=0 euid=0 tty=ssh ruser= rhost=221.194.44.211 user=root
Aug 12 11:07:54 dlsprod sshd[19203]: Failed password for root from 221.194.44.211 port 60612 ssh2
Aug 12 11:07:56 dlsprod sshd[19203]: Failed password for root from 221.194.44.211 port 60612 ssh2
Aug 12 11:07:57 dlsprod sshd[19201]: pam_unix(sshd:auth): authentication failure; logname= uid=0 euid=0 tty=ssh ruser= rhost=221.194.47.233 user=root
Aug 12 11:07:59 dlsprod sshd[19203]: Failed password for root from 221.194.44.211 port 60612 ssh2
Aug 12 11:07:59 dlsprod sshd[19201]: Failed password for root from 221.194.47.233 port 40426 ssh2
Aug 12 11:07:59 dlsprod sshd[19203]: Received disconnect from 221.194.44.211 port 60612:11: [preauth]
Aug 12 11:07:59 dlsprod sshd[19203]: Disconnected from 221.194.44.211 port 60612 [preauth]
Aug 12 11:07:59 dlsprod sshd[19203]: PAM 2 more authentication failures; logname= uid=0 euid=0 tty=ssh ruser= rhost=221.194.44.211 user=root
Aug 12 11:08:01 dlsprod CRON[19207]: pam_unix(cron:session): session opened for user root by (uid=0)
Aug 12 11:08:01 dlsprod CRON[19207]: pam_unix(cron:session): session closed for user root
Aug 12 11:08:01 dlsprod sshd[19205]: pam_unix(sshd:auth): authentication failure; logname= uid=0 euid=0 tty=ssh ruser= rhost=221.194.44.211 user=root
Aug 12 11:08:02 dlsprod sshd[19201]: Failed password for root from 221.194.47.233 port 40426 ssh2
Aug 12 11:08:03 dlsprod sshd[19205]: Failed password for root from 221.194.44.211 port 58621 ssh2
Aug 12 11:08:04 dlsprod sshd[19201]: Failed password for root from 221.194.47.233 port 40426 ssh2
Aug 12 11:08:05 dlsprod sshd[19205]: Failed password for root from 221.194.44.211 port 58621 ssh2
Aug 12 11:08:06 dlsprod sshd[19201]: Received disconnect from 221.194.47.233 port 40426:11: [preauth]
Aug 12 11:08:06 dlsprod sshd[19201]: Disconnected from 221.194.47.233 port 40426 [preauth]
Aug 12 11:08:06 dlsprod sshd[19201]: PAM 2 more authentication failures; logname= uid=0 euid=0 tty=ssh ruser= rhost=221.194.47.233 user=root
Aug 12 11:08:08 dlsprod sshd[19205]: Failed password for root from 221.194.44.211 port 58621 ssh2
Aug 12 11:08:09 dlsprod sshd[19205]: Received disconnect from 221.194.44.211 port 58621:11: [preauth]
Aug 12 11:08:09 dlsprod sshd[19205]: Disconnected from 221.194.44.211 port 58621 [preauth]
Aug 12 11:08:09 dlsprod sshd[19205]: PAM 2 more authentication failures; logname= uid=0 euid=0 tty=ssh ruser= rhost=221.194.44.211 user=root
Aug 12 11:08:14 dlsprod sshd[19210]: pam_unix(sshd:auth): authentication failure; logname= uid=0 euid=0 tty=ssh ruser= rhost=221.194.47.233 user=root
Aug 12 11:08:16 dlsprod sshd[19212]: pam_unix(sshd:auth): authentication failure; logname= uid=0 euid=0 tty=ssh ruser= rhost=221.194.44.211 user=root
Aug 12 11:08:16 dlsprod sshd[19210]: Failed password for root from 221.194.47.233 port 42280 ssh2
Aug 12 11:08:18 dlsprod sshd[19212]: Failed password for root from 221.194.44.211 port 44282 ssh2
Aug 12 11:08:19 dlsprod sshd[19210]: Failed password for root from 221.194.47.233 port 42280 ssh2
Aug 12 11:08:21 dlsprod sshd[19212]: Failed password for root from 221.194.44.211 port 44282 ssh2
Aug 12 11:08:22 dlsprod sshd[19210]: Failed password for root from 221.194.47.233 port 42280 ssh2
Aug 12 11:08:22 dlsprod sshd[19210]: Received disconnect from 221.194.47.233 port 42280:11: [preauth]
Aug 12 11:08:22 dlsprod sshd[19210]: Disconnected from 221.194.47.233 port 42280 [preauth]
Aug 12 11:08:22 dlsprod sshd[19210]: PAM 2 more authentication failures; logname= uid=0 euid=0 tty=ssh ruser= rhost=221.194.47.233 user=root
Aug 12 11:08:23 dlsprod sshd[19212]: Failed password for root from 221.194.44.211 port 44282 ssh2
Aug 12 11:08:24 dlsprod sshd[19212]: Received disconnect from 221.194.44.211 port 44282:11: [preauth]
Aug 12 11:08:24 dlsprod sshd[19212]: Disconnected from 221.194.44.211 port 44282 [preauth]
Aug 12 11:08:24 dlsprod sshd[19212]: PAM 2 more authentication failures; logname= uid=0 euid=0 tty=ssh ruser= rhost=221.194.44.211 user=root
Aug 12 11:08:28 dlsprod sshd[19215]: pam_unix(sshd:auth): authentication failure; logname= uid=0 euid=0 tty=ssh ruser= rhost=221.194.44.211 user=root
Aug 12 11:08:30 dlsprod sshd[19215]: Failed password for root from 221.194.44.211 port 56901 ssh2
Aug 12 11:08:34 dlsprod sshd[19215]: Failed password for root from 221.194.44.211 port 56901 ssh2
Aug 12 11:08:34 dlsprod sshd[19217]: pam_unix(sshd:auth): authentication failure; logname= uid=0 euid=0 tty=ssh ruser= rhost=221.194.47.233 user=root
Aug 12 11:08:36 dlsprod sshd[19217]: Failed password for root from 221.194.47.233 port 51110 ssh2
Aug 12 11:08:37 dlsprod sshd[19215]: Failed password for root from 221.194.44.211 port 56901 ssh2
Aug 12 11:08:37 dlsprod sshd[19215]: Received disconnect from 221.194.44.211 port 56901:11: [preauth]
Aug 12 11:08:37 dlsprod sshd[19215]: Disconnected from 221.194.44.211 port 56901 [preauth]
Aug 12 11:08:37 dlsprod sshd[19215]: PAM 2 more authentication failures; logname= uid=0 euid=0 tty=ssh ruser= rhost=221.194.44.211 user=root
Aug 12 11:08:38 dlsprod sshd[19217]: Failed password for root from 221.194.47.233 port 51110 ssh2
Aug 12 11:08:40 dlsprod sshd[19217]: Failed password for root from 221.194.47.233 port 51110 ssh2
Aug 12 11:08:40 dlsprod sshd[19217]: Received disconnect from 221.194.47.233 port 51110:11: [preauth]
Aug 12 11:08:40 dlsprod sshd[19217]: Disconnected from 221.194.47.233 port 51110 [preauth]
Aug 12 11:08:40 dlsprod sshd[19217]: PAM 2 more authentication failures; logname= uid=0 euid=0 tty=ssh ruser= rhost=221.194.47.233 user=root
Aug 12 11:08:46 dlsprod sshd[19219]: pam_unix(sshd:auth): authentication failure; logname= uid=0 euid=0 tty=ssh ruser= rhost=221.194.47.233 user=root
Aug 12 11:08:47 dlsprod sshd[19219]: Failed password for root from 221.194.47.233 port 47044 ssh2
Aug 12 11:08:52 dlsprod sshd[19219]: message repeated 2 times: [ Failed password for root from 221.194.47.233 port 47044 ssh2]
Aug 12 11:08:52 dlsprod sshd[19219]: Received disconnect from 221.194.47.233 port 47044:11: [preauth]
Aug 12 11:08:52 dlsprod sshd[19219]: Disconnected from 221.194.47.233 port 47044 [preauth]
Aug 12 11:08:52 dlsprod sshd[19219]: PAM 2 more authentication failures; logname= uid=0 euid=0 tty=ssh ruser= rhost=221.194.47.233 user=root
Aug 12 11:08:56 dlsprod sshd[19221]: pam_unix(sshd:auth): authentication failure; logname= uid=0 euid=0 tty=ssh ruser= rhost=221.194.47.233 user=root
Aug 12 11:08:58 dlsprod sshd[19221]: Failed password for root from 221.194.47.233 port 54934 ssh2
Aug 12 11:09:00 dlsprod sshd[19221]: Failed password for root from 221.194.47.233 port 54934 ssh2
Aug 12 11:09:01 dlsprod CRON[19223]: pam_unix(cron:session): session opened for user root by (uid=0)
Aug 12 11:09:01 dlsprod CRON[19223]: pam_unix(cron:session): session closed for user root
Aug 12 11:09:02 dlsprod sshd[19221]: Failed password for root from 221.194.47.233 port 54934 ssh2
Aug 12 11:09:02 dlsprod sshd[19221]: Received disconnect from 221.194.47.233 port 54934:11: [preauth]
Aug 12 11:09:02 dlsprod sshd[19221]: Disconnected from 221.194.47.233 port 54934 [preauth]
Aug 12 11:09:02 dlsprod sshd[19221]: PAM 2 more authentication failures; logname= uid=0 euid=0 tty=ssh ruser= rhost=221.194.47.233 user=root
Aug 12 11:09:08 dlsprod sshd[19265]: pam_unix(sshd:auth): authentication failure; logname= uid=0 euid=0 tty=ssh ruser= rhost=221.194.47.233 user=root
Aug 12 11:09:10 dlsprod sshd[19265]: Failed password for root from 221.194.47.233 port 34959 ssh2
Aug 12 11:09:13 dlsprod sshd[19265]: message repeated 2 times: [ Failed password for root from 221.194.47.233 port 34959 ssh2]
Aug 12 11:09:14 dlsprod sshd[19265]: Received disconnect from 221.194.47.233 port 34959:11: [preauth]
Aug 12 11:09:14 dlsprod sshd[19265]: Disconnected from 221.194.47.233 port 34959 [preauth]
Aug 12 11:09:14 dlsprod sshd[19265]: PAM 2 more authentication failures; logname= uid=0 euid=0 tty=ssh ruser= rhost=221.194.47.233 user=root
Aug 12 11:09:18 dlsprod sshd[19267]: pam_unix(sshd:auth): authentication failure; logname= uid=0 euid=0 tty=ssh ruser= rhost=221.194.47.233 user=root
Aug 12 11:09:19 dlsprod sshd[19267]: Failed password for root from 221.194.47.233 port 48582 ssh2
Aug 12 11:09:24 dlsprod sshd[19267]: message repeated 2 times: [ Failed password for root from 221.194.47.233 port 48582 ssh2]
Aug 12 11:09:24 dlsprod sshd[19267]: Received disconnect from 221.194.47.233 port 48582:11: [preauth]
Aug 12 11:09:24 dlsprod sshd[19267]: Disconnected from 221.194.47.233 port 48582 [preauth]
Aug 12 11:09:24 dlsprod sshd[19267]: PAM 2 more authentication failures; logname= uid=0 euid=0 tty=ssh ruser= rhost=221.194.47.233 user=root
Aug 12 11:09:29 dlsprod sshd[19270]: pam_unix(sshd:auth): authentication failure; logname= uid=0 euid=0 tty=ssh ruser= rhost=221.194.47.233 user=root
Aug 12 11:09:32 dlsprod sshd[19270]: Failed password for root from 221.194.47.233 port 58757 ssh2
Aug 12 11:09:37 dlsprod sshd[19270]: message repeated 2 times: [ Failed password for root from 221.194.47.233 port 58757 ssh2]
Aug 12 11:09:38 dlsprod sshd[19270]: Received disconnect from 221.194.47.233 port 58757:11: [preauth]
Aug 12 11:09:38 dlsprod sshd[19270]: Disconnected from 221.194.47.233 port 58757 [preauth]
Aug 12 11:09:38 dlsprod sshd[19270]: PAM 2 more authentication failures; logname= uid=0 euid=0 tty=ssh ruser= rhost=221.194.47.233 user=root
Aug 12 11:09:41 dlsprod sshd[19272]: pam_unix(sshd:auth): authentication failure; logname= uid=0 euid=0 tty=ssh ruser= rhost=221.194.47.233 user=root
Aug 12 11:09:43 dlsprod sshd[19272]: Failed password for root from 221.194.47.233 port 45810 ssh2
Aug 12 11:09:48 dlsprod sshd[19272]: message repeated 2 times: [ Failed password for root from 221.194.47.233 port 45810 ssh2]
Aug 12 11:09:49 dlsprod sshd[19272]: Received disconnect from 221.194.47.233 port 45810:11: [preauth]
Aug 12 11:09:49 dlsprod sshd[19272]: Disconnected from 221.194.47.233 port 45810 [preauth]
Aug 12 11:09:49 dlsprod sshd[19272]: PAM 2 more authentication failures; logname= uid=0 euid=0 tty=ssh ruser= rhost=221.194.47.233 user=root
Aug 12 11:09:54 dlsprod sshd[19274]: pam_unix(sshd:auth): authentication failure; logname= uid=0 euid=0 tty=ssh ruser= rhost=221.194.47.233 user=root
Aug 12 11:09:55 dlsprod sshd[19274]: Failed password for root from 221.194.47.233 port 54476 ssh2
Aug 12 11:09:59 dlsprod sshd[19274]: message repeated 2 times: [ Failed password for root from 221.194.47.233 port 54476 ssh2]
Aug 12 11:09:59 dlsprod sshd[19274]: Received disconnect from 221.194.47.233 port 54476:11: [preauth]
Aug 12 11:09:59 dlsprod sshd[19274]: Disconnected from 221.194.47.233 port 54476 [preauth]
Aug 12 11:09:59 dlsprod sshd[19274]: PAM 2 more authentication failures; logname= uid=0 euid=0 tty=ssh ruser= rhost=221.194.47.233 user=root
Aug 12 11:10:03 dlsprod sshd[19276]: pam_unix(sshd:auth): authentication failure; logname= uid=0 euid=0 tty=ssh ruser= rhost=221.194.47.233 user=root
Aug 12 11:10:05 dlsprod sshd[19276]: Failed password for root from 221.194.47.233 port 35490 ssh2
Aug 12 11:10:09 dlsprod sshd[19276]: message repeated 2 times: [ Failed password for root from 221.194.47.233 port 35490 ssh2]
Aug 12 11:10:10 dlsprod sshd[19276]: Received disconnect from 221.194.47.233 port 35490:11: [preauth]
Aug 12 11:10:10 dlsprod sshd[19276]: Disconnected from 221.194.47.233 port 35490 [preauth]
Aug 12 11:10:10 dlsprod sshd[19276]: PAM 2 more authentication failures; logname= uid=0 euid=0 tty=ssh ruser= rhost=221.194.47.233 user=root
Aug 12 11:10:12 dlsprod sshd[19278]: pam_unix(sshd:auth): authentication failure; logname= uid=0 euid=0 tty=ssh ruser= rhost=221.194.47.233 user=root
Aug 12 11:10:14 dlsprod sshd[19278]: Failed password for root from 221.194.47.233 port 45667 ssh2
Aug 12 11:10:19 dlsprod sshd[19278]: message repeated 2 times: [ Failed password for root from 221.194.47.233 port 45667 ssh2]
Aug 12 11:10:20 dlsprod sshd[19278]: Received disconnect from 221.194.47.233 port 45667:11: [preauth]
Aug 12 11:10:20 dlsprod sshd[19278]: Disconnected from 221.194.47.233 port 45667 [preauth]
Aug 12 11:10:20 dlsprod sshd[19278]: PAM 2 more authentication failures; logname= uid=0 euid=0 tty=ssh ruser= rhost=221.194.47.233 user=root
Aug 12 11:10:22 dlsprod sshd[19281]: pam_unix(sshd:auth): authentication failure; logname= uid=0 euid=0 tty=ssh ruser= rhost=221.194.47.233 user=root
Aug 12 11:10:25 dlsprod sshd[19281]: Failed password for root from 221.194.47.233 port 53893 ssh2
Aug 12 11:10:30 dlsprod sshd[19281]: message repeated 2 times: [ Failed password for root from 221.194.47.233 port 53893 ssh2]
Aug 12 11:10:31 dlsprod sshd[19281]: Received disconnect from 221.194.47.233 port 53893:11: [preauth]
Aug 12 11:10:31 dlsprod sshd[19281]: Disconnected from 221.194.47.233 port 53893 [preauth]
Aug 12 11:10:31 dlsprod sshd[19281]: PAM 2 more authentication failures; logname= uid=0 euid=0 tty=ssh ruser= rhost=221.194.47.233 user=root
Aug 12 11:10:35 dlsprod sshd[19283]: pam_unix(sshd:auth): authentication failure; logname= uid=0 euid=0 tty=ssh ruser= rhost=221.194.47.233 user=root
Aug 12 11:10:37 dlsprod sshd[19283]: Failed password for root from 221.194.47.233 port 38001 ssh2
Aug 12 11:10:42 dlsprod sshd[19283]: message repeated 2 times: [ Failed password for root from 221.194.47.233 port 38001 ssh2]
Aug 12 11:10:42 dlsprod sshd[19283]: Received disconnect from 221.194.47.233 port 38001:11: [preauth]
Aug 12 11:10:42 dlsprod sshd[19283]: Disconnected from 221.194.47.233 port 38001 [preauth]
Aug 12 11:10:42 dlsprod sshd[19283]: PAM 2 more authentication failures; logname= uid=0 euid=0 tty=ssh ruser= rhost=221.194.47.233 user=root
Aug 12 11:15:01 dlsprod CRON[19290]: pam_unix(cron:session): session opened for user root by (uid=0)
Aug 12 11:15:01 dlsprod CRON[19290]: pam_unix(cron:session): session closed for user root
Aug 12 11:16:57 dlsprod sshd[19299]: pam_unix(sshd:auth): authentication failure; logname= uid=0 euid=0 tty=ssh ruser= rhost=119.249.54.217 user=root
Aug 12 11:16:59 dlsprod sshd[19299]: Failed password for root from 119.249.54.217 port 44487 ssh2
Aug 12 11:17:01 dlsprod CRON[19301]: pam_unix(cron:session): session opened for user root by (uid=0)
Aug 12 11:17:01 dlsprod CRON[19301]: pam_unix(cron:session): session closed for user root
Aug 12 11:17:07 dlsprod sshd[19299]: Received disconnect from 119.249.54.217 port 44487:11: [preauth]
Aug 12 11:17:07 dlsprod sshd[19299]: Disconnected from 119.249.54.217 port 44487 [preauth]
Aug 12 11:17:09 dlsprod sshd[19304]: pam_unix(sshd:auth): authentication failure; logname= uid=0 euid=0 tty=ssh ruser= rhost=119.249.54.217 user=root
Aug 12 11:17:11 dlsprod sshd[19304]: Failed password for root from 119.249.54.217 port 42903 ssh2
Aug 12 11:17:17 dlsprod sshd[19304]: message repeated 2 times: [ Failed password for root from 119.249.54.217 port 42903 ssh2]
Aug 12 11:17:23 dlsprod sshd[19307]: pam_unix(sshd:auth): authentication failure; logname= uid=0 euid=0 tty=ssh ruser= rhost=122.226.181.167 user=root
Aug 12 11:17:25 dlsprod sshd[19304]: Received disconnect from 119.249.54.217 port 42903:11: [preauth]
Aug 12 11:17:25 dlsprod sshd[19304]: Disconnected from 119.249.54.217 port 42903 [preauth]
Aug 12 11:17:25 dlsprod sshd[19304]: PAM 2 more authentication failures; logname= uid=0 euid=0 tty=ssh ruser= rhost=119.249.54.217 user=root
Aug 12 11:17:25 dlsprod sshd[19307]: Failed password for root from 122.226.181.167 port 47628 ssh2
Aug 12 11:17:27 dlsprod sshd[19307]: Failed password for root from 122.226.181.167 port 47628 ssh2
Aug 12 11:17:28 dlsprod sshd[19310]: pam_unix(sshd:auth): authentication failure; logname= uid=0 euid=0 tty=ssh ruser= rhost=119.249.54.217 user=root
Aug 12 11:17:30 dlsprod sshd[19307]: Failed password for root from 122.226.181.167 port 47628 ssh2
Aug 12 11:17:30 dlsprod sshd[19310]: Failed password for root from 119.249.54.217 port 52073 ssh2
Aug 12 11:17:30 dlsprod sshd[19307]: Received disconnect from 122.226.181.167 port 47628:11: [preauth]
Aug 12 11:17:30 dlsprod sshd[19307]: Disconnected from 122.226.181.167 port 47628 [preauth]
Aug 12 11:17:30 dlsprod sshd[19307]: PAM 2 more authentication failures; logname= uid=0 euid=0 tty=ssh ruser= rhost=122.226.181.167 user=root
Aug 12 11:17:32 dlsprod sshd[19312]: pam_unix(sshd:auth): authentication failure; logname= uid=0 euid=0 tty=ssh ruser= rhost=122.226.181.167 user=root
Aug 12 11:17:33 dlsprod sshd[19310]: Failed password for root from 119.249.54.217 port 52073 ssh2
Aug 12 11:17:34 dlsprod sshd[19312]: Failed password for root from 122.226.181.167 port 41164 ssh2
Aug 12 11:17:39 dlsprod sshd[19312]: message repeated 2 times: [ Failed password for root from 122.226.181.167 port 41164 ssh2]
Aug 12 11:17:39 dlsprod sshd[19312]: Received disconnect from 122.226.181.167 port 41164:11: [preauth]
Aug 12 11:17:39 dlsprod sshd[19312]: Disconnected from 122.226.181.167 port 41164 [preauth]
Aug 12 11:17:39 dlsprod sshd[19312]: PAM 2 more authentication failures; logname= uid=0 euid=0 tty=ssh ruser= rhost=122.226.181.167 user=root
Aug 12 11:17:40 dlsprod sshd[19310]: Received disconnect from 119.249.54.217 port 52073:11: [preauth]
Aug 12 11:17:40 dlsprod sshd[19310]: Disconnected from 119.249.54.217 port 52073 [preauth]
Aug 12 11:17:40 dlsprod sshd[19310]: PAM 1 more authentication failure; logname= uid=0 euid=0 tty=ssh ruser= rhost=119.249.54.217 user=root
Aug 12 11:17:44 dlsprod sshd[19317]: pam_unix(sshd:auth): authentication failure; logname= uid=0 euid=0 tty=ssh ruser= rhost=119.249.54.217 user=root
Aug 12 11:17:46 dlsprod sshd[19317]: Failed password for root from 119.249.54.217 port 49673 ssh2
Aug 12 11:17:48 dlsprod sshd[19317]: Failed password for root from 119.249.54.217 port 49673 ssh2
Aug 12 11:17:49 dlsprod sshd[19314]: pam_unix(sshd:auth): authentication failure; logname= uid=0 euid=0 tty=ssh ruser= rhost=122.226.181.166 user=root
Aug 12 11:17:51 dlsprod sshd[19314]: Failed password for root from 122.226.181.166 port 40676 ssh2
Aug 12 11:17:53 dlsprod sshd[19319]: Connection closed by 122.226.181.167 port 41216 [preauth]
Aug 12 11:17:55 dlsprod sshd[19321]: pam_unix(sshd:auth): authentication failure; logname= uid=0 euid=0 tty=ssh ruser= rhost=122.226.181.167 user=root
Aug 12 11:17:55 dlsprod sshd[19314]: Failed password for root from 122.226.181.166 port 40676 ssh2
Aug 12 11:17:56 dlsprod sshd[19317]: Received disconnect from 119.249.54.217 port 49673:11: [preauth]
Aug 12 11:17:56 dlsprod sshd[19317]: Disconnected from 119.249.54.217 port 49673 [preauth]
Aug 12 11:17:56 dlsprod sshd[19317]: PAM 1 more authentication failure; logname= uid=0 euid=0 tty=ssh ruser= rhost=119.249.54.217 user=root
Aug 12 11:17:57 dlsprod sshd[19321]: Failed password for root from 122.226.181.167 port 43144 ssh2
Aug 12 11:17:58 dlsprod sshd[19314]: Failed password for root from 122.226.181.166 port 40676 ssh2
Aug 12 11:17:59 dlsprod sshd[19321]: Failed password for root from 122.226.181.167 port 43144 ssh2
Aug 12 11:17:59 dlsprod sshd[19314]: Received disconnect from 122.226.181.166 port 40676:11: [preauth]
Aug 12 11:17:59 dlsprod sshd[19314]: Disconnected from 122.226.181.166 port 40676 [preauth]
Aug 12 11:17:59 dlsprod sshd[19314]: PAM 2 more authentication failures; logname= uid=0 euid=0 tty=ssh ruser= rhost=122.226.181.166 user=root
Aug 12 11:18:01 dlsprod sshd[19323]: pam_unix(sshd:auth): authentication failure; logname= uid=0 euid=0 tty=ssh ruser= rhost=119.249.54.217 user=root
Aug 12 11:18:01 dlsprod sshd[19321]: Failed password for root from 122.226.181.167 port 43144 ssh2
Aug 12 11:18:02 dlsprod sshd[19321]: Received disconnect from 122.226.181.167 port 43144:11: [preauth]
Aug 12 11:18:02 dlsprod sshd[19321]: Disconnected from 122.226.181.167 port 43144 [preauth]
Aug 12 11:18:02 dlsprod sshd[19321]: PAM 2 more authentication failures; logname= uid=0 euid=0 tty=ssh ruser= rhost=122.226.181.167 user=root
Aug 12 11:18:03 dlsprod sshd[19323]: Failed password for root from 119.249.54.217 port 49322 ssh2
Aug 12 11:18:03 dlsprod sshd[19339]: pam_unix(sshd:auth): authentication failure; logname= uid=0 euid=0 tty=ssh ruser= rhost=122.226.181.167 user=root
Aug 12 11:18:05 dlsprod sshd[19325]: pam_unix(sshd:auth): authentication failure; logname= uid=0 euid=0 tty=ssh ruser= rhost=122.226.181.166 user=root
Aug 12 11:18:05 dlsprod sshd[19323]: Failed password for root from 119.249.54.217 port 49322 ssh2
Aug 12 11:18:05 dlsprod sshd[19339]: Failed password for root from 122.226.181.167 port 35810 ssh2
Aug 12 11:18:07 dlsprod sshd[19325]: Failed password for root from 122.226.181.166 port 43800 ssh2
Aug 12 11:18:08 dlsprod sshd[19339]: Failed password for root from 122.226.181.167 port 35810 ssh2
Aug 12 11:18:10 dlsprod sshd[19339]: Failed password for root from 122.226.181.167 port 35810 ssh2
Aug 12 11:18:10 dlsprod sshd[19325]: Failed password for root from 122.226.181.166 port 43800 ssh2
Aug 12 11:18:11 dlsprod sshd[19339]: Received disconnect from 122.226.181.167 port 35810:11: [preauth]
Aug 12 11:18:11 dlsprod sshd[19339]: Disconnected from 122.226.181.167 port 35810 [preauth]
Aug 12 11:18:11 dlsprod sshd[19339]: PAM 2 more authentication failures; logname= uid=0 euid=0 tty=ssh ruser= rhost=122.226.181.167 user=root
Aug 12 11:18:13 dlsprod sshd[19325]: Failed password for root from 122.226.181.166 port 43800 ssh2
Aug 12 11:18:13 dlsprod sshd[19325]: Received disconnect from 122.226.181.166 port 43800:11: [preauth]
Aug 12 11:18:13 dlsprod sshd[19325]: Disconnected from 122.226.181.166 port 43800 [preauth]
Aug 12 11:18:13 dlsprod sshd[19325]: PAM 2 more authentication failures; logname= uid=0 euid=0 tty=ssh ruser= rhost=122.226.181.166 user=root
Aug 12 11:18:13 dlsprod sshd[19323]: Received disconnect from 119.249.54.217 port 49322:11: [preauth]
Aug 12 11:18:13 dlsprod sshd[19323]: Disconnected from 119.249.54.217 port 49322 [preauth]
Aug 12 11:18:13 dlsprod sshd[19323]: PAM 1 more authentication failure; logname= uid=0 euid=0 tty=ssh ruser= rhost=119.249.54.217 user=root
Aug 12 11:18:15 dlsprod sshd[19341]: pam_unix(sshd:auth): authentication failure; logname= uid=0 euid=0 tty=ssh ruser= rhost=122.226.181.167 user=root
Aug 12 11:18:16 dlsprod sshd[19341]: Failed password for root from 122.226.181.167 port 32958 ssh2
Aug 12 11:18:17 dlsprod sshd[19343]: pam_unix(sshd:auth): authentication failure; logname= uid=0 euid=0 tty=ssh ruser= rhost=119.249.54.217 user=root
Aug 12 11:18:19 dlsprod sshd[19341]: Failed password for root from 122.226.181.167 port 32958 ssh2
Aug 12 11:18:19 dlsprod sshd[19343]: Failed password for root from 119.249.54.217 port 44650 ssh2
Aug 12 11:18:21 dlsprod sshd[19341]: Failed password for root from 122.226.181.167 port 32958 ssh2
Aug 12 11:18:22 dlsprod sshd[19341]: Received disconnect from 122.226.181.167 port 32958:11: [preauth]
Aug 12 11:18:22 dlsprod sshd[19341]: Disconnected from 122.226.181.167 port 32958 [preauth]
Aug 12 11:18:22 dlsprod sshd[19341]: PAM 2 more authentication failures; logname= uid=0 euid=0 tty=ssh ruser= rhost=122.226.181.167 user=root
Aug 12 11:18:23 dlsprod sshd[19343]: Failed password for root from 119.249.54.217 port 44650 ssh2
Aug 12 11:18:23 dlsprod sshd[19345]: pam_unix(sshd:auth): authentication failure; logname= uid=0 euid=0 tty=ssh ruser= rhost=122.226.181.166 user=root
Aug 12 11:18:26 dlsprod sshd[19345]: Failed password for root from 122.226.181.166 port 39874 ssh2
Aug 12 11:18:28 dlsprod sshd[19345]: Failed password for root from 122.226.181.166 port 39874 ssh2
Aug 12 11:18:28 dlsprod sshd[19348]: pam_unix(sshd:auth): authentication failure; logname= uid=0 euid=0 tty=ssh ruser= rhost=122.226.181.167 user=root
Aug 12 11:18:30 dlsprod sshd[19348]: Failed password for root from 122.226.181.167 port 53592 ssh2
Aug 12 11:18:30 dlsprod sshd[19345]: Failed password for root from 122.226.181.166 port 39874 ssh2
Aug 12 11:18:31 dlsprod sshd[19343]: Received disconnect from 119.249.54.217 port 44650:11: [preauth]
Aug 12 11:18:31 dlsprod sshd[19343]: Disconnected from 119.249.54.217 port 44650 [preauth]
Aug 12 11:18:31 dlsprod sshd[19343]: PAM 1 more authentication failure; logname= uid=0 euid=0 tty=ssh ruser= rhost=119.249.54.217 user=root
Aug 12 11:18:31 dlsprod sshd[19345]: Received disconnect from 122.226.181.166 port 39874:11: [preauth]
Aug 12 11:18:31 dlsprod sshd[19345]: Disconnected from 122.226.181.166 port 39874 [preauth]
Aug 12 11:18:31 dlsprod sshd[19345]: PAM 2 more authentication failures; logname= uid=0 euid=0 tty=ssh ruser= rhost=122.226.181.166 user=root
Aug 12 11:18:32 dlsprod sshd[19348]: Failed password for root from 122.226.181.167 port 53592 ssh2
Aug 12 11:18:35 dlsprod sshd[19348]: Failed password for root from 122.226.181.167 port 53592 ssh2
Aug 12 11:18:35 dlsprod sshd[19348]: Received disconnect from 122.226.181.167 port 53592:11: [preauth]
Aug 12 11:18:35 dlsprod sshd[19348]: Disconnected from 122.226.181.167 port 53592 [preauth]
Aug 12 11:18:35 dlsprod sshd[19348]: PAM 2 more authentication failures; logname= uid=0 euid=0 tty=ssh ruser= rhost=122.226.181.167 user=root
Aug 12 11:18:35 dlsprod sshd[19350]: pam_unix(sshd:auth): authentication failure; logname= uid=0 euid=0 tty=ssh ruser= rhost=122.226.181.166 user=root
Aug 12 11:18:37 dlsprod sshd[19350]: Failed password for root from 122.226.181.166 port 54792 ssh2
Aug 12 11:18:38 dlsprod sshd[19354]: pam_unix(sshd:auth): authentication failure; logname= uid=0 euid=0 tty=ssh ruser= rhost=122.226.181.167 user=root
Aug 12 11:18:40 dlsprod sshd[19350]: Failed password for root from 122.226.181.166 port 54792 ssh2
Aug 12 11:18:40 dlsprod sshd[19354]: Failed password for root from 122.226.181.167 port 56518 ssh2
Aug 12 11:18:42 dlsprod sshd[19350]: Failed password for root from 122.226.181.166 port 54792 ssh2
Aug 12 11:18:43 dlsprod sshd[19350]: Received disconnect from 122.226.181.166 port 54792:11: [preauth]
Aug 12 11:18:43 dlsprod sshd[19350]: Disconnected from 122.226.181.166 port 54792 [preauth]
Aug 12 11:18:43 dlsprod sshd[19350]: PAM 2 more authentication failures; logname= uid=0 euid=0 tty=ssh ruser= rhost=122.226.181.166 user=root
Aug 12 11:18:43 dlsprod sshd[19354]: Failed password for root from 122.226.181.167 port 56518 ssh2
Aug 12 11:18:45 dlsprod sshd[19354]: Failed password for root from 122.226.181.167 port 56518 ssh2
Aug 12 11:18:46 dlsprod sshd[19354]: Received disconnect from 122.226.181.167 port 56518:11: [preauth]
Aug 12 11:18:46 dlsprod sshd[19354]: Disconnected from 122.226.181.167 port 56518 [preauth]
Aug 12 11:18:46 dlsprod sshd[19354]: PAM 2 more authentication failures; logname= uid=0 euid=0 tty=ssh ruser= rhost=122.226.181.167 user=root
Aug 12 11:18:46 dlsprod sshd[19356]: pam_unix(sshd:auth): authentication failure; logname= uid=0 euid=0 tty=ssh ruser= rhost=122.226.181.166 user=root
Aug 12 11:18:49 dlsprod sshd[19356]: Failed password for root from 122.226.181.166 port 41218 ssh2
Aug 12 11:18:52 dlsprod sshd[19352]: Received disconnect from 119.249.54.217 port 44520:11: [preauth]
Aug 12 11:18:52 dlsprod sshd[19352]: Disconnected from 119.249.54.217 port 44520 [preauth]
Aug 12 11:18:52 dlsprod sshd[19356]: Failed password for root from 122.226.181.166 port 41218 ssh2
Aug 12 11:18:55 dlsprod sshd[19356]: Failed password for root from 122.226.181.166 port 41218 ssh2
Aug 12 11:18:56 dlsprod sshd[19356]: Received disconnect from 122.226.181.166 port 41218:11: [preauth]
Aug 12 11:18:56 dlsprod sshd[19356]: Disconnected from 122.226.181.166 port 41218 [preauth]
Aug 12 11:18:56 dlsprod sshd[19356]: PAM 2 more authentication failures; logname= uid=0 euid=0 tty=ssh ruser= rhost=122.226.181.166 user=root
Aug 12 11:18:57 dlsprod sshd[19362]: pam_unix(sshd:auth): authentication failure; logname= uid=0 euid=0 tty=ssh ruser= rhost=119.249.54.217 user=root
Aug 12 11:18:57 dlsprod sshd[19358]: pam_unix(sshd:auth): authentication failure; logname= uid=0 euid=0 tty=ssh ruser= rhost=122.226.181.167 user=root
Aug 12 11:19:00 dlsprod sshd[19362]: Failed password for root from 119.249.54.217 port 33434 ssh2
Aug 12 11:19:00 dlsprod sshd[19358]: Failed password for root from 122.226.181.167 port 60084 ssh2
Aug 12 11:19:02 dlsprod sshd[19362]: Failed password for root from 119.249.54.217 port 33434 ssh2
Aug 12 11:19:02 dlsprod sshd[19358]: Failed password for root from 122.226.181.167 port 60084 ssh2
Aug 12 11:19:02 dlsprod sshd[19359]: Connection closed by 191.241.243.16 port 15028 [preauth]
Aug 12 11:19:05 dlsprod sshd[19362]: Failed password for root from 119.249.54.217 port 33434 ssh2
Aug 12 11:19:05 dlsprod sshd[19358]: Failed password for root from 122.226.181.167 port 60084 ssh2
Aug 12 11:19:07 dlsprod sshd[19364]: pam_unix(sshd:auth): authentication failure; logname= uid=0 euid=0 tty=ssh ruser= rhost=122.226.181.166 user=root
Aug 12 11:19:08 dlsprod sshd[19358]: Received disconnect from 122.226.181.167 port 60084:11: [preauth]
Aug 12 11:19:08 dlsprod sshd[19358]: Disconnected from 122.226.181.167 port 60084 [preauth]
Aug 12 11:19:08 dlsprod sshd[19358]: PAM 2 more authentication failures; logname= uid=0 euid=0 tty=ssh ruser= rhost=122.226.181.167 user=root
Aug 12 11:19:09 dlsprod sshd[19364]: Failed password for root from 122.226.181.166 port 35868 ssh2
Aug 12 11:19:10 dlsprod sshd[19366]: pam_unix(sshd:auth): authentication failure; logname= uid=0 euid=0 tty=ssh ruser= rhost=122.226.181.167 user=root
Aug 12 11:19:12 dlsprod sshd[19364]: Failed password for root from 122.226.181.166 port 35868 ssh2
Aug 12 11:19:12 dlsprod sshd[19366]: Failed password for root from 122.226.181.167 port 55124 ssh2
Aug 12 11:19:12 dlsprod sshd[19362]: Received disconnect from 119.249.54.217 port 33434:11: [preauth]
Aug 12 11:19:12 dlsprod sshd[19362]: Disconnected from 119.249.54.217 port 33434 [preauth]
Aug 12 11:19:12 dlsprod sshd[19362]: PAM 2 more authentication failures; logname= uid=0 euid=0 tty=ssh ruser= rhost=119.249.54.217 user=root
Aug 12 11:19:15 dlsprod sshd[19366]: Failed password for root from 122.226.181.167 port 55124 ssh2
Aug 12 11:19:15 dlsprod sshd[19368]: pam_unix(sshd:auth): authentication failure; logname= uid=0 euid=0 tty=ssh ruser= rhost=119.249.54.217 user=root
Aug 12 11:19:17 dlsprod sshd[19366]: Failed password for root from 122.226.181.167 port 55124 ssh2
Aug 12 11:19:17 dlsprod sshd[19368]: Failed password for root from 119.249.54.217 port 50750 ssh2
Aug 12 11:19:17 dlsprod sshd[19366]: Received disconnect from 122.226.181.167 port 55124:11: [preauth]
Aug 12 11:19:17 dlsprod sshd[19366]: Disconnected from 122.226.181.167 port 55124 [preauth]
Aug 12 11:19:17 dlsprod sshd[19366]: PAM 2 more authentication failures; logname= uid=0 euid=0 tty=ssh ruser= rhost=122.226.181.167 user=root
Aug 12 11:19:17 dlsprod sshd[19364]: Failed password for root from 122.226.181.166 port 35868 ssh2
Aug 12 11:19:18 dlsprod sshd[19364]: Received disconnect from 122.226.181.166 port 35868:11: [preauth]
Aug 12 11:19:18 dlsprod sshd[19364]: Disconnected from 122.226.181.166 port 35868 [preauth]
Aug 12 11:19:18 dlsprod sshd[19364]: PAM 2 more authentication failures; logname= uid=0 euid=0 tty=ssh ruser= rhost=122.226.181.166 user=root
