Aug 12 21:31:55 dlsprod sshd[23673]: message repeated 5 times: [ Failed password for root from 182.100.67.244 port 27634 ssh2]
Aug 12 21:31:55 dlsprod sshd[23673]: error: maximum authentication attempts exceeded for root from 182.100.67.244 port 27634 ssh2 [preauth]
Aug 12 21:31:55 dlsprod sshd[23673]: Disconnecting: Too many authentication failures [preauth]
Aug 12 21:31:55 dlsprod sshd[23673]: PAM 5 more authentication failures; logname= uid=0 euid=0 tty=ssh ruser= rhost=182.100.67.244 user=root
Aug 12 21:31:55 dlsprod sshd[23673]: PAM service(sshd) ignoring max retries; 6 > 3
Aug 12 21:32:00 dlsprod sshd[23677]: pam_unix(sshd:auth): authentication failure; logname= uid=0 euid=0 tty=ssh ruser= rhost=182.100.67.244 user=root
Aug 12 21:32:02 dlsprod sshd[23677]: Failed password for root from 182.100.67.244 port 10980 ssh2
Aug 12 21:32:16 dlsprod sshd[23677]: message repeated 5 times: [ Failed password for root from 182.100.67.244 port 10980 ssh2]
Aug 12 21:32:16 dlsprod sshd[23677]: error: maximum authentication attempts exceeded for root from 182.100.67.244 port 10980 ssh2 [preauth]
Aug 12 21:32:16 dlsprod sshd[23677]: Disconnecting: Too many authentication failures [preauth]
Aug 12 21:32:16 dlsprod sshd[23677]: PAM 5 more authentication failures; logname= uid=0 euid=0 tty=ssh ruser= rhost=182.100.67.244 user=root
Aug 12 21:32:16 dlsprod sshd[23677]: PAM service(sshd) ignoring max retries; 6 > 3
Aug 12 21:32:20 dlsprod sshd[23680]: pam_unix(sshd:auth): authentication failure; logname= uid=0 euid=0 tty=ssh ruser= rhost=182.100.67.244 user=root
Aug 12 21:32:22 dlsprod sshd[23680]: Failed password for root from 182.100.67.244 port 2984 ssh2
Aug 12 21:32:36 dlsprod sshd[23680]: message repeated 5 times: [ Failed password for root from 182.100.67.244 port 2984 ssh2]
Aug 12 21:32:36 dlsprod sshd[23680]: error: maximum authentication attempts exceeded for root from 182.100.67.244 port 2984 ssh2 [preauth]
Aug 12 21:32:36 dlsprod sshd[23680]: Disconnecting: Too many authentication failures [preauth]
Aug 12 21:32:36 dlsprod sshd[23680]: PAM 5 more authentication failures; logname= uid=0 euid=0 tty=ssh ruser= rhost=182.100.67.244 user=root
Aug 12 21:32:36 dlsprod sshd[23680]: PAM service(sshd) ignoring max retries; 6 > 3
Aug 12 21:32:40 dlsprod sshd[23682]: pam_unix(sshd:auth): authentication failure; logname= uid=0 euid=0 tty=ssh ruser= rhost=182.100.67.244 user=root
Aug 12 21:32:42 dlsprod sshd[23682]: Failed password for root from 182.100.67.244 port 54084 ssh2
Aug 12 21:32:57 dlsprod sshd[23682]: message repeated 5 times: [ Failed password for root from 182.100.67.244 port 54084 ssh2]
Aug 12 21:32:57 dlsprod sshd[23682]: error: maximum authentication attempts exceeded for root from 182.100.67.244 port 54084 ssh2 [preauth]
Aug 12 21:32:57 dlsprod sshd[23682]: Disconnecting: Too many authentication failures [preauth]
Aug 12 21:32:57 dlsprod sshd[23682]: PAM 5 more authentication failures; logname= uid=0 euid=0 tty=ssh ruser= rhost=182.100.67.244 user=root
Aug 12 21:32:57 dlsprod sshd[23682]: PAM service(sshd) ignoring max retries; 6 > 3
Aug 12 21:33:00 dlsprod sshd[23685]: pam_unix(sshd:auth): authentication failure; logname= uid=0 euid=0 tty=ssh ruser= rhost=182.100.67.244 user=root
Aug 12 21:33:01 dlsprod CRON[23688]: pam_unix(cron:session): session opened for user crufo by (uid=0)
Aug 12 21:33:02 dlsprod smbd: pam_unix(samba:session): session opened for user crufo by (uid=0)
Aug 12 21:33:02 dlsprod sshd[23685]: Failed password for root from 182.100.67.244 port 40998 ssh2
Aug 12 21:33:05 dlsprod sshd[23685]: Failed password for root from 182.100.67.244 port 40998 ssh2
Aug 12 21:33:08 dlsprod CRON[23688]: pam_unix(cron:session): session closed for user crufo
Aug 12 21:33:08 dlsprod sshd[23685]: Failed password for root from 182.100.67.244 port 40998 ssh2
Aug 12 21:33:16 dlsprod sshd[23685]: message repeated 3 times: [ Failed password for root from 182.100.67.244 port 40998 ssh2]
Aug 12 21:33:16 dlsprod sshd[23685]: error: maximum authentication attempts exceeded for root from 182.100.67.244 port 40998 ssh2 [preauth]
Aug 12 21:33:16 dlsprod sshd[23685]: Disconnecting: Too many authentication failures [preauth]
Aug 12 21:33:16 dlsprod sshd[23685]: PAM 5 more authentication failures; logname= uid=0 euid=0 tty=ssh ruser= rhost=182.100.67.244 user=root
Aug 12 21:33:16 dlsprod sshd[23685]: PAM service(sshd) ignoring max retries; 6 > 3
Aug 12 21:33:20 dlsprod sshd[23694]: pam_unix(sshd:auth): authentication failure; logname= uid=0 euid=0 tty=ssh ruser= rhost=182.100.67.244 user=root
Aug 12 21:33:21 dlsprod sshd[23694]: Failed password for root from 182.100.67.244 port 24728 ssh2
Aug 12 21:33:35 dlsprod sshd[23694]: message repeated 5 times: [ Failed password for root from 182.100.67.244 port 24728 ssh2]
Aug 12 21:33:35 dlsprod sshd[23694]: error: maximum authentication attempts exceeded for root from 182.100.67.244 port 24728 ssh2 [preauth]
Aug 12 21:33:35 dlsprod sshd[23694]: Disconnecting: Too many authentication failures [preauth]
Aug 12 21:33:35 dlsprod sshd[23694]: PAM 5 more authentication failures; logname= uid=0 euid=0 tty=ssh ruser= rhost=182.100.67.244 user=root
Aug 12 21:33:35 dlsprod sshd[23694]: PAM service(sshd) ignoring max retries; 6 > 3
Aug 12 21:33:39 dlsprod sshd[23696]: pam_unix(sshd:auth): authentication failure; logname= uid=0 euid=0 tty=ssh ruser= rhost=182.100.67.244 user=root
Aug 12 21:33:41 dlsprod sshd[23696]: Failed password for root from 182.100.67.244 port 7248 ssh2
Aug 12 21:33:53 dlsprod sshd[23696]: message repeated 5 times: [ Failed password for root from 182.100.67.244 port 7248 ssh2]
Aug 12 21:33:53 dlsprod sshd[23696]: error: maximum authentication attempts exceeded for root from 182.100.67.244 port 7248 ssh2 [preauth]
Aug 12 21:33:53 dlsprod sshd[23696]: Disconnecting: Too many authentication failures [preauth]
Aug 12 21:33:53 dlsprod sshd[23696]: PAM 5 more authentication failures; logname= uid=0 euid=0 tty=ssh ruser= rhost=182.100.67.244 user=root
Aug 12 21:33:53 dlsprod sshd[23696]: PAM service(sshd) ignoring max retries; 6 > 3
Aug 12 21:33:58 dlsprod sshd[23700]: pam_unix(sshd:auth): authentication failure; logname= uid=0 euid=0 tty=ssh ruser= rhost=182.100.67.244 user=root
Aug 12 21:34:00 dlsprod sshd[23700]: Failed password for root from 182.100.67.244 port 61758 ssh2
Aug 12 21:34:14 dlsprod sshd[23700]: message repeated 5 times: [ Failed password for root from 182.100.67.244 port 61758 ssh2]
Aug 12 21:34:14 dlsprod sshd[23700]: error: maximum authentication attempts exceeded for root from 182.100.67.244 port 61758 ssh2 [preauth]
Aug 12 21:34:14 dlsprod sshd[23700]: Disconnecting: Too many authentication failures [preauth]
Aug 12 21:34:14 dlsprod sshd[23700]: PAM 5 more authentication failures; logname= uid=0 euid=0 tty=ssh ruser= rhost=182.100.67.244 user=root
Aug 12 21:34:14 dlsprod sshd[23700]: PAM service(sshd) ignoring max retries; 6 > 3
Aug 12 21:34:16 dlsprod sshd[23702]: pam_unix(sshd:auth): authentication failure; logname= uid=0 euid=0 tty=ssh ruser= rhost=122.226.181.166 user=root
Aug 12 21:34:18 dlsprod sshd[23702]: Failed password for root from 122.226.181.166 port 45414 ssh2
Aug 12 21:34:18 dlsprod sshd[23704]: pam_unix(sshd:auth): authentication failure; logname= uid=0 euid=0 tty=ssh ruser= rhost=182.100.67.244 user=root
Aug 12 21:34:20 dlsprod sshd[23702]: Failed password for root from 122.226.181.166 port 45414 ssh2
Aug 12 21:34:20 dlsprod sshd[23704]: Failed password for root from 182.100.67.244 port 47702 ssh2
Aug 12 21:34:22 dlsprod sshd[23702]: Failed password for root from 122.226.181.166 port 45414 ssh2
Aug 12 21:34:22 dlsprod sshd[23704]: Failed password for root from 182.100.67.244 port 47702 ssh2
Aug 12 21:34:23 dlsprod sshd[23702]: Received disconnect from 122.226.181.166 port 45414:11: [preauth]
Aug 12 21:34:23 dlsprod sshd[23702]: Disconnected from 122.226.181.166 port 45414 [preauth]
Aug 12 21:34:23 dlsprod sshd[23702]: PAM 2 more authentication failures; logname= uid=0 euid=0 tty=ssh ruser= rhost=122.226.181.166 user=root
Aug 12 21:34:26 dlsprod sshd[23704]: Failed password for root from 182.100.67.244 port 47702 ssh2
Aug 12 21:34:26 dlsprod sshd[23706]: pam_unix(sshd:auth): authentication failure; logname= uid=0 euid=0 tty=ssh ruser= rhost=122.226.181.166 user=root
Aug 12 21:34:28 dlsprod sshd[23706]: Failed password for root from 122.226.181.166 port 33412 ssh2
Aug 12 21:34:29 dlsprod sshd[23704]: Failed password for root from 182.100.67.244 port 47702 ssh2
Aug 12 21:34:31 dlsprod sshd[23706]: Failed password for root from 122.226.181.166 port 33412 ssh2
Aug 12 21:34:32 dlsprod sshd[23704]: Failed password for root from 182.100.67.244 port 47702 ssh2
Aug 12 21:34:33 dlsprod sshd[23706]: Failed password for root from 122.226.181.166 port 33412 ssh2
Aug 12 21:34:33 dlsprod sshd[23706]: Received disconnect from 122.226.181.166 port 33412:11: [preauth]
Aug 12 21:34:33 dlsprod sshd[23706]: Disconnected from 122.226.181.166 port 33412 [preauth]
Aug 12 21:34:33 dlsprod sshd[23706]: PAM 2 more authentication failures; logname= uid=0 euid=0 tty=ssh ruser= rhost=122.226.181.166 user=root
Aug 12 21:34:34 dlsprod sshd[23704]: Failed password for root from 182.100.67.244 port 47702 ssh2
Aug 12 21:34:34 dlsprod sshd[23704]: error: maximum authentication attempts exceeded for root from 182.100.67.244 port 47702 ssh2 [preauth]
Aug 12 21:34:34 dlsprod sshd[23704]: Disconnecting: Too many authentication failures [preauth]
Aug 12 21:34:34 dlsprod sshd[23704]: PAM 5 more authentication failures; logname= uid=0 euid=0 tty=ssh ruser= rhost=182.100.67.244 user=root
Aug 12 21:34:34 dlsprod sshd[23704]: PAM service(sshd) ignoring max retries; 6 > 3
Aug 12 21:34:38 dlsprod sshd[23710]: pam_unix(sshd:auth): authentication failure; logname= uid=0 euid=0 tty=ssh ruser= rhost=182.100.67.244 user=root
Aug 12 21:34:38 dlsprod sshd[23708]: pam_unix(sshd:auth): authentication failure; logname= uid=0 euid=0 tty=ssh ruser= rhost=122.226.181.166 user=root
Aug 12 21:34:40 dlsprod sshd[23710]: Failed password for root from 182.100.67.244 port 33496 ssh2
Aug 12 21:34:41 dlsprod sshd[23708]: Failed password for root from 122.226.181.166 port 46860 ssh2
Aug 12 21:34:43 dlsprod sshd[23710]: Failed password for root from 182.100.67.244 port 33496 ssh2
Aug 12 21:34:43 dlsprod sshd[23708]: Failed password for root from 122.226.181.166 port 46860 ssh2
Aug 12 21:34:46 dlsprod sshd[23708]: Failed password for root from 122.226.181.166 port 46860 ssh2
Aug 12 21:34:46 dlsprod sshd[23710]: Failed password for root from 182.100.67.244 port 33496 ssh2
Aug 12 21:34:46 dlsprod sshd[23708]: Received disconnect from 122.226.181.166 port 46860:11: [preauth]
Aug 12 21:34:46 dlsprod sshd[23708]: Disconnected from 122.226.181.166 port 46860 [preauth]
Aug 12 21:34:46 dlsprod sshd[23708]: PAM 2 more authentication failures; logname= uid=0 euid=0 tty=ssh ruser= rhost=122.226.181.166 user=root
Aug 12 21:34:49 dlsprod sshd[23710]: Failed password for root from 182.100.67.244 port 33496 ssh2
Aug 12 21:34:50 dlsprod sshd[23712]: pam_unix(sshd:auth): authentication failure; logname= uid=0 euid=0 tty=ssh ruser= rhost=122.226.181.166 user=root
Aug 12 21:34:52 dlsprod sshd[23710]: Failed password for root from 182.100.67.244 port 33496 ssh2
Aug 12 21:34:52 dlsprod sshd[23712]: Failed password for root from 122.226.181.166 port 44148 ssh2
Aug 12 21:34:55 dlsprod sshd[23710]: Failed password for root from 182.100.67.244 port 33496 ssh2
Aug 12 21:34:55 dlsprod sshd[23710]: error: maximum authentication attempts exceeded for root from 182.100.67.244 port 33496 ssh2 [preauth]
Aug 12 21:34:55 dlsprod sshd[23710]: Disconnecting: Too many authentication failures [preauth]
Aug 12 21:34:55 dlsprod sshd[23710]: PAM 5 more authentication failures; logname= uid=0 euid=0 tty=ssh ruser= rhost=182.100.67.244 user=root
Aug 12 21:34:55 dlsprod sshd[23710]: PAM service(sshd) ignoring max retries; 6 > 3
Aug 12 21:34:55 dlsprod sshd[23712]: Failed password for root from 122.226.181.166 port 44148 ssh2
Aug 12 21:34:57 dlsprod sshd[23712]: Failed password for root from 122.226.181.166 port 44148 ssh2
Aug 12 21:34:57 dlsprod sshd[23712]: Received disconnect from 122.226.181.166 port 44148:11: [preauth]
Aug 12 21:34:57 dlsprod sshd[23712]: Disconnected from 122.226.181.166 port 44148 [preauth]
Aug 12 21:34:57 dlsprod sshd[23712]: PAM 2 more authentication failures; logname= uid=0 euid=0 tty=ssh ruser= rhost=122.226.181.166 user=root
Aug 12 21:35:00 dlsprod sshd[23715]: pam_unix(sshd:auth): authentication failure; logname= uid=0 euid=0 tty=ssh ruser= rhost=182.100.67.244 user=root
Aug 12 21:35:00 dlsprod sshd[23717]: pam_unix(sshd:auth): authentication failure; logname= uid=0 euid=0 tty=ssh ruser= rhost=122.226.181.166 user=root
Aug 12 21:35:01 dlsprod CRON[23719]: pam_unix(cron:session): session opened for user root by (uid=0)
Aug 12 21:35:01 dlsprod CRON[23719]: pam_unix(cron:session): session closed for user root
Aug 12 21:35:02 dlsprod sshd[23715]: Failed password for root from 182.100.67.244 port 18596 ssh2
Aug 12 21:35:02 dlsprod sshd[23717]: Failed password for root from 122.226.181.166 port 59486 ssh2
Aug 12 21:35:04 dlsprod sshd[23715]: Failed password for root from 182.100.67.244 port 18596 ssh2
Aug 12 21:35:05 dlsprod sshd[23717]: Failed password for root from 122.226.181.166 port 59486 ssh2
Aug 12 21:35:08 dlsprod sshd[23715]: Failed password for root from 182.100.67.244 port 18596 ssh2
Aug 12 21:35:08 dlsprod sshd[23717]: Failed password for root from 122.226.181.166 port 59486 ssh2
Aug 12 21:35:08 dlsprod sshd[23717]: Received disconnect from 122.226.181.166 port 59486:11: [preauth]
Aug 12 21:35:08 dlsprod sshd[23717]: Disconnected from 122.226.181.166 port 59486 [preauth]
Aug 12 21:35:08 dlsprod sshd[23717]: PAM 2 more authentication failures; logname= uid=0 euid=0 tty=ssh ruser= rhost=122.226.181.166 user=root
Aug 12 21:35:11 dlsprod sshd[23715]: Failed password for root from 182.100.67.244 port 18596 ssh2
Aug 12 21:35:12 dlsprod sshd[23722]: pam_unix(sshd:auth): authentication failure; logname= uid=0 euid=0 tty=ssh ruser= rhost=122.226.181.166 user=root
Aug 12 21:35:14 dlsprod sshd[23715]: Failed password for root from 182.100.67.244 port 18596 ssh2
Aug 12 21:35:14 dlsprod sshd[23722]: Failed password for root from 122.226.181.166 port 42628 ssh2
Aug 12 21:35:16 dlsprod sshd[23715]: Failed password for root from 182.100.67.244 port 18596 ssh2
Aug 12 21:35:16 dlsprod sshd[23715]: error: maximum authentication attempts exceeded for root from 182.100.67.244 port 18596 ssh2 [preauth]
Aug 12 21:35:16 dlsprod sshd[23715]: Disconnecting: Too many authentication failures [preauth]
Aug 12 21:35:16 dlsprod sshd[23715]: PAM 5 more authentication failures; logname= uid=0 euid=0 tty=ssh ruser= rhost=182.100.67.244 user=root
Aug 12 21:35:16 dlsprod sshd[23715]: PAM service(sshd) ignoring max retries; 6 > 3
Aug 12 21:35:17 dlsprod sshd[23722]: Failed password for root from 122.226.181.166 port 42628 ssh2
Aug 12 21:35:20 dlsprod sshd[23722]: Failed password for root from 122.226.181.166 port 42628 ssh2
Aug 12 21:35:20 dlsprod sshd[23722]: Received disconnect from 122.226.181.166 port 42628:11: [preauth]
Aug 12 21:35:20 dlsprod sshd[23722]: Disconnected from 122.226.181.166 port 42628 [preauth]
Aug 12 21:35:20 dlsprod sshd[23722]: PAM 2 more authentication failures; logname= uid=0 euid=0 tty=ssh ruser= rhost=122.226.181.166 user=root
Aug 12 21:35:22 dlsprod sshd[23724]: pam_unix(sshd:auth): authentication failure; logname= uid=0 euid=0 tty=ssh ruser= rhost=182.100.67.244 user=root
Aug 12 21:35:23 dlsprod sshd[23726]: pam_unix(sshd:auth): authentication failure; logname= uid=0 euid=0 tty=ssh ruser= rhost=122.226.181.166 user=root
Aug 12 21:35:25 dlsprod sshd[23724]: Failed password for root from 182.100.67.244 port 8380 ssh2
Aug 12 21:35:26 dlsprod sshd[23726]: Failed password for root from 122.226.181.166 port 35560 ssh2
Aug 12 21:35:27 dlsprod sshd[23724]: Failed password for root from 182.100.67.244 port 8380 ssh2
Aug 12 21:35:29 dlsprod sshd[23726]: Failed password for root from 122.226.181.166 port 35560 ssh2
Aug 12 21:35:30 dlsprod sshd[23724]: Failed password for root from 182.100.67.244 port 8380 ssh2
Aug 12 21:35:32 dlsprod sshd[23726]: Failed password for root from 122.226.181.166 port 35560 ssh2
Aug 12 21:35:32 dlsprod sshd[23726]: Received disconnect from 122.226.181.166 port 35560:11: [preauth]
Aug 12 21:35:32 dlsprod sshd[23726]: Disconnected from 122.226.181.166 port 35560 [preauth]
Aug 12 21:35:32 dlsprod sshd[23726]: PAM 2 more authentication failures; logname= uid=0 euid=0 tty=ssh ruser= rhost=122.226.181.166 user=root
Aug 12 21:35:33 dlsprod sshd[23724]: Failed password for root from 182.100.67.244 port 8380 ssh2
Aug 12 21:35:39 dlsprod sshd[23724]: message repeated 2 times: [ Failed password for root from 182.100.67.244 port 8380 ssh2]
Aug 12 21:35:39 dlsprod sshd[23724]: error: maximum authentication attempts exceeded for root from 182.100.67.244 port 8380 ssh2 [preauth]
Aug 12 21:35:39 dlsprod sshd[23724]: Disconnecting: Too many authentication failures [preauth]
Aug 12 21:35:39 dlsprod sshd[23724]: PAM 5 more authentication failures; logname= uid=0 euid=0 tty=ssh ruser= rhost=182.100.67.244 user=root
Aug 12 21:35:39 dlsprod sshd[23724]: PAM service(sshd) ignoring max retries; 6 > 3
Aug 12 21:35:39 dlsprod sshd[23728]: pam_unix(sshd:auth): authentication failure; logname= uid=0 euid=0 tty=ssh ruser= rhost=122.226.181.166 user=root
Aug 12 21:35:42 dlsprod sshd[23728]: Failed password for root from 122.226.181.166 port 58870 ssh2
Aug 12 21:35:43 dlsprod sshd[23730]: pam_unix(sshd:auth): authentication failure; logname= uid=0 euid=0 tty=ssh ruser= rhost=182.100.67.244 user=root
Aug 12 21:35:44 dlsprod sshd[23728]: Failed password for root from 122.226.181.166 port 58870 ssh2
Aug 12 21:35:45 dlsprod sshd[23730]: Failed password for root from 182.100.67.244 port 65524 ssh2
Aug 12 21:35:46 dlsprod sshd[23728]: Failed password for root from 122.226.181.166 port 58870 ssh2
Aug 12 21:35:47 dlsprod sshd[23728]: Received disconnect from 122.226.181.166 port 58870:11: [preauth]
Aug 12 21:35:47 dlsprod sshd[23728]: Disconnected from 122.226.181.166 port 58870 [preauth]
Aug 12 21:35:47 dlsprod sshd[23728]: PAM 2 more authentication failures; logname= uid=0 euid=0 tty=ssh ruser= rhost=122.226.181.166 user=root
Aug 12 21:35:48 dlsprod sshd[23730]: Failed password for root from 182.100.67.244 port 65524 ssh2
Aug 12 21:35:51 dlsprod sshd[23730]: Failed password for root from 182.100.67.244 port 65524 ssh2
Aug 12 21:35:54 dlsprod sshd[23732]: pam_unix(sshd:auth): authentication failure; logname= uid=0 euid=0 tty=ssh ruser= rhost=122.226.181.166 user=root
Aug 12 21:35:54 dlsprod sshd[23730]: Failed password for root from 182.100.67.244 port 65524 ssh2
Aug 12 21:35:56 dlsprod sshd[23732]: Failed password for root from 122.226.181.166 port 48302 ssh2
Aug 12 21:35:57 dlsprod sshd[23730]: Failed password for root from 182.100.67.244 port 65524 ssh2
Aug 12 21:35:58 dlsprod sshd[23732]: Failed password for root from 122.226.181.166 port 48302 ssh2
Aug 12 21:36:00 dlsprod sshd[23730]: Failed password for root from 182.100.67.244 port 65524 ssh2
Aug 12 21:36:00 dlsprod sshd[23730]: error: maximum authentication attempts exceeded for root from 182.100.67.244 port 65524 ssh2 [preauth]
Aug 12 21:36:00 dlsprod sshd[23730]: Disconnecting: Too many authentication failures [preauth]
Aug 12 21:36:00 dlsprod sshd[23730]: PAM 5 more authentication failures; logname= uid=0 euid=0 tty=ssh ruser= rhost=182.100.67.244 user=root
Aug 12 21:36:00 dlsprod sshd[23730]: PAM service(sshd) ignoring max retries; 6 > 3
Aug 12 21:36:00 dlsprod sshd[23732]: Failed password for root from 122.226.181.166 port 48302 ssh2
Aug 12 21:36:01 dlsprod sshd[23732]: Received disconnect from 122.226.181.166 port 48302:11: [preauth]
Aug 12 21:36:01 dlsprod sshd[23732]: Disconnected from 122.226.181.166 port 48302 [preauth]
Aug 12 21:36:01 dlsprod sshd[23732]: PAM 2 more authentication failures; logname= uid=0 euid=0 tty=ssh ruser= rhost=122.226.181.166 user=root
Aug 12 21:36:06 dlsprod sshd[23735]: pam_unix(sshd:auth): authentication failure; logname= uid=0 euid=0 tty=ssh ruser= rhost=122.226.181.166 user=root
Aug 12 21:36:07 dlsprod sshd[23737]: pam_unix(sshd:auth): authentication failure; logname= uid=0 euid=0 tty=ssh ruser= rhost=182.100.67.244 user=root
Aug 12 21:36:08 dlsprod sshd[23735]: Failed password for root from 122.226.181.166 port 32962 ssh2
Aug 12 21:36:09 dlsprod sshd[23737]: Failed password for root from 182.100.67.244 port 54486 ssh2
Aug 12 21:36:10 dlsprod sshd[23735]: Failed password for root from 122.226.181.166 port 32962 ssh2
Aug 12 21:36:12 dlsprod sshd[23735]: Failed password for root from 122.226.181.166 port 32962 ssh2
Aug 12 21:36:13 dlsprod sshd[23735]: Received disconnect from 122.226.181.166 port 32962:11: [preauth]
Aug 12 21:36:13 dlsprod sshd[23735]: Disconnected from 122.226.181.166 port 32962 [preauth]
Aug 12 21:36:13 dlsprod sshd[23735]: PAM 2 more authentication failures; logname= uid=0 euid=0 tty=ssh ruser= rhost=122.226.181.166 user=root
Aug 12 21:36:14 dlsprod sshd[23737]: Failed password for root from 182.100.67.244 port 54486 ssh2
Aug 12 21:36:26 dlsprod sshd[23737]: message repeated 4 times: [ Failed password for root from 182.100.67.244 port 54486 ssh2]
Aug 12 21:36:26 dlsprod sshd[23737]: error: maximum authentication attempts exceeded for root from 182.100.67.244 port 54486 ssh2 [preauth]
Aug 12 21:36:26 dlsprod sshd[23737]: Disconnecting: Too many authentication failures [preauth]
Aug 12 21:36:26 dlsprod sshd[23737]: PAM 5 more authentication failures; logname= uid=0 euid=0 tty=ssh ruser= rhost=182.100.67.244 user=root
Aug 12 21:36:26 dlsprod sshd[23737]: PAM service(sshd) ignoring max retries; 6 > 3
Aug 12 21:36:27 dlsprod sshd[23739]: pam_unix(sshd:auth): authentication failure; logname= uid=0 euid=0 tty=ssh ruser= rhost=122.226.181.166 user=root
Aug 12 21:36:29 dlsprod sshd[23741]: Invalid user labor from 41.169.24.101
Aug 12 21:36:29 dlsprod sshd[23741]: input_userauth_request: invalid user labor [preauth]
Aug 12 21:36:29 dlsprod sshd[23741]: pam_unix(sshd:auth): check pass; user unknown
Aug 12 21:36:29 dlsprod sshd[23741]: pam_unix(sshd:auth): authentication failure; logname= uid=0 euid=0 tty=ssh ruser= rhost=41.169.24.101
Aug 12 21:36:30 dlsprod sshd[23739]: Failed password for root from 122.226.181.166 port 59200 ssh2
Aug 12 21:36:31 dlsprod sshd[23741]: Failed password for invalid user labor from 41.169.24.101 port 37864 ssh2
Aug 12 21:36:31 dlsprod sshd[23743]: pam_unix(sshd:auth): authentication failure; logname= uid=0 euid=0 tty=ssh ruser= rhost=182.100.67.244 user=root
Aug 12 21:36:31 dlsprod sshd[23741]: Connection closed by 41.169.24.101 port 37864 [preauth]
Aug 12 21:36:32 dlsprod sshd[23739]: Failed password for root from 122.226.181.166 port 59200 ssh2
Aug 12 21:36:33 dlsprod sshd[23743]: Failed password for root from 182.100.67.244 port 51522 ssh2
Aug 12 21:36:34 dlsprod sshd[23739]: Failed password for root from 122.226.181.166 port 59200 ssh2
Aug 12 21:36:35 dlsprod sshd[23739]: Received disconnect from 122.226.181.166 port 59200:11: [preauth]
Aug 12 21:36:35 dlsprod sshd[23739]: Disconnected from 122.226.181.166 port 59200 [preauth]
Aug 12 21:36:35 dlsprod sshd[23739]: PAM 2 more authentication failures; logname= uid=0 euid=0 tty=ssh ruser= rhost=122.226.181.166 user=root
Aug 12 21:36:36 dlsprod sshd[23743]: Failed password for root from 182.100.67.244 port 51522 ssh2
Aug 12 21:36:45 dlsprod sshd[23743]: message repeated 3 times: [ Failed password for root from 182.100.67.244 port 51522 ssh2]
Aug 12 21:36:46 dlsprod sshd[23745]: pam_unix(sshd:auth): authentication failure; logname= uid=0 euid=0 tty=ssh ruser= rhost=122.226.181.166 user=root
Aug 12 21:36:48 dlsprod sshd[23745]: Failed password for root from 122.226.181.166 port 48412 ssh2
Aug 12 21:36:48 dlsprod sshd[23743]: Failed password for root from 182.100.67.244 port 51522 ssh2
Aug 12 21:36:48 dlsprod sshd[23743]: error: maximum authentication attempts exceeded for root from 182.100.67.244 port 51522 ssh2 [preauth]
Aug 12 21:36:48 dlsprod sshd[23743]: Disconnecting: Too many authentication failures [preauth]
Aug 12 21:36:48 dlsprod sshd[23743]: PAM 5 more authentication failures; logname= uid=0 euid=0 tty=ssh ruser= rhost=182.100.67.244 user=root
Aug 12 21:36:48 dlsprod sshd[23743]: PAM service(sshd) ignoring max retries; 6 > 3
Aug 12 21:36:50 dlsprod sshd[23745]: Failed password for root from 122.226.181.166 port 48412 ssh2
Aug 12 21:36:52 dlsprod sshd[23748]: pam_unix(sshd:auth): authentication failure; logname= uid=0 euid=0 tty=ssh ruser= rhost=182.100.67.244 user=root
Aug 12 21:36:53 dlsprod sshd[23745]: Failed password for root from 122.226.181.166 port 48412 ssh2
Aug 12 21:36:53 dlsprod sshd[23745]: Received disconnect from 122.226.181.166 port 48412:11: [preauth]
Aug 12 21:36:53 dlsprod sshd[23745]: Disconnected from 122.226.181.166 port 48412 [preauth]
Aug 12 21:36:53 dlsprod sshd[23745]: PAM 2 more authentication failures; logname= uid=0 euid=0 tty=ssh ruser= rhost=122.226.181.166 user=root
Aug 12 21:36:55 dlsprod sshd[23748]: Failed password for root from 182.100.67.244 port 41152 ssh2
Aug 12 21:36:57 dlsprod sshd[23748]: Failed password for root from 182.100.67.244 port 41152 ssh2
Aug 12 21:36:59 dlsprod sshd[23750]: pam_unix(sshd:auth): authentication failure; logname= uid=0 euid=0 tty=ssh ruser= rhost=122.226.181.166 user=root
Aug 12 21:37:00 dlsprod sshd[23748]: Failed password for root from 182.100.67.244 port 41152 ssh2
Aug 12 21:37:01 dlsprod sshd[23750]: Failed password for root from 122.226.181.166 port 58130 ssh2
Aug 12 21:37:03 dlsprod sshd[23748]: Failed password for root from 182.100.67.244 port 41152 ssh2
Aug 12 21:37:04 dlsprod sshd[23750]: Failed password for root from 122.226.181.166 port 58130 ssh2
Aug 12 21:37:06 dlsprod sshd[23748]: Failed password for root from 182.100.67.244 port 41152 ssh2
Aug 12 21:37:07 dlsprod sshd[23750]: Failed password for root from 122.226.181.166 port 58130 ssh2
Aug 12 21:37:07 dlsprod sshd[23750]: Received disconnect from 122.226.181.166 port 58130:11: [preauth]
Aug 12 21:37:07 dlsprod sshd[23750]: Disconnected from 122.226.181.166 port 58130 [preauth]
Aug 12 21:37:07 dlsprod sshd[23750]: PAM 2 more authentication failures; logname= uid=0 euid=0 tty=ssh ruser= rhost=122.226.181.166 user=root
Aug 12 21:37:09 dlsprod sshd[23748]: Failed password for root from 182.100.67.244 port 41152 ssh2
Aug 12 21:37:09 dlsprod sshd[23748]: error: maximum authentication attempts exceeded for root from 182.100.67.244 port 41152 ssh2 [preauth]
Aug 12 21:37:09 dlsprod sshd[23748]: Disconnecting: Too many authentication failures [preauth]
Aug 12 21:37:09 dlsprod sshd[23748]: PAM 5 more authentication failures; logname= uid=0 euid=0 tty=ssh ruser= rhost=182.100.67.244 user=root
Aug 12 21:37:09 dlsprod sshd[23748]: PAM service(sshd) ignoring max retries; 6 > 3
Aug 12 21:37:10 dlsprod sshd[23752]: pam_unix(sshd:auth): authentication failure; logname= uid=0 euid=0 tty=ssh ruser= rhost=122.226.181.166 user=root
Aug 12 21:37:12 dlsprod sshd[23752]: Failed password for root from 122.226.181.166 port 33158 ssh2
Aug 12 21:37:14 dlsprod sshd[23754]: pam_unix(sshd:auth): authentication failure; logname= uid=0 euid=0 tty=ssh ruser= rhost=182.100.67.244 user=root
Aug 12 21:37:15 dlsprod sshd[23752]: Failed password for root from 122.226.181.166 port 33158 ssh2
Aug 12 21:37:16 dlsprod sshd[23754]: Failed password for root from 182.100.67.244 port 26912 ssh2
Aug 12 21:37:18 dlsprod sshd[23752]: Failed password for root from 122.226.181.166 port 33158 ssh2
Aug 12 21:37:18 dlsprod sshd[23752]: Received disconnect from 122.226.181.166 port 33158:11: [preauth]
Aug 12 21:37:18 dlsprod sshd[23752]: Disconnected from 122.226.181.166 port 33158 [preauth]
Aug 12 21:37:18 dlsprod sshd[23752]: PAM 2 more authentication failures; logname= uid=0 euid=0 tty=ssh ruser= rhost=122.226.181.166 user=root
Aug 12 21:37:19 dlsprod sshd[23754]: Failed password for root from 182.100.67.244 port 26912 ssh2
Aug 12 21:37:22 dlsprod sshd[23754]: Failed password for root from 182.100.67.244 port 26912 ssh2
Aug 12 21:37:22 dlsprod sshd[23756]: pam_unix(sshd:auth): authentication failure; logname= uid=0 euid=0 tty=ssh ruser= rhost=122.226.181.166 user=root
Aug 12 21:37:25 dlsprod sshd[23756]: Failed password for root from 122.226.181.166 port 44136 ssh2
Aug 12 21:37:25 dlsprod sshd[23754]: Failed password for root from 182.100.67.244 port 26912 ssh2
Aug 12 21:37:28 dlsprod sshd[23756]: Failed password for root from 122.226.181.166 port 44136 ssh2
Aug 12 21:37:29 dlsprod sshd[23754]: Failed password for root from 182.100.67.244 port 26912 ssh2
Aug 12 21:37:30 dlsprod sshd[23756]: Failed password for root from 122.226.181.166 port 44136 ssh2
Aug 12 21:37:31 dlsprod sshd[23756]: Received disconnect from 122.226.181.166 port 44136:11: [preauth]
Aug 12 21:37:31 dlsprod sshd[23756]: Disconnected from 122.226.181.166 port 44136 [preauth]
Aug 12 21:37:31 dlsprod sshd[23756]: PAM 2 more authentication failures; logname= uid=0 euid=0 tty=ssh ruser= rhost=122.226.181.166 user=root
Aug 12 21:37:32 dlsprod sshd[23754]: Failed password for root from 182.100.67.244 port 26912 ssh2
Aug 12 21:37:32 dlsprod sshd[23754]: error: maximum authentication attempts exceeded for root from 182.100.67.244 port 26912 ssh2 [preauth]
Aug 12 21:37:32 dlsprod sshd[23754]: Disconnecting: Too many authentication failures [preauth]
Aug 12 21:37:32 dlsprod sshd[23754]: PAM 5 more authentication failures; logname= uid=0 euid=0 tty=ssh ruser= rhost=182.100.67.244 user=root
Aug 12 21:37:32 dlsprod sshd[23754]: PAM service(sshd) ignoring max retries; 6 > 3
Aug 12 21:37:34 dlsprod sshd[23758]: pam_unix(sshd:auth): authentication failure; logname= uid=0 euid=0 tty=ssh ruser= rhost=122.226.181.166 user=root
Aug 12 21:37:36 dlsprod sshd[23760]: pam_unix(sshd:auth): authentication failure; logname= uid=0 euid=0 tty=ssh ruser= rhost=182.100.67.244 user=root
Aug 12 21:37:36 dlsprod sshd[23758]: Failed password for root from 122.226.181.166 port 42324 ssh2
Aug 12 21:37:38 dlsprod sshd[23760]: Failed password for root from 182.100.67.244 port 13668 ssh2
Aug 12 21:37:39 dlsprod sshd[23758]: Failed password for root from 122.226.181.166 port 42324 ssh2
Aug 12 21:37:41 dlsprod sshd[23758]: Failed password for root from 122.226.181.166 port 42324 ssh2
Aug 12 21:37:42 dlsprod sshd[23760]: Failed password for root from 182.100.67.244 port 13668 ssh2
Aug 12 21:37:42 dlsprod sshd[23758]: Received disconnect from 122.226.181.166 port 42324:11: [preauth]
Aug 12 21:37:42 dlsprod sshd[23758]: Disconnected from 122.226.181.166 port 42324 [preauth]
Aug 12 21:37:42 dlsprod sshd[23758]: PAM 2 more authentication failures; logname= uid=0 euid=0 tty=ssh ruser= rhost=122.226.181.166 user=root
Aug 12 21:37:44 dlsprod sshd[23760]: Failed password for root from 182.100.67.244 port 13668 ssh2
Aug 12 21:37:53 dlsprod sshd[23760]: message repeated 3 times: [ Failed password for root from 182.100.67.244 port 13668 ssh2]
Aug 12 21:37:53 dlsprod sshd[23760]: error: maximum authentication attempts exceeded for root from 182.100.67.244 port 13668 ssh2 [preauth]
Aug 12 21:37:53 dlsprod sshd[23760]: Disconnecting: Too many authentication failures [preauth]
Aug 12 21:37:53 dlsprod sshd[23760]: PAM 5 more authentication failures; logname= uid=0 euid=0 tty=ssh ruser= rhost=182.100.67.244 user=root
Aug 12 21:37:53 dlsprod sshd[23760]: PAM service(sshd) ignoring max retries; 6 > 3
Aug 12 21:37:57 dlsprod sshd[23764]: pam_unix(sshd:auth): authentication failure; logname= uid=0 euid=0 tty=ssh ruser= rhost=182.100.67.244 user=root
Aug 12 21:37:59 dlsprod sshd[23764]: Failed password for root from 182.100.67.244 port 6060 ssh2
Aug 12 21:38:14 dlsprod sshd[23764]: message repeated 5 times: [ Failed password for root from 182.100.67.244 port 6060 ssh2]
Aug 12 21:38:14 dlsprod sshd[23764]: error: maximum authentication attempts exceeded for root from 182.100.67.244 port 6060 ssh2 [preauth]
Aug 12 21:38:14 dlsprod sshd[23764]: Disconnecting: Too many authentication failures [preauth]
Aug 12 21:38:14 dlsprod sshd[23764]: PAM 5 more authentication failures; logname= uid=0 euid=0 tty=ssh ruser= rhost=182.100.67.244 user=root
Aug 12 21:38:14 dlsprod sshd[23764]: PAM service(sshd) ignoring max retries; 6 > 3
Aug 12 21:38:15 dlsprod sshd[23766]: Invalid user ashton from 159.89.139.167
Aug 12 21:38:15 dlsprod sshd[23766]: input_userauth_request: invalid user ashton [preauth]
Aug 12 21:38:15 dlsprod sshd[23766]: pam_unix(sshd:auth): check pass; user unknown
Aug 12 21:38:15 dlsprod sshd[23766]: pam_unix(sshd:auth): authentication failure; logname= uid=0 euid=0 tty=ssh ruser= rhost=159.89.139.167
Aug 12 21:38:17 dlsprod sshd[23766]: Failed password for invalid user ashton from 159.89.139.167 port 49112 ssh2
Aug 12 21:38:17 dlsprod sshd[23766]: Received disconnect from 159.89.139.167 port 49112:11: Normal Shutdown, Thank you for playing [preauth]
Aug 12 21:38:17 dlsprod sshd[23766]: Disconnected from 159.89.139.167 port 49112 [preauth]
Aug 12 21:38:18 dlsprod sshd[23768]: pam_unix(sshd:auth): authentication failure; logname= uid=0 euid=0 tty=ssh ruser= rhost=182.100.67.244 user=root
Aug 12 21:38:19 dlsprod sshd[23768]: Failed password for root from 182.100.67.244 port 56830 ssh2
Aug 12 21:38:34 dlsprod sshd[23768]: message repeated 5 times: [ Failed password for root from 182.100.67.244 port 56830 ssh2]
Aug 12 21:38:34 dlsprod sshd[23768]: error: maximum authentication attempts exceeded for root from 182.100.67.244 port 56830 ssh2 [preauth]
Aug 12 21:38:34 dlsprod sshd[23768]: Disconnecting: Too many authentication failures [preauth]
Aug 12 21:38:34 dlsprod sshd[23768]: PAM 5 more authentication failures; logname= uid=0 euid=0 tty=ssh ruser= rhost=182.100.67.244 user=root
Aug 12 21:38:34 dlsprod sshd[23768]: PAM service(sshd) ignoring max retries; 6 > 3
Aug 12 21:38:38 dlsprod sshd[23771]: pam_unix(sshd:auth): authentication failure; logname= uid=0 euid=0 tty=ssh ruser= rhost=182.100.67.244 user=root
Aug 12 21:38:40 dlsprod sshd[23771]: Failed password for root from 182.100.67.244 port 40440 ssh2
Aug 12 21:38:53 dlsprod sshd[23771]: message repeated 5 times: [ Failed password for root from 182.100.67.244 port 40440 ssh2]
Aug 12 21:38:53 dlsprod sshd[23771]: error: maximum authentication attempts exceeded for root from 182.100.67.244 port 40440 ssh2 [preauth]
Aug 12 21:38:53 dlsprod sshd[23771]: Disconnecting: Too many authentication failures [preauth]
Aug 12 21:38:53 dlsprod sshd[23771]: PAM 5 more authentication failures; logname= uid=0 euid=0 tty=ssh ruser= rhost=182.100.67.244 user=root
Aug 12 21:38:53 dlsprod sshd[23771]: PAM service(sshd) ignoring max retries; 6 > 3
Aug 12 21:38:58 dlsprod sshd[23778]: pam_unix(sshd:auth): authentication failure; logname= uid=0 euid=0 tty=ssh ruser= rhost=182.100.67.244 user=root
Aug 12 21:39:00 dlsprod sshd[23778]: Failed password for root from 182.100.67.244 port 24944 ssh2
Aug 12 21:39:01 dlsprod CRON[23780]: pam_unix(cron:session): session opened for user root by (uid=0)
Aug 12 21:39:01 dlsprod CRON[23780]: pam_unix(cron:session): session closed for user root
Aug 12 21:39:03 dlsprod sshd[23778]: Failed password for root from 182.100.67.244 port 24944 ssh2
Aug 12 21:39:14 dlsprod sshd[23778]: message repeated 4 times: [ Failed password for root from 182.100.67.244 port 24944 ssh2]
Aug 12 21:39:14 dlsprod sshd[23778]: error: maximum authentication attempts exceeded for root from 182.100.67.244 port 24944 ssh2 [preauth]
Aug 12 21:39:14 dlsprod sshd[23778]: Disconnecting: Too many authentication failures [preauth]
Aug 12 21:39:14 dlsprod sshd[23778]: PAM 5 more authentication failures; logname= uid=0 euid=0 tty=ssh ruser= rhost=182.100.67.244 user=root
Aug 12 21:39:14 dlsprod sshd[23778]: PAM service(sshd) ignoring max retries; 6 > 3
Aug 12 21:39:19 dlsprod sshd[23822]: pam_unix(sshd:auth): authentication failure; logname= uid=0 euid=0 tty=ssh ruser= rhost=182.100.67.244 user=root
Aug 12 21:39:21 dlsprod sshd[23822]: Failed password for root from 182.100.67.244 port 17364 ssh2
Aug 12 21:39:35 dlsprod sshd[23822]: message repeated 5 times: [ Failed password for root from 182.100.67.244 port 17364 ssh2]
Aug 12 21:39:35 dlsprod sshd[23822]: error: maximum authentication attempts exceeded for root from 182.100.67.244 port 17364 ssh2 [preauth]
Aug 12 21:39:35 dlsprod sshd[23822]: Disconnecting: Too many authentication failures [preauth]
Aug 12 21:39:35 dlsprod sshd[23822]: PAM 5 more authentication failures; logname= uid=0 euid=0 tty=ssh ruser= rhost=182.100.67.244 user=root
Aug 12 21:39:35 dlsprod sshd[23822]: PAM service(sshd) ignoring max retries; 6 > 3
Aug 12 21:39:40 dlsprod sshd[23824]: pam_unix(sshd:auth): authentication failure; logname= uid=0 euid=0 tty=ssh ruser= rhost=182.100.67.244 user=root
Aug 12 21:39:41 dlsprod sshd[23824]: Failed password for root from 182.100.67.244 port 5276 ssh2
Aug 12 21:39:57 dlsprod sshd[23824]: message repeated 5 times: [ Failed password for root from 182.100.67.244 port 5276 ssh2]
Aug 12 21:39:57 dlsprod sshd[23824]: error: maximum authentication attempts exceeded for root from 182.100.67.244 port 5276 ssh2 [preauth]
Aug 12 21:39:57 dlsprod sshd[23824]: Disconnecting: Too many authentication failures [preauth]
Aug 12 21:39:57 dlsprod sshd[23824]: PAM 5 more authentication failures; logname= uid=0 euid=0 tty=ssh ruser= rhost=182.100.67.244 user=root
Aug 12 21:39:57 dlsprod sshd[23824]: PAM service(sshd) ignoring max retries; 6 > 3
Aug 12 21:40:02 dlsprod sshd[23828]: pam_unix(sshd:auth): authentication failure; logname= uid=0 euid=0 tty=ssh ruser= rhost=182.100.67.244 user=root
Aug 12 21:40:04 dlsprod sshd[23828]: Failed password for root from 182.100.67.244 port 60596 ssh2
Aug 12 21:40:17 dlsprod sshd[23828]: message repeated 5 times: [ Failed password for root from 182.100.67.244 port 60596 ssh2]
Aug 12 21:40:17 dlsprod sshd[23828]: error: maximum authentication attempts exceeded for root from 182.100.67.244 port 60596 ssh2 [preauth]
Aug 12 21:40:17 dlsprod sshd[23828]: Disconnecting: Too many authentication failures [preauth]
Aug 12 21:40:17 dlsprod sshd[23828]: PAM 5 more authentication failures; logname= uid=0 euid=0 tty=ssh ruser= rhost=182.100.67.244 user=root
Aug 12 21:40:17 dlsprod sshd[23828]: PAM service(sshd) ignoring max retries; 6 > 3
Aug 12 21:40:21 dlsprod sshd[23830]: pam_unix(sshd:auth): authentication failure; logname= uid=0 euid=0 tty=ssh ruser= rhost=182.100.67.244 user=root
Aug 12 21:40:23 dlsprod sshd[23830]: Failed password for root from 182.100.67.244 port 48194 ssh2
Aug 12 21:40:38 dlsprod sshd[23830]: message repeated 5 times: [ Failed password for root from 182.100.67.244 port 48194 ssh2]
Aug 12 21:40:38 dlsprod sshd[23830]: error: maximum authentication attempts exceeded for root from 182.100.67.244 port 48194 ssh2 [preauth]
Aug 12 21:40:38 dlsprod sshd[23830]: Disconnecting: Too many authentication failures [preauth]
Aug 12 21:40:38 dlsprod sshd[23830]: PAM 5 more authentication failures; logname= uid=0 euid=0 tty=ssh ruser= rhost=182.100.67.244 user=root
Aug 12 21:40:38 dlsprod sshd[23830]: PAM service(sshd) ignoring max retries; 6 > 3
Aug 12 21:40:42 dlsprod sshd[23832]: pam_unix(sshd:auth): authentication failure; logname= uid=0 euid=0 tty=ssh ruser= rhost=182.100.67.244 user=root
Aug 12 21:40:45 dlsprod sshd[23832]: Failed password for root from 182.100.67.244 port 39890 ssh2
Aug 12 21:40:59 dlsprod sshd[23832]: message repeated 5 times: [ Failed password for root from 182.100.67.244 port 39890 ssh2]
Aug 12 21:40:59 dlsprod sshd[23832]: error: maximum authentication attempts exceeded for root from 182.100.67.244 port 39890 ssh2 [preauth]
Aug 12 21:40:59 dlsprod sshd[23832]: Disconnecting: Too many authentication failures [preauth]
Aug 12 21:40:59 dlsprod sshd[23832]: PAM 5 more authentication failures; logname= uid=0 euid=0 tty=ssh ruser= rhost=182.100.67.244 user=root
Aug 12 21:40:59 dlsprod sshd[23832]: PAM service(sshd) ignoring max retries; 6 > 3
Aug 12 21:41:04 dlsprod sshd[23835]: pam_unix(sshd:auth): authentication failure; logname= uid=0 euid=0 tty=ssh ruser= rhost=182.100.67.244 user=root
Aug 12 21:41:05 dlsprod sshd[23835]: Failed password for root from 182.100.67.244 port 26202 ssh2
Aug 12 21:41:21 dlsprod sshd[23835]: message repeated 5 times: [ Failed password for root from 182.100.67.244 port 26202 ssh2]
Aug 12 21:41:21 dlsprod sshd[23835]: error: maximum authentication attempts exceeded for root from 182.100.67.244 port 26202 ssh2 [preauth]
Aug 12 21:41:21 dlsprod sshd[23835]: Disconnecting: Too many authentication failures [preauth]
Aug 12 21:41:21 dlsprod sshd[23835]: PAM 5 more authentication failures; logname= uid=0 euid=0 tty=ssh ruser= rhost=182.100.67.244 user=root
Aug 12 21:41:21 dlsprod sshd[23835]: PAM service(sshd) ignoring max retries; 6 > 3
Aug 12 21:41:25 dlsprod sshd[23838]: pam_unix(sshd:auth): authentication failure; logname= uid=0 euid=0 tty=ssh ruser= rhost=182.100.67.244 user=root
Aug 12 21:41:27 dlsprod sshd[23838]: Failed password for root from 182.100.67.244 port 15318 ssh2
Aug 12 21:41:42 dlsprod sshd[23838]: message repeated 5 times: [ Failed password for root from 182.100.67.244 port 15318 ssh2]
Aug 12 21:41:42 dlsprod sshd[23838]: error: maximum authentication attempts exceeded for root from 182.100.67.244 port 15318 ssh2 [preauth]
Aug 12 21:41:42 dlsprod sshd[23838]: Disconnecting: Too many authentication failures [preauth]
Aug 12 21:41:42 dlsprod sshd[23838]: PAM 5 more authentication failures; logname= uid=0 euid=0 tty=ssh ruser= rhost=182.100.67.244 user=root
Aug 12 21:41:42 dlsprod sshd[23838]: PAM service(sshd) ignoring max retries; 6 > 3
Aug 12 21:41:46 dlsprod sshd[23840]: pam_unix(sshd:auth): authentication failure; logname= uid=0 euid=0 tty=ssh ruser= rhost=182.100.67.244 user=root
Aug 12 21:41:48 dlsprod sshd[23840]: Failed password for root from 182.100.67.244 port 2840 ssh2
Aug 12 21:42:03 dlsprod sshd[23840]: message repeated 5 times: [ Failed password for root from 182.100.67.244 port 2840 ssh2]
Aug 12 21:42:03 dlsprod sshd[23840]: error: maximum authentication attempts exceeded for root from 182.100.67.244 port 2840 ssh2 [preauth]
Aug 12 21:42:03 dlsprod sshd[23840]: Disconnecting: Too many authentication failures [preauth]
Aug 12 21:42:03 dlsprod sshd[23840]: PAM 5 more authentication failures; logname= uid=0 euid=0 tty=ssh ruser= rhost=182.100.67.244 user=root
Aug 12 21:42:03 dlsprod sshd[23840]: PAM service(sshd) ignoring max retries; 6 > 3
Aug 12 21:42:07 dlsprod sshd[23843]: pam_unix(sshd:auth): authentication failure; logname= uid=0 euid=0 tty=ssh ruser= rhost=182.100.67.244 user=root
Aug 12 21:42:09 dlsprod sshd[23843]: Failed password for root from 182.100.67.244 port 56548 ssh2
Aug 12 21:42:23 dlsprod sshd[23843]: message repeated 5 times: [ Failed password for root from 182.100.67.244 port 56548 ssh2]
Aug 12 21:42:23 dlsprod sshd[23843]: error: maximum authentication attempts exceeded for root from 182.100.67.244 port 56548 ssh2 [preauth]
Aug 12 21:42:23 dlsprod sshd[23843]: Disconnecting: Too many authentication failures [preauth]
Aug 12 21:42:23 dlsprod sshd[23843]: PAM 5 more authentication failures; logname= uid=0 euid=0 tty=ssh ruser= rhost=182.100.67.244 user=root
Aug 12 21:42:23 dlsprod sshd[23843]: PAM service(sshd) ignoring max retries; 6 > 3
Aug 12 21:42:28 dlsprod sshd[23845]: pam_unix(sshd:auth): authentication failure; logname= uid=0 euid=0 tty=ssh ruser= rhost=182.100.67.244 user=root
Aug 12 21:42:31 dlsprod sshd[23845]: Failed password for root from 182.100.67.244 port 40406 ssh2
Aug 12 21:42:45 dlsprod sshd[23845]: message repeated 5 times: [ Failed password for root from 182.100.67.244 port 40406 ssh2]
Aug 12 21:42:45 dlsprod sshd[23845]: error: maximum authentication attempts exceeded for root from 182.100.67.244 port 40406 ssh2 [preauth]
Aug 12 21:42:45 dlsprod sshd[23845]: Disconnecting: Too many authentication failures [preauth]
Aug 12 21:42:45 dlsprod sshd[23845]: PAM 5 more authentication failures; logname= uid=0 euid=0 tty=ssh ruser= rhost=182.100.67.244 user=root
Aug 12 21:42:45 dlsprod sshd[23845]: PAM service(sshd) ignoring max retries; 6 > 3
Aug 12 21:42:51 dlsprod sshd[23847]: pam_unix(sshd:auth): authentication failure; logname= uid=0 euid=0 tty=ssh ruser= rhost=182.100.67.244 user=root
Aug 12 21:42:54 dlsprod sshd[23847]: Failed password for root from 182.100.67.244 port 30732 ssh2
Aug 12 21:43:09 dlsprod sshd[23847]: message repeated 5 times: [ Failed password for root from 182.100.67.244 port 30732 ssh2]
Aug 12 21:43:09 dlsprod sshd[23847]: error: maximum authentication attempts exceeded for root from 182.100.67.244 port 30732 ssh2 [preauth]
Aug 12 21:43:09 dlsprod sshd[23847]: Disconnecting: Too many authentication failures [preauth]
Aug 12 21:43:09 dlsprod sshd[23847]: PAM 5 more authentication failures; logname= uid=0 euid=0 tty=ssh ruser= rhost=182.100.67.244 user=root
Aug 12 21:43:09 dlsprod sshd[23847]: PAM service(sshd) ignoring max retries; 6 > 3
Aug 12 21:43:11 dlsprod sshd[23850]: Invalid user ftpuser from 170.210.83.114
Aug 12 21:43:11 dlsprod sshd[23850]: input_userauth_request: invalid user ftpuser [preauth]
Aug 12 21:43:11 dlsprod sshd[23850]: pam_unix(sshd:auth): check pass; user unknown
Aug 12 21:43:11 dlsprod sshd[23850]: pam_unix(sshd:auth): authentication failure; logname= uid=0 euid=0 tty=ssh ruser= rhost=170.210.83.114
Aug 12 21:43:13 dlsprod sshd[23850]: Failed password for invalid user ftpuser from 170.210.83.114 port 34036 ssh2
Aug 12 21:43:13 dlsprod sshd[23850]: Connection closed by 170.210.83.114 port 34036 [preauth]
Aug 12 21:43:13 dlsprod sshd[23852]: pam_unix(sshd:auth): authentication failure; logname= uid=0 euid=0 tty=ssh ruser= rhost=182.100.67.244 user=root
Aug 12 21:43:15 dlsprod sshd[23852]: Failed password for root from 182.100.67.244 port 23086 ssh2
Aug 12 21:43:30 dlsprod sshd[23852]: message repeated 5 times: [ Failed password for root from 182.100.67.244 port 23086 ssh2]
Aug 12 21:43:30 dlsprod sshd[23852]: error: maximum authentication attempts exceeded for root from 182.100.67.244 port 23086 ssh2 [preauth]
Aug 12 21:43:30 dlsprod sshd[23852]: Disconnecting: Too many authentication failures [preauth]
Aug 12 21:43:30 dlsprod sshd[23852]: PAM 5 more authentication failures; logname= uid=0 euid=0 tty=ssh ruser= rhost=182.100.67.244 user=root
Aug 12 21:43:30 dlsprod sshd[23852]: PAM service(sshd) ignoring max retries; 6 > 3
Aug 12 21:43:34 dlsprod sshd[23854]: pam_unix(sshd:auth): authentication failure; logname= uid=0 euid=0 tty=ssh ruser= rhost=182.100.67.244 user=root
Aug 12 21:43:36 dlsprod sshd[23854]: Failed password for root from 182.100.67.244 port 7994 ssh2
Aug 12 21:43:51 dlsprod sshd[23854]: message repeated 5 times: [ Failed password for root from 182.100.67.244 port 7994 ssh2]
Aug 12 21:43:51 dlsprod sshd[23854]: error: maximum authentication attempts exceeded for root from 182.100.67.244 port 7994 ssh2 [preauth]
Aug 12 21:43:51 dlsprod sshd[23854]: Disconnecting: Too many authentication failures [preauth]
Aug 12 21:43:51 dlsprod sshd[23854]: PAM 5 more authentication failures; logname= uid=0 euid=0 tty=ssh ruser= rhost=182.100.67.244 user=root
Aug 12 21:43:51 dlsprod sshd[23854]: PAM service(sshd) ignoring max retries; 6 > 3
Aug 12 21:43:56 dlsprod sshd[23858]: pam_unix(sshd:auth): authentication failure; logname= uid=0 euid=0 tty=ssh ruser= rhost=182.100.67.244 user=root
Aug 12 21:43:58 dlsprod sshd[23858]: Failed password for root from 182.100.67.244 port 59030 ssh2
Aug 12 21:44:15 dlsprod sshd[23858]: message repeated 5 times: [ Failed password for root from 182.100.67.244 port 59030 ssh2]
Aug 12 21:44:15 dlsprod sshd[23858]: error: maximum authentication attempts exceeded for root from 182.100.67.244 port 59030 ssh2 [preauth]
Aug 12 21:44:15 dlsprod sshd[23858]: Disconnecting: Too many authentication failures [preauth]
Aug 12 21:44:15 dlsprod sshd[23858]: PAM 5 more authentication failures; logname= uid=0 euid=0 tty=ssh ruser= rhost=182.100.67.244 user=root
Aug 12 21:44:15 dlsprod sshd[23858]: PAM service(sshd) ignoring max retries; 6 > 3
Aug 12 21:44:19 dlsprod sshd[23860]: pam_unix(sshd:auth): authentication failure; logname= uid=0 euid=0 tty=ssh ruser= rhost=182.100.67.244 user=root
Aug 12 21:44:20 dlsprod sshd[23860]: Failed password for root from 182.100.67.244 port 52280 ssh2
Aug 12 21:44:35 dlsprod sshd[23860]: message repeated 5 times: [ Failed password for root from 182.100.67.244 port 52280 ssh2]
Aug 12 21:44:35 dlsprod sshd[23860]: error: maximum authentication attempts exceeded for root from 182.100.67.244 port 52280 ssh2 [preauth]
Aug 12 21:44:35 dlsprod sshd[23860]: Disconnecting: Too many authentication failures [preauth]
Aug 12 21:44:35 dlsprod sshd[23860]: PAM 5 more authentication failures; logname= uid=0 euid=0 tty=ssh ruser= rhost=182.100.67.244 user=root
Aug 12 21:44:35 dlsprod sshd[23860]: PAM service(sshd) ignoring max retries; 6 > 3
Aug 12 21:44:40 dlsprod sshd[23862]: pam_unix(sshd:auth): authentication failure; logname= uid=0 euid=0 tty=ssh ruser= rhost=182.100.67.244 user=root
Aug 12 21:44:43 dlsprod sshd[23862]: Failed password for root from 182.100.67.244 port 43042 ssh2
Aug 12 21:44:56 dlsprod sshd[23862]: message repeated 5 times: [ Failed password for root from 182.100.67.244 port 43042 ssh2]
Aug 12 21:44:56 dlsprod sshd[23862]: error: maximum authentication attempts exceeded for root from 182.100.67.244 port 43042 ssh2 [preauth]
Aug 12 21:44:56 dlsprod sshd[23862]: Disconnecting: Too many authentication failures [preauth]
Aug 12 21:44:56 dlsprod sshd[23862]: PAM 5 more authentication failures; logname= uid=0 euid=0 tty=ssh ruser= rhost=182.100.67.244 user=root
Aug 12 21:44:56 dlsprod sshd[23862]: PAM service(sshd) ignoring max retries; 6 > 3
Aug 12 21:45:00 dlsprod sshd[23865]: pam_unix(sshd:auth): authentication failure; logname= uid=0 euid=0 tty=ssh ruser= rhost=182.100.67.244 user=root
