Aug 13 13:02:01 dlsprod sshd[30412]: message repeated 5 times: [ Failed password for root from 112.85.42.196 port 5508 ssh2]
Aug 13 13:02:01 dlsprod sshd[30412]: error: maximum authentication attempts exceeded for root from 112.85.42.196 port 5508 ssh2 [preauth]
Aug 13 13:02:01 dlsprod sshd[30412]: Disconnecting: Too many authentication failures [preauth]
Aug 13 13:02:01 dlsprod sshd[30412]: PAM 5 more authentication failures; logname= uid=0 euid=0 tty=ssh ruser= rhost=112.85.42.196 user=root
Aug 13 13:02:01 dlsprod sshd[30412]: PAM service(sshd) ignoring max retries; 6 > 3
Aug 13 13:02:07 dlsprod sshd[30415]: pam_unix(sshd:auth): authentication failure; logname= uid=0 euid=0 tty=ssh ruser= rhost=112.85.42.196 user=root
Aug 13 13:02:09 dlsprod sshd[30415]: Failed password for root from 112.85.42.196 port 19898 ssh2
Aug 13 13:02:24 dlsprod sshd[30415]: message repeated 5 times: [ Failed password for root from 112.85.42.196 port 19898 ssh2]
Aug 13 13:02:24 dlsprod sshd[30415]: error: maximum authentication attempts exceeded for root from 112.85.42.196 port 19898 ssh2 [preauth]
Aug 13 13:02:24 dlsprod sshd[30415]: Disconnecting: Too many authentication failures [preauth]
Aug 13 13:02:24 dlsprod sshd[30415]: PAM 5 more authentication failures; logname= uid=0 euid=0 tty=ssh ruser= rhost=112.85.42.196 user=root
Aug 13 13:02:24 dlsprod sshd[30415]: PAM service(sshd) ignoring max retries; 6 > 3
Aug 13 13:02:28 dlsprod sshd[30417]: pam_unix(sshd:auth): authentication failure; logname= uid=0 euid=0 tty=ssh ruser= rhost=112.85.42.196 user=root
Aug 13 13:02:29 dlsprod sshd[30417]: Failed password for root from 112.85.42.196 port 35042 ssh2
Aug 13 13:02:32 dlsprod sshd[30417]: Failed password for root from 112.85.42.196 port 35042 ssh2
Aug 13 13:02:33 dlsprod sshd[30419]: Invalid user web from 89.216.45.50
Aug 13 13:02:33 dlsprod sshd[30419]: input_userauth_request: invalid user web [preauth]
Aug 13 13:02:33 dlsprod sshd[30419]: pam_unix(sshd:auth): check pass; user unknown
Aug 13 13:02:33 dlsprod sshd[30419]: pam_unix(sshd:auth): authentication failure; logname= uid=0 euid=0 tty=ssh ruser= rhost=89.216.45.50
Aug 13 13:02:35 dlsprod sshd[30417]: Failed password for root from 112.85.42.196 port 35042 ssh2
Aug 13 13:02:35 dlsprod sshd[30419]: Failed password for invalid user web from 89.216.45.50 port 11816 ssh2
Aug 13 13:02:35 dlsprod sshd[30419]: Connection closed by 89.216.45.50 port 11816 [preauth]
Aug 13 13:02:38 dlsprod sshd[30417]: Failed password for root from 112.85.42.196 port 35042 ssh2
Aug 13 13:02:43 dlsprod sshd[30417]: message repeated 2 times: [ Failed password for root from 112.85.42.196 port 35042 ssh2]
Aug 13 13:02:43 dlsprod sshd[30417]: error: maximum authentication attempts exceeded for root from 112.85.42.196 port 35042 ssh2 [preauth]
Aug 13 13:02:43 dlsprod sshd[30417]: Disconnecting: Too many authentication failures [preauth]
Aug 13 13:02:43 dlsprod sshd[30417]: PAM 5 more authentication failures; logname= uid=0 euid=0 tty=ssh ruser= rhost=112.85.42.196 user=root
Aug 13 13:02:43 dlsprod sshd[30417]: PAM service(sshd) ignoring max retries; 6 > 3
Aug 13 13:02:51 dlsprod sshd[30422]: pam_unix(sshd:auth): authentication failure; logname= uid=0 euid=0 tty=ssh ruser= rhost=112.85.42.196 user=root
Aug 13 13:02:53 dlsprod sshd[30422]: Failed password for root from 112.85.42.196 port 48716 ssh2
Aug 13 13:03:07 dlsprod sshd[30422]: message repeated 5 times: [ Failed password for root from 112.85.42.196 port 48716 ssh2]
Aug 13 13:03:07 dlsprod sshd[30422]: error: maximum authentication attempts exceeded for root from 112.85.42.196 port 48716 ssh2 [preauth]
Aug 13 13:03:07 dlsprod sshd[30422]: Disconnecting: Too many authentication failures [preauth]
Aug 13 13:03:07 dlsprod sshd[30422]: PAM 5 more authentication failures; logname= uid=0 euid=0 tty=ssh ruser= rhost=112.85.42.196 user=root
Aug 13 13:03:07 dlsprod sshd[30422]: PAM service(sshd) ignoring max retries; 6 > 3
Aug 13 13:03:12 dlsprod sshd[30424]: pam_unix(sshd:auth): authentication failure; logname= uid=0 euid=0 tty=ssh ruser= rhost=112.85.42.196 user=root
Aug 13 13:03:14 dlsprod sshd[30424]: Failed password for root from 112.85.42.196 port 64435 ssh2
Aug 13 13:03:29 dlsprod sshd[30424]: message repeated 5 times: [ Failed password for root from 112.85.42.196 port 64435 ssh2]
Aug 13 13:03:29 dlsprod sshd[30424]: error: maximum authentication attempts exceeded for root from 112.85.42.196 port 64435 ssh2 [preauth]
Aug 13 13:03:29 dlsprod sshd[30424]: Disconnecting: Too many authentication failures [preauth]
Aug 13 13:03:29 dlsprod sshd[30424]: PAM 5 more authentication failures; logname= uid=0 euid=0 tty=ssh ruser= rhost=112.85.42.196 user=root
Aug 13 13:03:29 dlsprod sshd[30424]: PAM service(sshd) ignoring max retries; 6 > 3
Aug 13 13:03:37 dlsprod sshd[30426]: pam_unix(sshd:auth): authentication failure; logname= uid=0 euid=0 tty=ssh ruser= rhost=112.85.42.196 user=root
Aug 13 13:03:39 dlsprod sshd[30426]: Failed password for root from 112.85.42.196 port 14800 ssh2
Aug 13 13:03:45 dlsprod sshd[30426]: message repeated 2 times: [ Failed password for root from 112.85.42.196 port 14800 ssh2]
Aug 13 13:03:47 dlsprod sshd[30429]: Invalid user max from 210.147.174.19
Aug 13 13:03:47 dlsprod sshd[30429]: input_userauth_request: invalid user max [preauth]
Aug 13 13:03:47 dlsprod sshd[30429]: pam_unix(sshd:auth): check pass; user unknown
Aug 13 13:03:47 dlsprod sshd[30429]: pam_unix(sshd:auth): authentication failure; logname= uid=0 euid=0 tty=ssh ruser= rhost=210.147.174.19
Aug 13 13:03:48 dlsprod sshd[30426]: Failed password for root from 112.85.42.196 port 14800 ssh2
Aug 13 13:03:49 dlsprod sshd[30429]: Failed password for invalid user max from 210.147.174.19 port 38671 ssh2
Aug 13 13:03:49 dlsprod sshd[30429]: Connection closed by 210.147.174.19 port 38671 [preauth]
Aug 13 13:03:51 dlsprod sshd[30426]: Failed password for root from 112.85.42.196 port 14800 ssh2
Aug 13 13:03:54 dlsprod sshd[30426]: Failed password for root from 112.85.42.196 port 14800 ssh2
Aug 13 13:03:54 dlsprod sshd[30426]: error: maximum authentication attempts exceeded for root from 112.85.42.196 port 14800 ssh2 [preauth]
Aug 13 13:03:54 dlsprod sshd[30426]: Disconnecting: Too many authentication failures [preauth]
Aug 13 13:03:54 dlsprod sshd[30426]: PAM 5 more authentication failures; logname= uid=0 euid=0 tty=ssh ruser= rhost=112.85.42.196 user=root
Aug 13 13:03:54 dlsprod sshd[30426]: PAM service(sshd) ignoring max retries; 6 > 3
Aug 13 13:03:58 dlsprod sshd[30432]: pam_unix(sshd:auth): authentication failure; logname= uid=0 euid=0 tty=ssh ruser= rhost=112.85.42.196 user=root
Aug 13 13:04:01 dlsprod sshd[30432]: Failed password for root from 112.85.42.196 port 31816 ssh2
Aug 13 13:04:16 dlsprod sshd[30432]: message repeated 5 times: [ Failed password for root from 112.85.42.196 port 31816 ssh2]
Aug 13 13:04:16 dlsprod sshd[30432]: error: maximum authentication attempts exceeded for root from 112.85.42.196 port 31816 ssh2 [preauth]
Aug 13 13:04:16 dlsprod sshd[30432]: Disconnecting: Too many authentication failures [preauth]
Aug 13 13:04:16 dlsprod sshd[30432]: PAM 5 more authentication failures; logname= uid=0 euid=0 tty=ssh ruser= rhost=112.85.42.196 user=root
Aug 13 13:04:16 dlsprod sshd[30432]: PAM service(sshd) ignoring max retries; 6 > 3
Aug 13 13:04:27 dlsprod sshd[30434]: pam_unix(sshd:auth): authentication failure; logname= uid=0 euid=0 tty=ssh ruser= rhost=112.85.42.196 user=root
Aug 13 13:04:30 dlsprod sshd[30434]: Failed password for root from 112.85.42.196 port 7891 ssh2
Aug 13 13:04:31 dlsprod sshd[30436]: pam_unix(sshd:auth): authentication failure; logname= uid=0 euid=0 tty=ssh ruser= rhost=121.18.238.123 user=root
Aug 13 13:04:33 dlsprod sshd[30434]: Failed password for root from 112.85.42.196 port 7891 ssh2
Aug 13 13:04:33 dlsprod sshd[30436]: Failed password for root from 121.18.238.123 port 38165 ssh2
Aug 13 13:04:36 dlsprod sshd[30436]: Failed password for root from 121.18.238.123 port 38165 ssh2
Aug 13 13:04:36 dlsprod sshd[30434]: Failed password for root from 112.85.42.196 port 7891 ssh2
Aug 13 13:04:38 dlsprod sshd[30436]: Failed password for root from 121.18.238.123 port 38165 ssh2
Aug 13 13:04:39 dlsprod sshd[30436]: Received disconnect from 121.18.238.123 port 38165:11: [preauth]
Aug 13 13:04:39 dlsprod sshd[30436]: Disconnected from 121.18.238.123 port 38165 [preauth]
Aug 13 13:04:39 dlsprod sshd[30436]: PAM 2 more authentication failures; logname= uid=0 euid=0 tty=ssh ruser= rhost=121.18.238.123 user=root
Aug 13 13:04:39 dlsprod sshd[30434]: Failed password for root from 112.85.42.196 port 7891 ssh2
Aug 13 13:04:42 dlsprod sshd[30439]: pam_unix(sshd:auth): authentication failure; logname= uid=0 euid=0 tty=ssh ruser= rhost=121.18.238.123 user=root
Aug 13 13:04:43 dlsprod sshd[30434]: Failed password for root from 112.85.42.196 port 7891 ssh2
Aug 13 13:04:44 dlsprod sshd[30439]: Failed password for root from 121.18.238.123 port 33379 ssh2
Aug 13 13:04:46 dlsprod sshd[30434]: Failed password for root from 112.85.42.196 port 7891 ssh2
Aug 13 13:04:46 dlsprod sshd[30434]: error: maximum authentication attempts exceeded for root from 112.85.42.196 port 7891 ssh2 [preauth]
Aug 13 13:04:46 dlsprod sshd[30434]: Disconnecting: Too many authentication failures [preauth]
Aug 13 13:04:46 dlsprod sshd[30434]: PAM 5 more authentication failures; logname= uid=0 euid=0 tty=ssh ruser= rhost=112.85.42.196 user=root
Aug 13 13:04:46 dlsprod sshd[30434]: PAM service(sshd) ignoring max retries; 6 > 3
Aug 13 13:04:47 dlsprod sshd[30439]: Failed password for root from 121.18.238.123 port 33379 ssh2
Aug 13 13:04:49 dlsprod sshd[30439]: Failed password for root from 121.18.238.123 port 33379 ssh2
Aug 13 13:04:49 dlsprod sshd[30439]: Received disconnect from 121.18.238.123 port 33379:11: [preauth]
Aug 13 13:04:49 dlsprod sshd[30439]: Disconnected from 121.18.238.123 port 33379 [preauth]
Aug 13 13:04:49 dlsprod sshd[30439]: PAM 2 more authentication failures; logname= uid=0 euid=0 tty=ssh ruser= rhost=121.18.238.123 user=root
Aug 13 13:04:57 dlsprod sshd[30443]: pam_unix(sshd:auth): authentication failure; logname= uid=0 euid=0 tty=ssh ruser= rhost=121.18.238.123 user=root
Aug 13 13:04:58 dlsprod sshd[30441]: pam_unix(sshd:auth): authentication failure; logname= uid=0 euid=0 tty=ssh ruser= rhost=112.85.42.196 user=root
Aug 13 13:04:59 dlsprod sshd[30443]: Failed password for root from 121.18.238.123 port 44529 ssh2
Aug 13 13:05:00 dlsprod sshd[30441]: Failed password for root from 112.85.42.196 port 44067 ssh2
Aug 13 13:05:01 dlsprod sshd[30443]: Failed password for root from 121.18.238.123 port 44529 ssh2
Aug 13 13:05:01 dlsprod CRON[30445]: pam_unix(cron:session): session opened for user root by (uid=0)
Aug 13 13:05:01 dlsprod CRON[30445]: pam_unix(cron:session): session closed for user root
Aug 13 13:05:02 dlsprod sshd[30441]: Failed password for root from 112.85.42.196 port 44067 ssh2
Aug 13 13:05:03 dlsprod sshd[30443]: Failed password for root from 121.18.238.123 port 44529 ssh2
Aug 13 13:05:03 dlsprod sshd[30443]: Received disconnect from 121.18.238.123 port 44529:11: [preauth]
Aug 13 13:05:03 dlsprod sshd[30443]: Disconnected from 121.18.238.123 port 44529 [preauth]
Aug 13 13:05:03 dlsprod sshd[30443]: PAM 2 more authentication failures; logname= uid=0 euid=0 tty=ssh ruser= rhost=121.18.238.123 user=root
Aug 13 13:05:06 dlsprod sshd[30441]: Failed password for root from 112.85.42.196 port 44067 ssh2
Aug 13 13:05:14 dlsprod sshd[30441]: message repeated 3 times: [ Failed password for root from 112.85.42.196 port 44067 ssh2]
Aug 13 13:05:14 dlsprod sshd[30441]: error: maximum authentication attempts exceeded for root from 112.85.42.196 port 44067 ssh2 [preauth]
Aug 13 13:05:14 dlsprod sshd[30441]: Disconnecting: Too many authentication failures [preauth]
Aug 13 13:05:14 dlsprod sshd[30441]: PAM 5 more authentication failures; logname= uid=0 euid=0 tty=ssh ruser= rhost=112.85.42.196 user=root
Aug 13 13:05:14 dlsprod sshd[30441]: PAM service(sshd) ignoring max retries; 6 > 3
Aug 13 13:05:16 dlsprod sshd[30448]: pam_unix(sshd:auth): authentication failure; logname= uid=0 euid=0 tty=ssh ruser= rhost=121.18.238.123 user=root
Aug 13 13:05:19 dlsprod sshd[30448]: Failed password for root from 121.18.238.123 port 43970 ssh2
Aug 13 13:05:21 dlsprod sshd[30450]: pam_unix(sshd:auth): authentication failure; logname= uid=0 euid=0 tty=ssh ruser= rhost=112.85.42.196 user=root
Aug 13 13:05:21 dlsprod sshd[30448]: Failed password for root from 121.18.238.123 port 43970 ssh2
Aug 13 13:05:23 dlsprod sshd[30450]: Failed password for root from 112.85.42.196 port 13358 ssh2
Aug 13 13:05:24 dlsprod sshd[30448]: Failed password for root from 121.18.238.123 port 43970 ssh2
Aug 13 13:05:25 dlsprod sshd[30448]: Received disconnect from 121.18.238.123 port 43970:11: [preauth]
Aug 13 13:05:25 dlsprod sshd[30448]: Disconnected from 121.18.238.123 port 43970 [preauth]
Aug 13 13:05:25 dlsprod sshd[30448]: PAM 2 more authentication failures; logname= uid=0 euid=0 tty=ssh ruser= rhost=121.18.238.123 user=root
Aug 13 13:05:26 dlsprod sshd[30450]: Failed password for root from 112.85.42.196 port 13358 ssh2
Aug 13 13:05:28 dlsprod sshd[30452]: pam_unix(sshd:auth): authentication failure; logname= uid=0 euid=0 tty=ssh ruser= rhost=121.18.238.123 user=root
Aug 13 13:05:30 dlsprod sshd[30452]: Failed password for root from 121.18.238.123 port 36327 ssh2
Aug 13 13:05:31 dlsprod sshd[30450]: Failed password for root from 112.85.42.196 port 13358 ssh2
Aug 13 13:05:34 dlsprod sshd[30452]: Failed password for root from 121.18.238.123 port 36327 ssh2
Aug 13 13:05:34 dlsprod sshd[30450]: Failed password for root from 112.85.42.196 port 13358 ssh2
Aug 13 13:05:37 dlsprod sshd[30452]: Failed password for root from 121.18.238.123 port 36327 ssh2
Aug 13 13:05:37 dlsprod sshd[30450]: Failed password for root from 112.85.42.196 port 13358 ssh2
Aug 13 13:05:37 dlsprod sshd[30452]: Received disconnect from 121.18.238.123 port 36327:11: [preauth]
Aug 13 13:05:37 dlsprod sshd[30452]: Disconnected from 121.18.238.123 port 36327 [preauth]
Aug 13 13:05:37 dlsprod sshd[30452]: PAM 2 more authentication failures; logname= uid=0 euid=0 tty=ssh ruser= rhost=121.18.238.123 user=root
Aug 13 13:05:40 dlsprod sshd[30455]: pam_unix(sshd:auth): authentication failure; logname= uid=0 euid=0 tty=ssh ruser= rhost=121.18.238.123 user=root
Aug 13 13:05:41 dlsprod sshd[30450]: Failed password for root from 112.85.42.196 port 13358 ssh2
Aug 13 13:05:41 dlsprod sshd[30450]: error: maximum authentication attempts exceeded for root from 112.85.42.196 port 13358 ssh2 [preauth]
Aug 13 13:05:41 dlsprod sshd[30450]: Disconnecting: Too many authentication failures [preauth]
Aug 13 13:05:41 dlsprod sshd[30450]: PAM 5 more authentication failures; logname= uid=0 euid=0 tty=ssh ruser= rhost=112.85.42.196 user=root
Aug 13 13:05:41 dlsprod sshd[30450]: PAM service(sshd) ignoring max retries; 6 > 3
Aug 13 13:05:43 dlsprod sshd[30455]: Failed password for root from 121.18.238.123 port 60419 ssh2
Aug 13 13:05:45 dlsprod sshd[30455]: Failed password for root from 121.18.238.123 port 60419 ssh2
Aug 13 13:05:47 dlsprod sshd[30457]: pam_unix(sshd:auth): authentication failure; logname= uid=0 euid=0 tty=ssh ruser= rhost=112.85.42.196 user=root
Aug 13 13:05:48 dlsprod sshd[30455]: Failed password for root from 121.18.238.123 port 60419 ssh2
Aug 13 13:05:48 dlsprod sshd[30455]: Received disconnect from 121.18.238.123 port 60419:11: [preauth]
Aug 13 13:05:48 dlsprod sshd[30455]: Disconnected from 121.18.238.123 port 60419 [preauth]
Aug 13 13:05:48 dlsprod sshd[30455]: PAM 2 more authentication failures; logname= uid=0 euid=0 tty=ssh ruser= rhost=121.18.238.123 user=root
Aug 13 13:05:48 dlsprod sshd[30457]: Failed password for root from 112.85.42.196 port 42042 ssh2
Aug 13 13:05:52 dlsprod sshd[30459]: pam_unix(sshd:auth): authentication failure; logname= uid=0 euid=0 tty=ssh ruser= rhost=121.18.238.123 user=root
Aug 13 13:05:52 dlsprod sshd[30457]: Failed password for root from 112.85.42.196 port 42042 ssh2
Aug 13 13:05:54 dlsprod sshd[30459]: Failed password for root from 121.18.238.123 port 49971 ssh2
Aug 13 13:05:55 dlsprod sshd[30457]: Failed password for root from 112.85.42.196 port 42042 ssh2
Aug 13 13:05:56 dlsprod sshd[30459]: Failed password for root from 121.18.238.123 port 49971 ssh2
Aug 13 13:05:58 dlsprod sshd[30457]: Failed password for root from 112.85.42.196 port 42042 ssh2
Aug 13 13:05:59 dlsprod sshd[30459]: Failed password for root from 121.18.238.123 port 49971 ssh2
Aug 13 13:06:00 dlsprod sshd[30459]: Received disconnect from 121.18.238.123 port 49971:11: [preauth]
Aug 13 13:06:00 dlsprod sshd[30459]: Disconnected from 121.18.238.123 port 49971 [preauth]
Aug 13 13:06:00 dlsprod sshd[30459]: PAM 2 more authentication failures; logname= uid=0 euid=0 tty=ssh ruser= rhost=121.18.238.123 user=root
Aug 13 13:06:00 dlsprod sshd[30457]: Failed password for root from 112.85.42.196 port 42042 ssh2
Aug 13 13:06:02 dlsprod sshd[30461]: pam_unix(sshd:auth): authentication failure; logname= uid=0 euid=0 tty=ssh ruser= rhost=121.18.238.123 user=root
Aug 13 13:06:03 dlsprod sshd[30457]: Failed password for root from 112.85.42.196 port 42042 ssh2
Aug 13 13:06:03 dlsprod sshd[30457]: error: maximum authentication attempts exceeded for root from 112.85.42.196 port 42042 ssh2 [preauth]
Aug 13 13:06:03 dlsprod sshd[30457]: Disconnecting: Too many authentication failures [preauth]
Aug 13 13:06:03 dlsprod sshd[30457]: PAM 5 more authentication failures; logname= uid=0 euid=0 tty=ssh ruser= rhost=112.85.42.196 user=root
Aug 13 13:06:03 dlsprod sshd[30457]: PAM service(sshd) ignoring max retries; 6 > 3
Aug 13 13:06:04 dlsprod sshd[30461]: Failed password for root from 121.18.238.123 port 42749 ssh2
Aug 13 13:06:09 dlsprod sshd[30461]: message repeated 2 times: [ Failed password for root from 121.18.238.123 port 42749 ssh2]
Aug 13 13:06:09 dlsprod sshd[30461]: Received disconnect from 121.18.238.123 port 42749:11: [preauth]
Aug 13 13:06:09 dlsprod sshd[30461]: Disconnected from 121.18.238.123 port 42749 [preauth]
Aug 13 13:06:09 dlsprod sshd[30461]: PAM 2 more authentication failures; logname= uid=0 euid=0 tty=ssh ruser= rhost=121.18.238.123 user=root
Aug 13 13:06:13 dlsprod sshd[30463]: pam_unix(sshd:auth): authentication failure; logname= uid=0 euid=0 tty=ssh ruser= rhost=112.85.42.196 user=root
Aug 13 13:06:15 dlsprod sshd[30463]: Failed password for root from 112.85.42.196 port 1215 ssh2
Aug 13 13:06:31 dlsprod sshd[30463]: message repeated 5 times: [ Failed password for root from 112.85.42.196 port 1215 ssh2]
Aug 13 13:06:31 dlsprod sshd[30463]: error: maximum authentication attempts exceeded for root from 112.85.42.196 port 1215 ssh2 [preauth]
Aug 13 13:06:31 dlsprod sshd[30463]: Disconnecting: Too many authentication failures [preauth]
Aug 13 13:06:31 dlsprod sshd[30463]: PAM 5 more authentication failures; logname= uid=0 euid=0 tty=ssh ruser= rhost=112.85.42.196 user=root
Aug 13 13:06:31 dlsprod sshd[30463]: PAM service(sshd) ignoring max retries; 6 > 3
Aug 13 13:06:31 dlsprod sshd[30465]: Connection closed by 121.18.238.123 port 45923 [preauth]
Aug 13 13:06:38 dlsprod sshd[30471]: pam_unix(sshd:auth): authentication failure; logname= uid=0 euid=0 tty=ssh ruser= rhost=121.18.238.123 user=root
Aug 13 13:06:40 dlsprod sshd[30468]: pam_unix(sshd:auth): authentication failure; logname= uid=0 euid=0 tty=ssh ruser= rhost=112.85.42.196 user=root
Aug 13 13:06:40 dlsprod sshd[30471]: Failed password for root from 121.18.238.123 port 59901 ssh2
Aug 13 13:06:42 dlsprod sshd[30468]: Failed password for root from 112.85.42.196 port 29535 ssh2
Aug 13 13:06:42 dlsprod sshd[30471]: Failed password for root from 121.18.238.123 port 59901 ssh2
Aug 13 13:06:45 dlsprod sshd[30468]: Failed password for root from 112.85.42.196 port 29535 ssh2
Aug 13 13:06:45 dlsprod sshd[30471]: Failed password for root from 121.18.238.123 port 59901 ssh2
Aug 13 13:06:46 dlsprod sshd[30471]: Received disconnect from 121.18.238.123 port 59901:11: [preauth]
Aug 13 13:06:46 dlsprod sshd[30471]: Disconnected from 121.18.238.123 port 59901 [preauth]
Aug 13 13:06:46 dlsprod sshd[30471]: PAM 2 more authentication failures; logname= uid=0 euid=0 tty=ssh ruser= rhost=121.18.238.123 user=root
Aug 13 13:06:49 dlsprod sshd[30468]: Failed password for root from 112.85.42.196 port 29535 ssh2
Aug 13 13:06:54 dlsprod sshd[30468]: message repeated 2 times: [ Failed password for root from 112.85.42.196 port 29535 ssh2]
Aug 13 13:06:55 dlsprod sshd[30473]: pam_unix(sshd:auth): authentication failure; logname= uid=0 euid=0 tty=ssh ruser= rhost=121.18.238.123 user=root
Aug 13 13:06:57 dlsprod sshd[30473]: Failed password for root from 121.18.238.123 port 39560 ssh2
Aug 13 13:06:57 dlsprod sshd[30468]: Failed password for root from 112.85.42.196 port 29535 ssh2
Aug 13 13:06:57 dlsprod sshd[30468]: error: maximum authentication attempts exceeded for root from 112.85.42.196 port 29535 ssh2 [preauth]
Aug 13 13:06:57 dlsprod sshd[30468]: Disconnecting: Too many authentication failures [preauth]
Aug 13 13:06:57 dlsprod sshd[30468]: PAM 5 more authentication failures; logname= uid=0 euid=0 tty=ssh ruser= rhost=112.85.42.196 user=root
Aug 13 13:06:57 dlsprod sshd[30468]: PAM service(sshd) ignoring max retries; 6 > 3
Aug 13 13:06:59 dlsprod sshd[30473]: Failed password for root from 121.18.238.123 port 39560 ssh2
Aug 13 13:07:01 dlsprod sshd[30473]: Failed password for root from 121.18.238.123 port 39560 ssh2
Aug 13 13:07:02 dlsprod sshd[30473]: Received disconnect from 121.18.238.123 port 39560:11: [preauth]
Aug 13 13:07:02 dlsprod sshd[30473]: Disconnected from 121.18.238.123 port 39560 [preauth]
Aug 13 13:07:02 dlsprod sshd[30473]: PAM 2 more authentication failures; logname= uid=0 euid=0 tty=ssh ruser= rhost=121.18.238.123 user=root
Aug 13 13:07:03 dlsprod sshd[30475]: pam_unix(sshd:auth): authentication failure; logname= uid=0 euid=0 tty=ssh ruser= rhost=112.85.42.196 user=root
Aug 13 13:07:04 dlsprod sshd[30477]: pam_unix(sshd:auth): authentication failure; logname= uid=0 euid=0 tty=ssh ruser= rhost=121.18.238.123 user=root
Aug 13 13:07:06 dlsprod sshd[30475]: Failed password for root from 112.85.42.196 port 57400 ssh2
Aug 13 13:07:06 dlsprod sshd[30477]: Failed password for root from 121.18.238.123 port 56413 ssh2
Aug 13 13:07:08 dlsprod sshd[30477]: Failed password for root from 121.18.238.123 port 56413 ssh2
Aug 13 13:07:08 dlsprod sshd[30475]: Failed password for root from 112.85.42.196 port 57400 ssh2
Aug 13 13:07:09 dlsprod sshd[30477]: Failed password for root from 121.18.238.123 port 56413 ssh2
Aug 13 13:07:10 dlsprod sshd[30477]: Received disconnect from 121.18.238.123 port 56413:11: [preauth]
Aug 13 13:07:10 dlsprod sshd[30477]: Disconnected from 121.18.238.123 port 56413 [preauth]
Aug 13 13:07:10 dlsprod sshd[30477]: PAM 2 more authentication failures; logname= uid=0 euid=0 tty=ssh ruser= rhost=121.18.238.123 user=root
Aug 13 13:07:12 dlsprod sshd[30475]: Failed password for root from 112.85.42.196 port 57400 ssh2
Aug 13 13:07:14 dlsprod sshd[30479]: pam_unix(sshd:auth): authentication failure; logname= uid=0 euid=0 tty=ssh ruser= rhost=121.18.238.123 user=root
Aug 13 13:07:15 dlsprod sshd[30475]: Failed password for root from 112.85.42.196 port 57400 ssh2
Aug 13 13:07:16 dlsprod sshd[30479]: Failed password for root from 121.18.238.123 port 39686 ssh2
Aug 13 13:07:18 dlsprod sshd[30475]: Failed password for root from 112.85.42.196 port 57400 ssh2
Aug 13 13:07:19 dlsprod sshd[30479]: Failed password for root from 121.18.238.123 port 39686 ssh2
Aug 13 13:07:21 dlsprod sshd[30475]: Failed password for root from 112.85.42.196 port 57400 ssh2
Aug 13 13:07:21 dlsprod sshd[30475]: error: maximum authentication attempts exceeded for root from 112.85.42.196 port 57400 ssh2 [preauth]
Aug 13 13:07:21 dlsprod sshd[30475]: Disconnecting: Too many authentication failures [preauth]
Aug 13 13:07:21 dlsprod sshd[30475]: PAM 5 more authentication failures; logname= uid=0 euid=0 tty=ssh ruser= rhost=112.85.42.196 user=root
Aug 13 13:07:21 dlsprod sshd[30475]: PAM service(sshd) ignoring max retries; 6 > 3
Aug 13 13:07:22 dlsprod sshd[30479]: Failed password for root from 121.18.238.123 port 39686 ssh2
Aug 13 13:07:22 dlsprod sshd[30479]: Received disconnect from 121.18.238.123 port 39686:11: [preauth]
Aug 13 13:07:22 dlsprod sshd[30479]: Disconnected from 121.18.238.123 port 39686 [preauth]
Aug 13 13:07:22 dlsprod sshd[30479]: PAM 2 more authentication failures; logname= uid=0 euid=0 tty=ssh ruser= rhost=121.18.238.123 user=root
Aug 13 13:07:28 dlsprod sshd[30481]: pam_unix(sshd:auth): authentication failure; logname= uid=0 euid=0 tty=ssh ruser= rhost=121.18.238.123 user=root
Aug 13 13:07:30 dlsprod sshd[30481]: Failed password for root from 121.18.238.123 port 60747 ssh2
Aug 13 13:07:32 dlsprod sshd[30481]: Failed password for root from 121.18.238.123 port 60747 ssh2
Aug 13 13:07:32 dlsprod sshd[30483]: pam_unix(sshd:auth): authentication failure; logname= uid=0 euid=0 tty=ssh ruser= rhost=112.85.42.196 user=root
Aug 13 13:07:33 dlsprod sshd[30483]: Failed password for root from 112.85.42.196 port 19356 ssh2
Aug 13 13:07:33 dlsprod sshd[30481]: Failed password for root from 121.18.238.123 port 60747 ssh2
Aug 13 13:07:34 dlsprod sshd[30481]: Received disconnect from 121.18.238.123 port 60747:11: [preauth]
Aug 13 13:07:34 dlsprod sshd[30481]: Disconnected from 121.18.238.123 port 60747 [preauth]
Aug 13 13:07:34 dlsprod sshd[30481]: PAM 2 more authentication failures; logname= uid=0 euid=0 tty=ssh ruser= rhost=121.18.238.123 user=root
Aug 13 13:07:37 dlsprod sshd[30483]: Failed password for root from 112.85.42.196 port 19356 ssh2
Aug 13 13:07:38 dlsprod sshd[30486]: pam_unix(sshd:auth): authentication failure; logname= uid=0 euid=0 tty=ssh ruser= rhost=121.18.238.123 user=root
Aug 13 13:07:40 dlsprod sshd[30486]: Failed password for root from 121.18.238.123 port 52650 ssh2
Aug 13 13:07:41 dlsprod sshd[30483]: Failed password for root from 112.85.42.196 port 19356 ssh2
Aug 13 13:07:43 dlsprod sshd[30483]: Failed password for root from 112.85.42.196 port 19356 ssh2
Aug 13 13:07:43 dlsprod sshd[30486]: Failed password for root from 121.18.238.123 port 52650 ssh2
Aug 13 13:07:45 dlsprod sshd[30483]: Failed password for root from 112.85.42.196 port 19356 ssh2
Aug 13 13:07:46 dlsprod sshd[30486]: Failed password for root from 121.18.238.123 port 52650 ssh2
Aug 13 13:07:46 dlsprod sshd[30486]: Received disconnect from 121.18.238.123 port 52650:11: [preauth]
Aug 13 13:07:46 dlsprod sshd[30486]: Disconnected from 121.18.238.123 port 52650 [preauth]
Aug 13 13:07:46 dlsprod sshd[30486]: PAM 2 more authentication failures; logname= uid=0 euid=0 tty=ssh ruser= rhost=121.18.238.123 user=root
Aug 13 13:07:49 dlsprod sshd[30483]: Failed password for root from 112.85.42.196 port 19356 ssh2
Aug 13 13:07:49 dlsprod sshd[30483]: error: maximum authentication attempts exceeded for root from 112.85.42.196 port 19356 ssh2 [preauth]
Aug 13 13:07:49 dlsprod sshd[30483]: Disconnecting: Too many authentication failures [preauth]
Aug 13 13:07:49 dlsprod sshd[30483]: PAM 5 more authentication failures; logname= uid=0 euid=0 tty=ssh ruser= rhost=112.85.42.196 user=root
Aug 13 13:07:49 dlsprod sshd[30483]: PAM service(sshd) ignoring max retries; 6 > 3
Aug 13 13:07:51 dlsprod sshd[30488]: pam_unix(sshd:auth): authentication failure; logname= uid=0 euid=0 tty=ssh ruser= rhost=121.18.238.123 user=root
Aug 13 13:07:52 dlsprod sshd[30488]: Failed password for root from 121.18.238.123 port 49589 ssh2
Aug 13 13:07:52 dlsprod sshd[30490]: pam_unix(sshd:auth): authentication failure; logname= uid=0 euid=0 tty=ssh ruser= rhost=112.85.42.196 user=root
Aug 13 13:07:55 dlsprod sshd[30490]: Failed password for root from 112.85.42.196 port 45645 ssh2
Aug 13 13:07:55 dlsprod sshd[30488]: Failed password for root from 121.18.238.123 port 49589 ssh2
Aug 13 13:07:56 dlsprod sshd[30488]: Failed password for root from 121.18.238.123 port 49589 ssh2
Aug 13 13:07:57 dlsprod sshd[30488]: Received disconnect from 121.18.238.123 port 49589:11: [preauth]
Aug 13 13:07:57 dlsprod sshd[30488]: Disconnected from 121.18.238.123 port 49589 [preauth]
Aug 13 13:07:57 dlsprod sshd[30488]: PAM 2 more authentication failures; logname= uid=0 euid=0 tty=ssh ruser= rhost=121.18.238.123 user=root
Aug 13 13:07:58 dlsprod sshd[30490]: Failed password for root from 112.85.42.196 port 45645 ssh2
Aug 13 13:08:11 dlsprod sshd[30490]: message repeated 4 times: [ Failed password for root from 112.85.42.196 port 45645 ssh2]
Aug 13 13:08:11 dlsprod sshd[30490]: error: maximum authentication attempts exceeded for root from 112.85.42.196 port 45645 ssh2 [preauth]
Aug 13 13:08:11 dlsprod sshd[30490]: Disconnecting: Too many authentication failures [preauth]
Aug 13 13:08:11 dlsprod sshd[30490]: PAM 5 more authentication failures; logname= uid=0 euid=0 tty=ssh ruser= rhost=112.85.42.196 user=root
Aug 13 13:08:11 dlsprod sshd[30490]: PAM service(sshd) ignoring max retries; 6 > 3
Aug 13 13:08:17 dlsprod sshd[30493]: pam_unix(sshd:auth): authentication failure; logname= uid=0 euid=0 tty=ssh ruser= rhost=112.85.42.196 user=root
Aug 13 13:08:19 dlsprod sshd[30493]: Failed password for root from 112.85.42.196 port 5894 ssh2
Aug 13 13:08:38 dlsprod sshd[30493]: message repeated 5 times: [ Failed password for root from 112.85.42.196 port 5894 ssh2]
Aug 13 13:08:38 dlsprod sshd[30493]: error: maximum authentication attempts exceeded for root from 112.85.42.196 port 5894 ssh2 [preauth]
Aug 13 13:08:38 dlsprod sshd[30493]: Disconnecting: Too many authentication failures [preauth]
Aug 13 13:08:38 dlsprod sshd[30493]: PAM 5 more authentication failures; logname= uid=0 euid=0 tty=ssh ruser= rhost=112.85.42.196 user=root
Aug 13 13:08:38 dlsprod sshd[30493]: PAM service(sshd) ignoring max retries; 6 > 3
Aug 13 13:08:50 dlsprod sshd[30496]: Connection closed by 112.85.42.196 port 37216 [preauth]
Aug 13 13:09:01 dlsprod sshd[30498]: Received disconnect from 112.85.42.196 port 47721:11: [preauth]
Aug 13 13:09:01 dlsprod sshd[30498]: Disconnected from 112.85.42.196 port 47721 [preauth]
Aug 13 13:09:01 dlsprod CRON[30500]: pam_unix(cron:session): session opened for user root by (uid=0)
Aug 13 13:09:01 dlsprod CRON[30500]: pam_unix(cron:session): session closed for user root
Aug 13 13:13:23 dlsprod sshd[30546]: pam_unix(sshd:auth): authentication failure; logname= uid=0 euid=0 tty=ssh ruser= rhost=122.226.181.166 user=root
Aug 13 13:13:25 dlsprod sshd[30546]: Failed password for root from 122.226.181.166 port 35926 ssh2
Aug 13 13:13:31 dlsprod sshd[30546]: message repeated 2 times: [ Failed password for root from 122.226.181.166 port 35926 ssh2]
Aug 13 13:13:32 dlsprod sshd[30546]: Received disconnect from 122.226.181.166 port 35926:11: [preauth]
Aug 13 13:13:32 dlsprod sshd[30546]: Disconnected from 122.226.181.166 port 35926 [preauth]
Aug 13 13:13:32 dlsprod sshd[30546]: PAM 2 more authentication failures; logname= uid=0 euid=0 tty=ssh ruser= rhost=122.226.181.166 user=root
Aug 13 13:13:40 dlsprod sshd[30548]: pam_unix(sshd:auth): authentication failure; logname= uid=0 euid=0 tty=ssh ruser= rhost=122.226.181.166 user=root
Aug 13 13:13:42 dlsprod sshd[30548]: Failed password for root from 122.226.181.166 port 50970 ssh2
Aug 13 13:13:48 dlsprod sshd[30548]: message repeated 2 times: [ Failed password for root from 122.226.181.166 port 50970 ssh2]
Aug 13 13:13:52 dlsprod sshd[30548]: Received disconnect from 122.226.181.166 port 50970:11: [preauth]
Aug 13 13:13:52 dlsprod sshd[30548]: Disconnected from 122.226.181.166 port 50970 [preauth]
Aug 13 13:13:52 dlsprod sshd[30548]: PAM 2 more authentication failures; logname= uid=0 euid=0 tty=ssh ruser= rhost=122.226.181.166 user=root
Aug 13 13:13:57 dlsprod sshd[30552]: pam_unix(sshd:auth): authentication failure; logname= uid=0 euid=0 tty=ssh ruser= rhost=122.226.181.166 user=root
Aug 13 13:14:00 dlsprod sshd[30552]: Failed password for root from 122.226.181.166 port 36018 ssh2
Aug 13 13:14:04 dlsprod sshd[30552]: message repeated 2 times: [ Failed password for root from 122.226.181.166 port 36018 ssh2]
Aug 13 13:14:05 dlsprod sshd[30552]: Received disconnect from 122.226.181.166 port 36018:11: [preauth]
Aug 13 13:14:05 dlsprod sshd[30552]: Disconnected from 122.226.181.166 port 36018 [preauth]
Aug 13 13:14:05 dlsprod sshd[30552]: PAM 2 more authentication failures; logname= uid=0 euid=0 tty=ssh ruser= rhost=122.226.181.166 user=root
Aug 13 13:14:14 dlsprod sshd[30554]: pam_unix(sshd:auth): authentication failure; logname= uid=0 euid=0 tty=ssh ruser= rhost=122.226.181.166 user=root
Aug 13 13:14:16 dlsprod sshd[30554]: Failed password for root from 122.226.181.166 port 54216 ssh2
Aug 13 13:14:22 dlsprod sshd[30554]: message repeated 2 times: [ Failed password for root from 122.226.181.166 port 54216 ssh2]
Aug 13 13:14:22 dlsprod sshd[30554]: Received disconnect from 122.226.181.166 port 54216:11: [preauth]
Aug 13 13:14:22 dlsprod sshd[30554]: Disconnected from 122.226.181.166 port 54216 [preauth]
Aug 13 13:14:22 dlsprod sshd[30554]: PAM 2 more authentication failures; logname= uid=0 euid=0 tty=ssh ruser= rhost=122.226.181.166 user=root
Aug 13 13:14:32 dlsprod sshd[30556]: pam_unix(sshd:auth): authentication failure; logname= uid=0 euid=0 tty=ssh ruser= rhost=122.226.181.166 user=root
Aug 13 13:14:34 dlsprod sshd[30556]: Failed password for root from 122.226.181.166 port 44538 ssh2
Aug 13 13:14:39 dlsprod sshd[30556]: message repeated 2 times: [ Failed password for root from 122.226.181.166 port 44538 ssh2]
Aug 13 13:14:39 dlsprod sshd[30556]: Received disconnect from 122.226.181.166 port 44538:11: [preauth]
Aug 13 13:14:39 dlsprod sshd[30556]: Disconnected from 122.226.181.166 port 44538 [preauth]
Aug 13 13:14:39 dlsprod sshd[30556]: PAM 2 more authentication failures; logname= uid=0 euid=0 tty=ssh ruser= rhost=122.226.181.166 user=root
Aug 13 13:14:56 dlsprod sshd[30560]: pam_unix(sshd:auth): authentication failure; logname= uid=0 euid=0 tty=ssh ruser= rhost=122.226.181.166 user=root
Aug 13 13:14:58 dlsprod sshd[30560]: Failed password for root from 122.226.181.166 port 36390 ssh2
Aug 13 13:15:00 dlsprod sshd[30560]: Failed password for root from 122.226.181.166 port 36390 ssh2
Aug 13 13:15:01 dlsprod CRON[30562]: pam_unix(cron:session): session opened for user root by (uid=0)
Aug 13 13:15:01 dlsprod CRON[30562]: pam_unix(cron:session): session closed for user root
Aug 13 13:15:02 dlsprod sshd[30560]: Failed password for root from 122.226.181.166 port 36390 ssh2
Aug 13 13:15:03 dlsprod sshd[30560]: Received disconnect from 122.226.181.166 port 36390:11: [preauth]
Aug 13 13:15:03 dlsprod sshd[30560]: Disconnected from 122.226.181.166 port 36390 [preauth]
Aug 13 13:15:03 dlsprod sshd[30560]: PAM 2 more authentication failures; logname= uid=0 euid=0 tty=ssh ruser= rhost=122.226.181.166 user=root
Aug 13 13:15:05 dlsprod sshd[30565]: pam_unix(sshd:auth): authentication failure; logname= uid=0 euid=0 tty=ssh ruser= rhost=122.226.181.166 user=root
Aug 13 13:15:07 dlsprod sshd[30565]: Failed password for root from 122.226.181.166 port 37084 ssh2
Aug 13 13:15:12 dlsprod sshd[30565]: message repeated 2 times: [ Failed password for root from 122.226.181.166 port 37084 ssh2]
Aug 13 13:15:12 dlsprod sshd[30565]: Received disconnect from 122.226.181.166 port 37084:11: [preauth]
Aug 13 13:15:12 dlsprod sshd[30565]: Disconnected from 122.226.181.166 port 37084 [preauth]
Aug 13 13:15:12 dlsprod sshd[30565]: PAM 2 more authentication failures; logname= uid=0 euid=0 tty=ssh ruser= rhost=122.226.181.166 user=root
Aug 13 13:15:15 dlsprod sshd[30567]: pam_unix(sshd:auth): authentication failure; logname= uid=0 euid=0 tty=ssh ruser= rhost=122.226.181.166 user=root
Aug 13 13:15:17 dlsprod sshd[30567]: Failed password for root from 122.226.181.166 port 36050 ssh2
Aug 13 13:15:21 dlsprod sshd[30567]: message repeated 2 times: [ Failed password for root from 122.226.181.166 port 36050 ssh2]
Aug 13 13:15:22 dlsprod sshd[30567]: Received disconnect from 122.226.181.166 port 36050:11: [preauth]
Aug 13 13:15:22 dlsprod sshd[30567]: Disconnected from 122.226.181.166 port 36050 [preauth]
Aug 13 13:15:22 dlsprod sshd[30567]: PAM 2 more authentication failures; logname= uid=0 euid=0 tty=ssh ruser= rhost=122.226.181.166 user=root
Aug 13 13:15:24 dlsprod sshd[30569]: pam_unix(sshd:auth): authentication failure; logname= uid=0 euid=0 tty=ssh ruser= rhost=122.226.181.166 user=root
Aug 13 13:15:26 dlsprod sshd[30569]: Failed password for root from 122.226.181.166 port 34268 ssh2
Aug 13 13:15:30 dlsprod sshd[30569]: message repeated 2 times: [ Failed password for root from 122.226.181.166 port 34268 ssh2]
Aug 13 13:15:30 dlsprod sshd[30569]: Received disconnect from 122.226.181.166 port 34268:11: [preauth]
Aug 13 13:15:30 dlsprod sshd[30569]: Disconnected from 122.226.181.166 port 34268 [preauth]
Aug 13 13:15:30 dlsprod sshd[30569]: PAM 2 more authentication failures; logname= uid=0 euid=0 tty=ssh ruser= rhost=122.226.181.166 user=root
Aug 13 13:15:33 dlsprod sshd[30571]: pam_unix(sshd:auth): authentication failure; logname= uid=0 euid=0 tty=ssh ruser= rhost=122.226.181.166 user=root
Aug 13 13:15:35 dlsprod sshd[30571]: Failed password for root from 122.226.181.166 port 56924 ssh2
Aug 13 13:15:40 dlsprod sshd[30571]: message repeated 2 times: [ Failed password for root from 122.226.181.166 port 56924 ssh2]
Aug 13 13:15:40 dlsprod sshd[30571]: Received disconnect from 122.226.181.166 port 56924:11: [preauth]
Aug 13 13:15:40 dlsprod sshd[30571]: Disconnected from 122.226.181.166 port 56924 [preauth]
Aug 13 13:15:40 dlsprod sshd[30571]: PAM 2 more authentication failures; logname= uid=0 euid=0 tty=ssh ruser= rhost=122.226.181.166 user=root
Aug 13 13:15:43 dlsprod sshd[30576]: pam_unix(sshd:auth): authentication failure; logname= uid=0 euid=0 tty=ssh ruser= rhost=122.226.181.166 user=root
Aug 13 13:15:43 dlsprod sshd[30574]: Invalid user zabbix from 124.194.44.219
Aug 13 13:15:43 dlsprod sshd[30574]: input_userauth_request: invalid user zabbix [preauth]
Aug 13 13:15:43 dlsprod sshd[30574]: pam_unix(sshd:auth): check pass; user unknown
Aug 13 13:15:43 dlsprod sshd[30574]: pam_unix(sshd:auth): authentication failure; logname= uid=0 euid=0 tty=ssh ruser= rhost=124.194.44.219
Aug 13 13:15:44 dlsprod sshd[30576]: Failed password for root from 122.226.181.166 port 54472 ssh2
Aug 13 13:15:44 dlsprod sshd[30574]: Failed password for invalid user zabbix from 124.194.44.219 port 51206 ssh2
Aug 13 13:15:45 dlsprod sshd[30574]: Connection closed by 124.194.44.219 port 51206 [preauth]
Aug 13 13:15:47 dlsprod sshd[30576]: Failed password for root from 122.226.181.166 port 54472 ssh2
Aug 13 13:15:49 dlsprod sshd[30576]: Failed password for root from 122.226.181.166 port 54472 ssh2
Aug 13 13:15:50 dlsprod sshd[30576]: Received disconnect from 122.226.181.166 port 54472:11: [preauth]
Aug 13 13:15:50 dlsprod sshd[30576]: Disconnected from 122.226.181.166 port 54472 [preauth]
Aug 13 13:15:50 dlsprod sshd[30576]: PAM 2 more authentication failures; logname= uid=0 euid=0 tty=ssh ruser= rhost=122.226.181.166 user=root
Aug 13 13:15:52 dlsprod sshd[30578]: pam_unix(sshd:auth): authentication failure; logname= uid=0 euid=0 tty=ssh ruser= rhost=122.226.181.166 user=root
Aug 13 13:15:55 dlsprod sshd[30578]: Failed password for root from 122.226.181.166 port 54514 ssh2
Aug 13 13:15:59 dlsprod sshd[30578]: message repeated 2 times: [ Failed password for root from 122.226.181.166 port 54514 ssh2]
Aug 13 13:15:59 dlsprod sshd[30578]: Received disconnect from 122.226.181.166 port 54514:11: [preauth]
Aug 13 13:15:59 dlsprod sshd[30578]: Disconnected from 122.226.181.166 port 54514 [preauth]
Aug 13 13:15:59 dlsprod sshd[30578]: PAM 2 more authentication failures; logname= uid=0 euid=0 tty=ssh ruser= rhost=122.226.181.166 user=root
Aug 13 13:16:02 dlsprod sshd[30580]: pam_unix(sshd:auth): authentication failure; logname= uid=0 euid=0 tty=ssh ruser= rhost=122.226.181.166 user=root
Aug 13 13:16:04 dlsprod sshd[30580]: Failed password for root from 122.226.181.166 port 53148 ssh2
Aug 13 13:16:08 dlsprod sshd[30580]: message repeated 2 times: [ Failed password for root from 122.226.181.166 port 53148 ssh2]
Aug 13 13:16:09 dlsprod sshd[30580]: Received disconnect from 122.226.181.166 port 53148:11: [preauth]
Aug 13 13:16:09 dlsprod sshd[30580]: Disconnected from 122.226.181.166 port 53148 [preauth]
Aug 13 13:16:09 dlsprod sshd[30580]: PAM 2 more authentication failures; logname= uid=0 euid=0 tty=ssh ruser= rhost=122.226.181.166 user=root
Aug 13 13:16:12 dlsprod sshd[30582]: pam_unix(sshd:auth): authentication failure; logname= uid=0 euid=0 tty=ssh ruser= rhost=122.226.181.166 user=root
Aug 13 13:16:14 dlsprod sshd[30582]: Failed password for root from 122.226.181.166 port 48520 ssh2
Aug 13 13:16:18 dlsprod sshd[30582]: message repeated 2 times: [ Failed password for root from 122.226.181.166 port 48520 ssh2]
Aug 13 13:16:19 dlsprod sshd[30582]: Received disconnect from 122.226.181.166 port 48520:11: [preauth]
Aug 13 13:16:19 dlsprod sshd[30582]: Disconnected from 122.226.181.166 port 48520 [preauth]
Aug 13 13:16:19 dlsprod sshd[30582]: PAM 2 more authentication failures; logname= uid=0 euid=0 tty=ssh ruser= rhost=122.226.181.166 user=root
Aug 13 13:16:21 dlsprod sshd[30584]: pam_unix(sshd:auth): authentication failure; logname= uid=0 euid=0 tty=ssh ruser= rhost=122.226.181.166 user=root
Aug 13 13:16:23 dlsprod sshd[30584]: Failed password for root from 122.226.181.166 port 49842 ssh2
Aug 13 13:16:27 dlsprod sshd[30584]: message repeated 2 times: [ Failed password for root from 122.226.181.166 port 49842 ssh2]
Aug 13 13:16:28 dlsprod sshd[30584]: Received disconnect from 122.226.181.166 port 49842:11: [preauth]
Aug 13 13:16:28 dlsprod sshd[30584]: Disconnected from 122.226.181.166 port 49842 [preauth]
Aug 13 13:16:28 dlsprod sshd[30584]: PAM 2 more authentication failures; logname= uid=0 euid=0 tty=ssh ruser= rhost=122.226.181.166 user=root
Aug 13 13:16:30 dlsprod sshd[30586]: pam_unix(sshd:auth): authentication failure; logname= uid=0 euid=0 tty=ssh ruser= rhost=122.226.181.166 user=root
Aug 13 13:16:32 dlsprod sshd[30586]: Failed password for root from 122.226.181.166 port 42146 ssh2
Aug 13 13:16:37 dlsprod sshd[30586]: message repeated 2 times: [ Failed password for root from 122.226.181.166 port 42146 ssh2]
Aug 13 13:16:38 dlsprod sshd[30586]: Received disconnect from 122.226.181.166 port 42146:11: [preauth]
Aug 13 13:16:38 dlsprod sshd[30586]: Disconnected from 122.226.181.166 port 42146 [preauth]
Aug 13 13:16:38 dlsprod sshd[30586]: PAM 2 more authentication failures; logname= uid=0 euid=0 tty=ssh ruser= rhost=122.226.181.166 user=root
Aug 13 13:16:40 dlsprod sshd[30591]: pam_unix(sshd:auth): authentication failure; logname= uid=0 euid=0 tty=ssh ruser= rhost=122.226.181.166 user=root
Aug 13 13:16:43 dlsprod sshd[30591]: Failed password for root from 122.226.181.166 port 39728 ssh2
Aug 13 13:16:48 dlsprod sshd[30591]: message repeated 2 times: [ Failed password for root from 122.226.181.166 port 39728 ssh2]
Aug 13 13:16:48 dlsprod sshd[30591]: Received disconnect from 122.226.181.166 port 39728:11: [preauth]
Aug 13 13:16:48 dlsprod sshd[30591]: Disconnected from 122.226.181.166 port 39728 [preauth]
Aug 13 13:16:48 dlsprod sshd[30591]: PAM 2 more authentication failures; logname= uid=0 euid=0 tty=ssh ruser= rhost=122.226.181.166 user=root
Aug 13 13:16:50 dlsprod sshd[30594]: Invalid user qhsupport from 140.143.151.93
Aug 13 13:16:50 dlsprod sshd[30594]: input_userauth_request: invalid user qhsupport [preauth]
Aug 13 13:16:50 dlsprod sshd[30594]: pam_unix(sshd:auth): check pass; user unknown
Aug 13 13:16:50 dlsprod sshd[30594]: pam_unix(sshd:auth): authentication failure; logname= uid=0 euid=0 tty=ssh ruser= rhost=140.143.151.93
Aug 13 13:16:51 dlsprod sshd[30594]: Failed password for invalid user qhsupport from 140.143.151.93 port 47458 ssh2
Aug 13 13:16:52 dlsprod sshd[30594]: Received disconnect from 140.143.151.93 port 47458:11: Normal Shutdown, Thank you for playing [preauth]
Aug 13 13:16:52 dlsprod sshd[30594]: Disconnected from 140.143.151.93 port 47458 [preauth]
Aug 13 13:17:01 dlsprod CRON[30597]: pam_unix(cron:session): session opened for user root by (uid=0)
Aug 13 13:17:01 dlsprod CRON[30597]: pam_unix(cron:session): session closed for user root
Aug 13 13:24:55 dlsprod sshd[30610]: Invalid user qemu from 203.129.227.15
Aug 13 13:24:55 dlsprod sshd[30610]: input_userauth_request: invalid user qemu [preauth]
Aug 13 13:24:55 dlsprod sshd[30610]: pam_unix(sshd:auth): check pass; user unknown
Aug 13 13:24:55 dlsprod sshd[30610]: pam_unix(sshd:auth): authentication failure; logname= uid=0 euid=0 tty=ssh ruser= rhost=203.129.227.15
Aug 13 13:24:57 dlsprod sshd[30610]: Failed password for invalid user qemu from 203.129.227.15 port 53949 ssh2
Aug 13 13:24:57 dlsprod sshd[30610]: Connection closed by 203.129.227.15 port 53949 [preauth]
Aug 13 13:25:01 dlsprod CRON[30612]: pam_unix(cron:session): session opened for user root by (uid=0)
Aug 13 13:25:01 dlsprod CRON[30612]: pam_unix(cron:session): session closed for user root
Aug 13 13:30:41 dlsprod sshd[30622]: pam_unix(sshd:auth): authentication failure; logname= uid=0 euid=0 tty=ssh ruser= rhost=89.216.45.50 user=share
Aug 13 13:30:43 dlsprod sshd[30622]: Failed password for share from 89.216.45.50 port 4498 ssh2
Aug 13 13:30:43 dlsprod sshd[30622]: Connection closed by 89.216.45.50 port 4498 [preauth]
Aug 13 13:33:01 dlsprod CRON[30632]: pam_unix(cron:session): session opened for user crufo by (uid=0)
Aug 13 13:33:08 dlsprod CRON[30632]: pam_unix(cron:session): session closed for user crufo
Aug 13 13:35:01 dlsprod CRON[30656]: pam_unix(cron:session): session opened for user root by (uid=0)
Aug 13 13:35:01 dlsprod CRON[30656]: pam_unix(cron:session): session closed for user root
Aug 13 13:36:03 dlsprod sshd[30660]: pam_unix(sshd:auth): authentication failure; logname= uid=0 euid=0 tty=ssh ruser= rhost=122.226.181.167 user=root
Aug 13 13:36:05 dlsprod sshd[30660]: Failed password for root from 122.226.181.167 port 60778 ssh2
Aug 13 13:36:09 dlsprod sshd[30660]: message repeated 2 times: [ Failed password for root from 122.226.181.167 port 60778 ssh2]
Aug 13 13:36:09 dlsprod sshd[30660]: Received disconnect from 122.226.181.167 port 60778:11: [preauth]
Aug 13 13:36:09 dlsprod sshd[30660]: Disconnected from 122.226.181.167 port 60778 [preauth]
Aug 13 13:36:09 dlsprod sshd[30660]: PAM 2 more authentication failures; logname= uid=0 euid=0 tty=ssh ruser= rhost=122.226.181.167 user=root
Aug 13 13:36:11 dlsprod sshd[30662]: pam_unix(sshd:auth): authentication failure; logname= uid=0 euid=0 tty=ssh ruser= rhost=122.226.181.167 user=root
Aug 13 13:36:13 dlsprod sshd[30662]: Failed password for root from 122.226.181.167 port 41198 ssh2
Aug 13 13:36:18 dlsprod sshd[30662]: message repeated 2 times: [ Failed password for root from 122.226.181.167 port 41198 ssh2]
Aug 13 13:36:18 dlsprod sshd[30662]: Received disconnect from 122.226.181.167 port 41198:11: [preauth]
Aug 13 13:36:18 dlsprod sshd[30662]: Disconnected from 122.226.181.167 port 41198 [preauth]
Aug 13 13:36:18 dlsprod sshd[30662]: PAM 2 more authentication failures; logname= uid=0 euid=0 tty=ssh ruser= rhost=122.226.181.167 user=root
Aug 13 13:36:20 dlsprod sshd[30664]: pam_unix(sshd:auth): authentication failure; logname= uid=0 euid=0 tty=ssh ruser= rhost=122.226.181.167 user=root
Aug 13 13:36:22 dlsprod sshd[30664]: Failed password for root from 122.226.181.167 port 43000 ssh2
Aug 13 13:36:27 dlsprod sshd[30664]: message repeated 2 times: [ Failed password for root from 122.226.181.167 port 43000 ssh2]
Aug 13 13:36:27 dlsprod sshd[30664]: Received disconnect from 122.226.181.167 port 43000:11: [preauth]
Aug 13 13:36:27 dlsprod sshd[30664]: Disconnected from 122.226.181.167 port 43000 [preauth]
Aug 13 13:36:27 dlsprod sshd[30664]: PAM 2 more authentication failures; logname= uid=0 euid=0 tty=ssh ruser= rhost=122.226.181.167 user=root
Aug 13 13:36:29 dlsprod sshd[30669]: pam_unix(sshd:auth): authentication failure; logname= uid=0 euid=0 tty=ssh ruser= rhost=122.226.181.167 user=root
Aug 13 13:36:31 dlsprod sshd[30669]: Failed password for root from 122.226.181.167 port 47230 ssh2
Aug 13 13:36:36 dlsprod sshd[30669]: message repeated 2 times: [ Failed password for root from 122.226.181.167 port 47230 ssh2]
Aug 13 13:36:37 dlsprod sshd[30669]: Received disconnect from 122.226.181.167 port 47230:11: [preauth]
Aug 13 13:36:37 dlsprod sshd[30669]: Disconnected from 122.226.181.167 port 47230 [preauth]
Aug 13 13:36:37 dlsprod sshd[30669]: PAM 2 more authentication failures; logname= uid=0 euid=0 tty=ssh ruser= rhost=122.226.181.167 user=root
Aug 13 13:36:38 dlsprod sshd[30675]: pam_unix(sshd:auth): authentication failure; logname= uid=0 euid=0 tty=ssh ruser= rhost=122.226.181.167 user=root
Aug 13 13:36:41 dlsprod sshd[30675]: Failed password for root from 122.226.181.167 port 47574 ssh2
Aug 13 13:36:46 dlsprod sshd[30675]: message repeated 2 times: [ Failed password for root from 122.226.181.167 port 47574 ssh2]
Aug 13 13:36:46 dlsprod sshd[30675]: Received disconnect from 122.226.181.167 port 47574:11: [preauth]
Aug 13 13:36:46 dlsprod sshd[30675]: Disconnected from 122.226.181.167 port 47574 [preauth]
Aug 13 13:36:46 dlsprod sshd[30675]: PAM 2 more authentication failures; logname= uid=0 euid=0 tty=ssh ruser= rhost=122.226.181.167 user=root
Aug 13 13:36:48 dlsprod sshd[30677]: pam_unix(sshd:auth): authentication failure; logname= uid=0 euid=0 tty=ssh ruser= rhost=122.226.181.167 user=root
Aug 13 13:36:49 dlsprod sshd[30677]: Failed password for root from 122.226.181.167 port 50080 ssh2
Aug 13 13:36:53 dlsprod sshd[30677]: message repeated 2 times: [ Failed password for root from 122.226.181.167 port 50080 ssh2]
Aug 13 13:36:54 dlsprod sshd[30677]: Received disconnect from 122.226.181.167 port 50080:11: [preauth]
Aug 13 13:36:54 dlsprod sshd[30677]: Disconnected from 122.226.181.167 port 50080 [preauth]
