Aug 12 11:19:20 dlsprod sshd[19368]: Failed password for root from 119.249.54.217 port 50750 ssh2
Aug 12 11:19:21 dlsprod sshd[19370]: pam_unix(sshd:auth): authentication failure; logname= uid=0 euid=0 tty=ssh ruser= rhost=122.226.181.166 user=root
Aug 12 11:19:23 dlsprod sshd[19370]: Failed password for root from 122.226.181.166 port 55866 ssh2
Aug 12 11:19:24 dlsprod sshd[19372]: pam_unix(sshd:auth): authentication failure; logname= uid=0 euid=0 tty=ssh ruser= rhost=122.226.181.167 user=root
Aug 12 11:19:26 dlsprod sshd[19370]: Failed password for root from 122.226.181.166 port 55866 ssh2
Aug 12 11:19:26 dlsprod sshd[19372]: Failed password for root from 122.226.181.167 port 32996 ssh2
Aug 12 11:19:27 dlsprod sshd[19368]: Received disconnect from 119.249.54.217 port 50750:11: [preauth]
Aug 12 11:19:27 dlsprod sshd[19368]: Disconnected from 119.249.54.217 port 50750 [preauth]
Aug 12 11:19:27 dlsprod sshd[19368]: PAM 1 more authentication failure; logname= uid=0 euid=0 tty=ssh ruser= rhost=119.249.54.217 user=root
Aug 12 11:19:28 dlsprod sshd[19370]: Failed password for root from 122.226.181.166 port 55866 ssh2
Aug 12 11:19:28 dlsprod sshd[19372]: Failed password for root from 122.226.181.167 port 32996 ssh2
Aug 12 11:19:28 dlsprod sshd[19370]: Received disconnect from 122.226.181.166 port 55866:11: [preauth]
Aug 12 11:19:28 dlsprod sshd[19370]: Disconnected from 122.226.181.166 port 55866 [preauth]
Aug 12 11:19:28 dlsprod sshd[19370]: PAM 2 more authentication failures; logname= uid=0 euid=0 tty=ssh ruser= rhost=122.226.181.166 user=root
Aug 12 11:19:31 dlsprod sshd[19372]: Failed password for root from 122.226.181.167 port 32996 ssh2
Aug 12 11:19:31 dlsprod sshd[19372]: Received disconnect from 122.226.181.167 port 32996:11: [preauth]
Aug 12 11:19:31 dlsprod sshd[19372]: Disconnected from 122.226.181.167 port 32996 [preauth]
Aug 12 11:19:31 dlsprod sshd[19372]: PAM 2 more authentication failures; logname= uid=0 euid=0 tty=ssh ruser= rhost=122.226.181.167 user=root
Aug 12 11:19:36 dlsprod sshd[19375]: pam_unix(sshd:auth): authentication failure; logname= uid=0 euid=0 tty=ssh ruser= rhost=122.226.181.166 user=root
Aug 12 11:19:38 dlsprod sshd[19377]: pam_unix(sshd:auth): authentication failure; logname= uid=0 euid=0 tty=ssh ruser= rhost=122.226.181.167 user=root
Aug 12 11:19:39 dlsprod sshd[19379]: pam_unix(sshd:auth): authentication failure; logname= uid=0 euid=0 tty=ssh ruser= rhost=119.249.54.217 user=root
Aug 12 11:19:39 dlsprod sshd[19375]: Failed password for root from 122.226.181.166 port 33342 ssh2
Aug 12 11:19:40 dlsprod sshd[19377]: Failed password for root from 122.226.181.167 port 57674 ssh2
Aug 12 11:19:41 dlsprod sshd[19379]: Failed password for root from 119.249.54.217 port 55316 ssh2
Aug 12 11:19:43 dlsprod sshd[19375]: Failed password for root from 122.226.181.166 port 33342 ssh2
Aug 12 11:19:43 dlsprod sshd[19377]: Failed password for root from 122.226.181.167 port 57674 ssh2
Aug 12 11:19:46 dlsprod sshd[19377]: Failed password for root from 122.226.181.167 port 57674 ssh2
Aug 12 11:19:46 dlsprod sshd[19375]: Failed password for root from 122.226.181.166 port 33342 ssh2
Aug 12 11:19:46 dlsprod sshd[19377]: Received disconnect from 122.226.181.167 port 57674:11: [preauth]
Aug 12 11:19:46 dlsprod sshd[19377]: Disconnected from 122.226.181.167 port 57674 [preauth]
Aug 12 11:19:46 dlsprod sshd[19377]: PAM 2 more authentication failures; logname= uid=0 euid=0 tty=ssh ruser= rhost=122.226.181.167 user=root
Aug 12 11:19:46 dlsprod sshd[19375]: Received disconnect from 122.226.181.166 port 33342:11: [preauth]
Aug 12 11:19:46 dlsprod sshd[19375]: Disconnected from 122.226.181.166 port 33342 [preauth]
Aug 12 11:19:46 dlsprod sshd[19375]: PAM 2 more authentication failures; logname= uid=0 euid=0 tty=ssh ruser= rhost=122.226.181.166 user=root
Aug 12 11:19:49 dlsprod sshd[19379]: Received disconnect from 119.249.54.217 port 55316:11: [preauth]
Aug 12 11:19:49 dlsprod sshd[19379]: Disconnected from 119.249.54.217 port 55316 [preauth]
Aug 12 11:19:49 dlsprod sshd[19381]: pam_unix(sshd:auth): authentication failure; logname= uid=0 euid=0 tty=ssh ruser= rhost=122.226.181.166 user=root
Aug 12 11:19:51 dlsprod sshd[19381]: Failed password for root from 122.226.181.166 port 53918 ssh2
Aug 12 11:19:52 dlsprod sshd[19383]: pam_unix(sshd:auth): authentication failure; logname= uid=0 euid=0 tty=ssh ruser= rhost=122.226.181.167 user=root
Aug 12 11:19:55 dlsprod sshd[19383]: Failed password for root from 122.226.181.167 port 54252 ssh2
Aug 12 11:19:55 dlsprod sshd[19381]: Failed password for root from 122.226.181.166 port 53918 ssh2
Aug 12 11:19:56 dlsprod sshd[19385]: pam_unix(sshd:auth): authentication failure; logname= uid=0 euid=0 tty=ssh ruser= rhost=119.249.54.217 user=root
Aug 12 11:19:57 dlsprod sshd[19383]: Failed password for root from 122.226.181.167 port 54252 ssh2
Aug 12 11:19:57 dlsprod sshd[19381]: Failed password for root from 122.226.181.166 port 53918 ssh2
Aug 12 11:19:57 dlsprod sshd[19385]: Failed password for root from 119.249.54.217 port 44281 ssh2
Aug 12 11:19:58 dlsprod sshd[19381]: Received disconnect from 122.226.181.166 port 53918:11: [preauth]
Aug 12 11:19:58 dlsprod sshd[19381]: Disconnected from 122.226.181.166 port 53918 [preauth]
Aug 12 11:19:58 dlsprod sshd[19381]: PAM 2 more authentication failures; logname= uid=0 euid=0 tty=ssh ruser= rhost=122.226.181.166 user=root
Aug 12 11:19:58 dlsprod sshd[19383]: Failed password for root from 122.226.181.167 port 54252 ssh2
Aug 12 11:19:59 dlsprod sshd[19383]: Received disconnect from 122.226.181.167 port 54252:11: [preauth]
Aug 12 11:19:59 dlsprod sshd[19383]: Disconnected from 122.226.181.167 port 54252 [preauth]
Aug 12 11:19:59 dlsprod sshd[19383]: PAM 2 more authentication failures; logname= uid=0 euid=0 tty=ssh ruser= rhost=122.226.181.167 user=root
Aug 12 11:20:01 dlsprod sshd[19385]: Failed password for root from 119.249.54.217 port 44281 ssh2
Aug 12 11:20:03 dlsprod sshd[19385]: Failed password for root from 119.249.54.217 port 44281 ssh2
Aug 12 11:20:03 dlsprod sshd[19387]: pam_unix(sshd:auth): authentication failure; logname= uid=0 euid=0 tty=ssh ruser= rhost=122.226.181.167 user=root
Aug 12 11:20:06 dlsprod sshd[19387]: Failed password for root from 122.226.181.167 port 36090 ssh2
Aug 12 11:20:11 dlsprod sshd[19385]: Received disconnect from 119.249.54.217 port 44281:11: [preauth]
Aug 12 11:20:11 dlsprod sshd[19385]: Disconnected from 119.249.54.217 port 44281 [preauth]
Aug 12 11:20:11 dlsprod sshd[19385]: PAM 2 more authentication failures; logname= uid=0 euid=0 tty=ssh ruser= rhost=119.249.54.217 user=root
Aug 12 11:20:13 dlsprod sshd[19387]: Failed password for root from 122.226.181.167 port 36090 ssh2
Aug 12 11:20:15 dlsprod sshd[19387]: Failed password for root from 122.226.181.167 port 36090 ssh2
Aug 12 11:20:15 dlsprod sshd[19387]: Received disconnect from 122.226.181.167 port 36090:11: [preauth]
Aug 12 11:20:15 dlsprod sshd[19387]: Disconnected from 122.226.181.167 port 36090 [preauth]
Aug 12 11:20:15 dlsprod sshd[19387]: PAM 2 more authentication failures; logname= uid=0 euid=0 tty=ssh ruser= rhost=122.226.181.167 user=root
Aug 12 11:20:15 dlsprod sshd[19389]: pam_unix(sshd:auth): authentication failure; logname= uid=0 euid=0 tty=ssh ruser= rhost=122.226.181.166 user=root
Aug 12 11:20:16 dlsprod sshd[19391]: pam_unix(sshd:auth): authentication failure; logname= uid=0 euid=0 tty=ssh ruser= rhost=119.249.54.217 user=root
Aug 12 11:20:18 dlsprod sshd[19389]: Failed password for root from 122.226.181.166 port 58064 ssh2
Aug 12 11:20:18 dlsprod sshd[19391]: Failed password for root from 119.249.54.217 port 48544 ssh2
Aug 12 11:20:20 dlsprod sshd[19389]: Failed password for root from 122.226.181.166 port 58064 ssh2
Aug 12 11:20:21 dlsprod sshd[19393]: pam_unix(sshd:auth): authentication failure; logname= uid=0 euid=0 tty=ssh ruser= rhost=122.226.181.167 user=root
Aug 12 11:20:21 dlsprod sshd[19391]: Failed password for root from 119.249.54.217 port 48544 ssh2
Aug 12 11:20:22 dlsprod sshd[19393]: Failed password for root from 122.226.181.167 port 59458 ssh2
Aug 12 11:20:22 dlsprod sshd[19389]: Failed password for root from 122.226.181.166 port 58064 ssh2
Aug 12 11:20:25 dlsprod sshd[19393]: Failed password for root from 122.226.181.167 port 59458 ssh2
Aug 12 11:20:25 dlsprod sshd[19389]: Received disconnect from 122.226.181.166 port 58064:11: [preauth]
Aug 12 11:20:25 dlsprod sshd[19389]: Disconnected from 122.226.181.166 port 58064 [preauth]
Aug 12 11:20:25 dlsprod sshd[19389]: PAM 2 more authentication failures; logname= uid=0 euid=0 tty=ssh ruser= rhost=122.226.181.166 user=root
Aug 12 11:20:27 dlsprod sshd[19393]: Failed password for root from 122.226.181.167 port 59458 ssh2
Aug 12 11:20:27 dlsprod sshd[19393]: Received disconnect from 122.226.181.167 port 59458:11: [preauth]
Aug 12 11:20:27 dlsprod sshd[19393]: Disconnected from 122.226.181.167 port 59458 [preauth]
Aug 12 11:20:27 dlsprod sshd[19393]: PAM 2 more authentication failures; logname= uid=0 euid=0 tty=ssh ruser= rhost=122.226.181.167 user=root
Aug 12 11:20:29 dlsprod sshd[19391]: Received disconnect from 119.249.54.217 port 48544:11: [preauth]
Aug 12 11:20:29 dlsprod sshd[19391]: Disconnected from 119.249.54.217 port 48544 [preauth]
Aug 12 11:20:29 dlsprod sshd[19391]: PAM 1 more authentication failure; logname= uid=0 euid=0 tty=ssh ruser= rhost=119.249.54.217 user=root
Aug 12 11:20:35 dlsprod sshd[19396]: pam_unix(sshd:auth): authentication failure; logname= uid=0 euid=0 tty=ssh ruser= rhost=122.226.181.167 user=root
Aug 12 11:20:37 dlsprod sshd[19396]: Failed password for root from 122.226.181.167 port 60638 ssh2
Aug 12 11:20:40 dlsprod sshd[19398]: pam_unix(sshd:auth): authentication failure; logname= uid=0 euid=0 tty=ssh ruser= rhost=122.226.181.166 user=root
Aug 12 11:20:40 dlsprod sshd[19396]: Failed password for root from 122.226.181.167 port 60638 ssh2
Aug 12 11:20:41 dlsprod sshd[19398]: Failed password for root from 122.226.181.166 port 33990 ssh2
Aug 12 11:20:42 dlsprod sshd[19396]: Failed password for root from 122.226.181.167 port 60638 ssh2
Aug 12 11:20:42 dlsprod sshd[19396]: Received disconnect from 122.226.181.167 port 60638:11: [preauth]
Aug 12 11:20:42 dlsprod sshd[19396]: Disconnected from 122.226.181.167 port 60638 [preauth]
Aug 12 11:20:42 dlsprod sshd[19396]: PAM 2 more authentication failures; logname= uid=0 euid=0 tty=ssh ruser= rhost=122.226.181.167 user=root
Aug 12 11:20:44 dlsprod sshd[19398]: Failed password for root from 122.226.181.166 port 33990 ssh2
Aug 12 11:20:48 dlsprod sshd[19398]: Failed password for root from 122.226.181.166 port 33990 ssh2
Aug 12 11:20:48 dlsprod sshd[19398]: Received disconnect from 122.226.181.166 port 33990:11: [preauth]
Aug 12 11:20:48 dlsprod sshd[19398]: Disconnected from 122.226.181.166 port 33990 [preauth]
Aug 12 11:20:48 dlsprod sshd[19398]: PAM 2 more authentication failures; logname= uid=0 euid=0 tty=ssh ruser= rhost=122.226.181.166 user=root
Aug 12 11:21:01 dlsprod sshd[19400]: pam_unix(sshd:auth): authentication failure; logname= uid=0 euid=0 tty=ssh ruser= rhost=122.226.181.166 user=root
Aug 12 11:21:03 dlsprod sshd[19400]: Failed password for root from 122.226.181.166 port 57948 ssh2
Aug 12 11:21:11 dlsprod sshd[19400]: Received disconnect from 122.226.181.166 port 57948:11: [preauth]
Aug 12 11:21:11 dlsprod sshd[19400]: Disconnected from 122.226.181.166 port 57948 [preauth]
Aug 12 11:23:09 dlsprod sshd[19404]: Invalid user test5 from 119.28.77.70
Aug 12 11:23:09 dlsprod sshd[19404]: input_userauth_request: invalid user test5 [preauth]
Aug 12 11:23:09 dlsprod sshd[19404]: pam_unix(sshd:auth): check pass; user unknown
Aug 12 11:23:09 dlsprod sshd[19404]: pam_unix(sshd:auth): authentication failure; logname= uid=0 euid=0 tty=ssh ruser= rhost=119.28.77.70
Aug 12 11:23:11 dlsprod sshd[19404]: Failed password for invalid user test5 from 119.28.77.70 port 44122 ssh2
Aug 12 11:23:11 dlsprod sshd[19404]: Received disconnect from 119.28.77.70 port 44122:11: Normal Shutdown, Thank you for playing [preauth]
Aug 12 11:23:11 dlsprod sshd[19404]: Disconnected from 119.28.77.70 port 44122 [preauth]
Aug 12 11:24:04 dlsprod sshd[19407]: Connection closed by 159.65.70.147 port 38888 [preauth]
Aug 12 11:25:01 dlsprod CRON[19411]: pam_unix(cron:session): session opened for user root by (uid=0)
Aug 12 11:25:01 dlsprod CRON[19411]: pam_unix(cron:session): session closed for user root
Aug 12 11:26:43 dlsprod sshd[19416]: Invalid user admin from 194.78.59.98
Aug 12 11:26:43 dlsprod sshd[19416]: input_userauth_request: invalid user admin [preauth]
Aug 12 11:26:43 dlsprod sshd[19416]: pam_unix(sshd:auth): check pass; user unknown
Aug 12 11:26:43 dlsprod sshd[19416]: pam_unix(sshd:auth): authentication failure; logname= uid=0 euid=0 tty=ssh ruser= rhost=194.78.59.98
Aug 12 11:26:45 dlsprod sshd[19416]: Failed password for invalid user admin from 194.78.59.98 port 43892 ssh2
Aug 12 11:26:45 dlsprod sshd[19416]: Received disconnect from 194.78.59.98 port 43892:11: Normal Shutdown, Thank you for playing [preauth]
Aug 12 11:26:45 dlsprod sshd[19416]: Disconnected from 194.78.59.98 port 43892 [preauth]
Aug 12 11:29:27 dlsprod sshd[19422]: Invalid user tech from 46.148.192.41
Aug 12 11:29:27 dlsprod sshd[19422]: input_userauth_request: invalid user tech [preauth]
Aug 12 11:29:27 dlsprod sshd[19422]: pam_unix(sshd:auth): check pass; user unknown
Aug 12 11:29:27 dlsprod sshd[19422]: pam_unix(sshd:auth): authentication failure; logname= uid=0 euid=0 tty=ssh ruser= rhost=46.148.192.41
Aug 12 11:29:28 dlsprod sshd[19422]: Failed password for invalid user tech from 46.148.192.41 port 41768 ssh2
Aug 12 11:29:29 dlsprod sshd[19422]: Connection closed by 46.148.192.41 port 41768 [preauth]
Aug 12 11:30:04 dlsprod sshd[19424]: Invalid user gitlab from 151.182.106.5
Aug 12 11:30:04 dlsprod sshd[19424]: input_userauth_request: invalid user gitlab [preauth]
Aug 12 11:30:04 dlsprod sshd[19424]: pam_unix(sshd:auth): check pass; user unknown
Aug 12 11:30:04 dlsprod sshd[19424]: pam_unix(sshd:auth): authentication failure; logname= uid=0 euid=0 tty=ssh ruser= rhost=151.182.106.5
Aug 12 11:30:06 dlsprod sshd[19424]: Failed password for invalid user gitlab from 151.182.106.5 port 58828 ssh2
Aug 12 11:30:06 dlsprod sshd[19424]: Connection closed by 151.182.106.5 port 58828 [preauth]
Aug 12 11:33:01 dlsprod CRON[19437]: pam_unix(cron:session): session opened for user crufo by (uid=0)
Aug 12 11:33:08 dlsprod CRON[19437]: pam_unix(cron:session): session closed for user crufo
Aug 12 11:35:01 dlsprod CRON[19444]: pam_unix(cron:session): session opened for user root by (uid=0)
Aug 12 11:35:01 dlsprod CRON[19444]: pam_unix(cron:session): session closed for user root
Aug 12 11:36:21 dlsprod sshd[19449]: pam_unix(sshd:auth): authentication failure; logname= uid=0 euid=0 tty=ssh ruser= rhost=221.194.44.232 user=root
Aug 12 11:36:23 dlsprod sshd[19449]: Failed password for root from 221.194.44.232 port 52518 ssh2
Aug 12 11:36:28 dlsprod sshd[19449]: message repeated 2 times: [ Failed password for root from 221.194.44.232 port 52518 ssh2]
Aug 12 11:36:28 dlsprod sshd[19449]: Received disconnect from 221.194.44.232 port 52518:11: [preauth]
Aug 12 11:36:28 dlsprod sshd[19449]: Disconnected from 221.194.44.232 port 52518 [preauth]
Aug 12 11:36:28 dlsprod sshd[19449]: PAM 2 more authentication failures; logname= uid=0 euid=0 tty=ssh ruser= rhost=221.194.44.232 user=root
Aug 12 11:36:34 dlsprod sshd[19452]: pam_unix(sshd:auth): authentication failure; logname= uid=0 euid=0 tty=ssh ruser= rhost=221.194.44.232 user=root
Aug 12 11:36:35 dlsprod sshd[19452]: Failed password for root from 221.194.44.232 port 34810 ssh2
Aug 12 11:36:39 dlsprod sshd[19452]: message repeated 2 times: [ Failed password for root from 221.194.44.232 port 34810 ssh2]
Aug 12 11:36:39 dlsprod sshd[19452]: Received disconnect from 221.194.44.232 port 34810:11: [preauth]
Aug 12 11:36:39 dlsprod sshd[19452]: Disconnected from 221.194.44.232 port 34810 [preauth]
Aug 12 11:36:39 dlsprod sshd[19452]: PAM 2 more authentication failures; logname= uid=0 euid=0 tty=ssh ruser= rhost=221.194.44.232 user=root
Aug 12 11:36:47 dlsprod sshd[19454]: pam_unix(sshd:auth): authentication failure; logname= uid=0 euid=0 tty=ssh ruser= rhost=221.194.44.232 user=root
Aug 12 11:36:49 dlsprod sshd[19454]: Failed password for root from 221.194.44.232 port 46803 ssh2
Aug 12 11:36:55 dlsprod sshd[19454]: message repeated 2 times: [ Failed password for root from 221.194.44.232 port 46803 ssh2]
Aug 12 11:36:56 dlsprod sshd[19454]: Received disconnect from 221.194.44.232 port 46803:11: [preauth]
Aug 12 11:36:56 dlsprod sshd[19454]: Disconnected from 221.194.44.232 port 46803 [preauth]
Aug 12 11:36:56 dlsprod sshd[19454]: PAM 2 more authentication failures; logname= uid=0 euid=0 tty=ssh ruser= rhost=221.194.44.232 user=root
Aug 12 11:37:04 dlsprod sshd[19456]: pam_unix(sshd:auth): authentication failure; logname= uid=0 euid=0 tty=ssh ruser= rhost=221.194.44.232 user=root
Aug 12 11:37:06 dlsprod sshd[19456]: Failed password for root from 221.194.44.232 port 34899 ssh2
Aug 12 11:37:11 dlsprod sshd[19456]: message repeated 2 times: [ Failed password for root from 221.194.44.232 port 34899 ssh2]
Aug 12 11:37:11 dlsprod sshd[19456]: Received disconnect from 221.194.44.232 port 34899:11: [preauth]
Aug 12 11:37:11 dlsprod sshd[19456]: Disconnected from 221.194.44.232 port 34899 [preauth]
Aug 12 11:37:11 dlsprod sshd[19456]: PAM 2 more authentication failures; logname= uid=0 euid=0 tty=ssh ruser= rhost=221.194.44.232 user=root
Aug 12 11:37:16 dlsprod sshd[19458]: pam_unix(sshd:auth): authentication failure; logname= uid=0 euid=0 tty=ssh ruser= rhost=221.194.44.232 user=root
Aug 12 11:37:18 dlsprod sshd[19458]: Failed password for root from 221.194.44.232 port 37545 ssh2
Aug 12 11:37:24 dlsprod sshd[19458]: message repeated 2 times: [ Failed password for root from 221.194.44.232 port 37545 ssh2]
Aug 12 11:37:24 dlsprod sshd[19458]: Received disconnect from 221.194.44.232 port 37545:11: [preauth]
Aug 12 11:37:24 dlsprod sshd[19458]: Disconnected from 221.194.44.232 port 37545 [preauth]
Aug 12 11:37:24 dlsprod sshd[19458]: PAM 2 more authentication failures; logname= uid=0 euid=0 tty=ssh ruser= rhost=221.194.44.232 user=root
Aug 12 11:37:36 dlsprod sshd[19461]: pam_unix(sshd:auth): authentication failure; logname= uid=0 euid=0 tty=ssh ruser= rhost=221.194.44.232 user=root
Aug 12 11:37:38 dlsprod sshd[19461]: Failed password for root from 221.194.44.232 port 50688 ssh2
Aug 12 11:37:42 dlsprod sshd[19461]: message repeated 2 times: [ Failed password for root from 221.194.44.232 port 50688 ssh2]
Aug 12 11:37:43 dlsprod sshd[19461]: Received disconnect from 221.194.44.232 port 50688:11: [preauth]
Aug 12 11:37:43 dlsprod sshd[19461]: Disconnected from 221.194.44.232 port 50688 [preauth]
Aug 12 11:37:43 dlsprod sshd[19461]: PAM 2 more authentication failures; logname= uid=0 euid=0 tty=ssh ruser= rhost=221.194.44.232 user=root
Aug 12 11:37:47 dlsprod sshd[19463]: pam_unix(sshd:auth): authentication failure; logname= uid=0 euid=0 tty=ssh ruser= rhost=221.194.44.232 user=root
Aug 12 11:37:49 dlsprod sshd[19463]: Failed password for root from 221.194.44.232 port 45257 ssh2
Aug 12 11:37:53 dlsprod sshd[19463]: message repeated 2 times: [ Failed password for root from 221.194.44.232 port 45257 ssh2]
Aug 12 11:37:53 dlsprod sshd[19463]: Received disconnect from 221.194.44.232 port 45257:11: [preauth]
Aug 12 11:37:53 dlsprod sshd[19463]: Disconnected from 221.194.44.232 port 45257 [preauth]
Aug 12 11:37:53 dlsprod sshd[19463]: PAM 2 more authentication failures; logname= uid=0 euid=0 tty=ssh ruser= rhost=221.194.44.232 user=root
Aug 12 11:38:03 dlsprod sshd[19465]: pam_unix(sshd:auth): authentication failure; logname= uid=0 euid=0 tty=ssh ruser= rhost=221.194.44.232 user=root
Aug 12 11:38:06 dlsprod sshd[19465]: Failed password for root from 221.194.44.232 port 50370 ssh2
Aug 12 11:38:11 dlsprod sshd[19465]: message repeated 2 times: [ Failed password for root from 221.194.44.232 port 50370 ssh2]
Aug 12 11:38:11 dlsprod sshd[19465]: Received disconnect from 221.194.44.232 port 50370:11: [preauth]
Aug 12 11:38:11 dlsprod sshd[19465]: Disconnected from 221.194.44.232 port 50370 [preauth]
Aug 12 11:38:11 dlsprod sshd[19465]: PAM 2 more authentication failures; logname= uid=0 euid=0 tty=ssh ruser= rhost=221.194.44.232 user=root
Aug 12 11:38:15 dlsprod sshd[19467]: pam_unix(sshd:auth): authentication failure; logname= uid=0 euid=0 tty=ssh ruser= rhost=221.194.44.232 user=root
Aug 12 11:38:17 dlsprod sshd[19467]: Failed password for root from 221.194.44.232 port 43289 ssh2
Aug 12 11:38:22 dlsprod sshd[19467]: message repeated 2 times: [ Failed password for root from 221.194.44.232 port 43289 ssh2]
Aug 12 11:38:22 dlsprod sshd[19467]: Received disconnect from 221.194.44.232 port 43289:11: [preauth]
Aug 12 11:38:22 dlsprod sshd[19467]: Disconnected from 221.194.44.232 port 43289 [preauth]
Aug 12 11:38:22 dlsprod sshd[19467]: PAM 2 more authentication failures; logname= uid=0 euid=0 tty=ssh ruser= rhost=221.194.44.232 user=root
Aug 12 11:38:25 dlsprod sshd[19470]: pam_unix(sshd:auth): authentication failure; logname= uid=0 euid=0 tty=ssh ruser= rhost=221.194.44.232 user=root
Aug 12 11:38:27 dlsprod sshd[19470]: Failed password for root from 221.194.44.232 port 56263 ssh2
Aug 12 11:38:33 dlsprod sshd[19470]: message repeated 2 times: [ Failed password for root from 221.194.44.232 port 56263 ssh2]
Aug 12 11:38:34 dlsprod sshd[19470]: Received disconnect from 221.194.44.232 port 56263:11: [preauth]
Aug 12 11:38:34 dlsprod sshd[19470]: Disconnected from 221.194.44.232 port 56263 [preauth]
Aug 12 11:38:34 dlsprod sshd[19470]: PAM 2 more authentication failures; logname= uid=0 euid=0 tty=ssh ruser= rhost=221.194.44.232 user=root
Aug 12 11:38:40 dlsprod sshd[19472]: pam_unix(sshd:auth): authentication failure; logname= uid=0 euid=0 tty=ssh ruser= rhost=221.194.44.232 user=root
Aug 12 11:38:41 dlsprod sshd[19472]: Failed password for root from 221.194.44.232 port 45643 ssh2
Aug 12 11:38:46 dlsprod sshd[19472]: message repeated 2 times: [ Failed password for root from 221.194.44.232 port 45643 ssh2]
Aug 12 11:38:47 dlsprod sshd[19472]: Received disconnect from 221.194.44.232 port 45643:11: [preauth]
Aug 12 11:38:47 dlsprod sshd[19472]: Disconnected from 221.194.44.232 port 45643 [preauth]
Aug 12 11:38:47 dlsprod sshd[19472]: PAM 2 more authentication failures; logname= uid=0 euid=0 tty=ssh ruser= rhost=221.194.44.232 user=root
Aug 12 11:38:51 dlsprod sshd[19474]: pam_unix(sshd:auth): authentication failure; logname= uid=0 euid=0 tty=ssh ruser= rhost=221.194.44.232 user=root
Aug 12 11:38:53 dlsprod sshd[19474]: Failed password for root from 221.194.44.232 port 41350 ssh2
Aug 12 11:38:58 dlsprod sshd[19474]: message repeated 2 times: [ Failed password for root from 221.194.44.232 port 41350 ssh2]
Aug 12 11:38:58 dlsprod sshd[19474]: Received disconnect from 221.194.44.232 port 41350:11: [preauth]
Aug 12 11:38:58 dlsprod sshd[19474]: Disconnected from 221.194.44.232 port 41350 [preauth]
Aug 12 11:38:58 dlsprod sshd[19474]: PAM 2 more authentication failures; logname= uid=0 euid=0 tty=ssh ruser= rhost=221.194.44.232 user=root
Aug 12 11:39:01 dlsprod CRON[19478]: pam_unix(cron:session): session opened for user root by (uid=0)
Aug 12 11:39:01 dlsprod CRON[19478]: pam_unix(cron:session): session closed for user root
Aug 12 11:39:01 dlsprod sshd[19476]: pam_unix(sshd:auth): authentication failure; logname= uid=0 euid=0 tty=ssh ruser= rhost=221.194.44.232 user=root
Aug 12 11:39:04 dlsprod sshd[19476]: Failed password for root from 221.194.44.232 port 57344 ssh2
Aug 12 11:39:08 dlsprod sshd[19476]: message repeated 2 times: [ Failed password for root from 221.194.44.232 port 57344 ssh2]
Aug 12 11:39:08 dlsprod sshd[19476]: Received disconnect from 221.194.44.232 port 57344:11: [preauth]
Aug 12 11:39:08 dlsprod sshd[19476]: Disconnected from 221.194.44.232 port 57344 [preauth]
Aug 12 11:39:08 dlsprod sshd[19476]: PAM 2 more authentication failures; logname= uid=0 euid=0 tty=ssh ruser= rhost=221.194.44.232 user=root
Aug 12 11:39:14 dlsprod sshd[19520]: pam_unix(sshd:auth): authentication failure; logname= uid=0 euid=0 tty=ssh ruser= rhost=221.194.44.232 user=root
Aug 12 11:39:15 dlsprod sshd[19520]: Failed password for root from 221.194.44.232 port 39645 ssh2
Aug 12 11:39:21 dlsprod sshd[19520]: message repeated 2 times: [ Failed password for root from 221.194.44.232 port 39645 ssh2]
Aug 12 11:39:21 dlsprod sshd[19520]: Received disconnect from 221.194.44.232 port 39645:11: [preauth]
Aug 12 11:39:21 dlsprod sshd[19520]: Disconnected from 221.194.44.232 port 39645 [preauth]
Aug 12 11:39:21 dlsprod sshd[19520]: PAM 2 more authentication failures; logname= uid=0 euid=0 tty=ssh ruser= rhost=221.194.44.232 user=root
Aug 12 11:39:29 dlsprod sshd[19523]: pam_unix(sshd:auth): authentication failure; logname= uid=0 euid=0 tty=ssh ruser= rhost=221.194.44.232 user=root
Aug 12 11:39:32 dlsprod sshd[19523]: Failed password for root from 221.194.44.232 port 52934 ssh2
Aug 12 11:39:37 dlsprod sshd[19523]: message repeated 2 times: [ Failed password for root from 221.194.44.232 port 52934 ssh2]
Aug 12 11:39:37 dlsprod sshd[19523]: Received disconnect from 221.194.44.232 port 52934:11: [preauth]
Aug 12 11:39:37 dlsprod sshd[19523]: Disconnected from 221.194.44.232 port 52934 [preauth]
Aug 12 11:39:37 dlsprod sshd[19523]: PAM 2 more authentication failures; logname= uid=0 euid=0 tty=ssh ruser= rhost=221.194.44.232 user=root
Aug 12 11:39:52 dlsprod sshd[19525]: pam_unix(sshd:auth): authentication failure; logname= uid=0 euid=0 tty=ssh ruser= rhost=221.194.44.232 user=root
Aug 12 11:39:54 dlsprod sshd[19525]: Failed password for root from 221.194.44.232 port 56737 ssh2
Aug 12 11:39:59 dlsprod sshd[19525]: message repeated 2 times: [ Failed password for root from 221.194.44.232 port 56737 ssh2]
Aug 12 11:40:00 dlsprod sshd[19525]: Received disconnect from 221.194.44.232 port 56737:11: [preauth]
Aug 12 11:40:00 dlsprod sshd[19525]: Disconnected from 221.194.44.232 port 56737 [preauth]
Aug 12 11:40:00 dlsprod sshd[19525]: PAM 2 more authentication failures; logname= uid=0 euid=0 tty=ssh ruser= rhost=221.194.44.232 user=root
Aug 12 11:40:43 dlsprod sshd[19528]: pam_unix(sshd:auth): authentication failure; logname= uid=0 euid=0 tty=ssh ruser= rhost=115.238.245.2 user=root
Aug 12 11:40:44 dlsprod sshd[19528]: Failed password for root from 115.238.245.2 port 40290 ssh2
Aug 12 11:40:49 dlsprod sshd[19528]: message repeated 2 times: [ Failed password for root from 115.238.245.2 port 40290 ssh2]
Aug 12 11:40:49 dlsprod sshd[19528]: Received disconnect from 115.238.245.2 port 40290:11: [preauth]
Aug 12 11:40:49 dlsprod sshd[19528]: Disconnected from 115.238.245.2 port 40290 [preauth]
Aug 12 11:40:49 dlsprod sshd[19528]: PAM 2 more authentication failures; logname= uid=0 euid=0 tty=ssh ruser= rhost=115.238.245.2 user=root
Aug 12 11:41:04 dlsprod sshd[19530]: pam_unix(sshd:auth): authentication failure; logname= uid=0 euid=0 tty=ssh ruser= rhost=115.238.245.2 user=root
Aug 12 11:41:06 dlsprod sshd[19530]: Failed password for root from 115.238.245.2 port 34159 ssh2
Aug 12 11:41:10 dlsprod sshd[19530]: message repeated 2 times: [ Failed password for root from 115.238.245.2 port 34159 ssh2]
Aug 12 11:41:11 dlsprod sshd[19530]: Received disconnect from 115.238.245.2 port 34159:11: [preauth]
Aug 12 11:41:11 dlsprod sshd[19530]: Disconnected from 115.238.245.2 port 34159 [preauth]
Aug 12 11:41:11 dlsprod sshd[19530]: PAM 2 more authentication failures; logname= uid=0 euid=0 tty=ssh ruser= rhost=115.238.245.2 user=root
Aug 12 11:41:14 dlsprod sshd[19532]: pam_unix(sshd:auth): authentication failure; logname= uid=0 euid=0 tty=ssh ruser= rhost=115.238.245.2 user=root
Aug 12 11:41:17 dlsprod sshd[19532]: Failed password for root from 115.238.245.2 port 54532 ssh2
Aug 12 11:41:21 dlsprod sshd[19532]: message repeated 2 times: [ Failed password for root from 115.238.245.2 port 54532 ssh2]
Aug 12 11:41:21 dlsprod sshd[19532]: Received disconnect from 115.238.245.2 port 54532:11: [preauth]
Aug 12 11:41:21 dlsprod sshd[19532]: Disconnected from 115.238.245.2 port 54532 [preauth]
Aug 12 11:41:21 dlsprod sshd[19532]: PAM 2 more authentication failures; logname= uid=0 euid=0 tty=ssh ruser= rhost=115.238.245.2 user=root
Aug 12 11:41:37 dlsprod sshd[19536]: pam_unix(sshd:auth): authentication failure; logname= uid=0 euid=0 tty=ssh ruser= rhost=115.238.245.2 user=root
Aug 12 11:41:39 dlsprod sshd[19536]: Failed password for root from 115.238.245.2 port 48895 ssh2
Aug 12 11:41:44 dlsprod sshd[19536]: message repeated 2 times: [ Failed password for root from 115.238.245.2 port 48895 ssh2]
Aug 12 11:41:44 dlsprod sshd[19536]: Received disconnect from 115.238.245.2 port 48895:11: [preauth]
Aug 12 11:41:44 dlsprod sshd[19536]: Disconnected from 115.238.245.2 port 48895 [preauth]
Aug 12 11:41:44 dlsprod sshd[19536]: PAM 2 more authentication failures; logname= uid=0 euid=0 tty=ssh ruser= rhost=115.238.245.2 user=root
Aug 12 11:41:54 dlsprod sshd[19538]: pam_unix(sshd:auth): authentication failure; logname= uid=0 euid=0 tty=ssh ruser= rhost=115.238.245.2 user=root
Aug 12 11:41:56 dlsprod sshd[19538]: Failed password for root from 115.238.245.2 port 42757 ssh2
Aug 12 11:42:00 dlsprod sshd[19538]: message repeated 2 times: [ Failed password for root from 115.238.245.2 port 42757 ssh2]
Aug 12 11:42:01 dlsprod sshd[19538]: Received disconnect from 115.238.245.2 port 42757:11: [preauth]
Aug 12 11:42:01 dlsprod sshd[19538]: Disconnected from 115.238.245.2 port 42757 [preauth]
Aug 12 11:42:01 dlsprod sshd[19538]: PAM 2 more authentication failures; logname= uid=0 euid=0 tty=ssh ruser= rhost=115.238.245.2 user=root
Aug 12 11:42:07 dlsprod sshd[19540]: pam_unix(sshd:auth): authentication failure; logname= uid=0 euid=0 tty=ssh ruser= rhost=115.238.245.2 user=root
Aug 12 11:42:09 dlsprod sshd[19540]: Failed password for root from 115.238.245.2 port 36040 ssh2
Aug 12 11:42:13 dlsprod sshd[19540]: message repeated 2 times: [ Failed password for root from 115.238.245.2 port 36040 ssh2]
Aug 12 11:42:14 dlsprod sshd[19540]: Received disconnect from 115.238.245.2 port 36040:11: [preauth]
Aug 12 11:42:14 dlsprod sshd[19540]: Disconnected from 115.238.245.2 port 36040 [preauth]
Aug 12 11:42:14 dlsprod sshd[19540]: PAM 2 more authentication failures; logname= uid=0 euid=0 tty=ssh ruser= rhost=115.238.245.2 user=root
Aug 12 11:42:17 dlsprod sshd[19542]: pam_unix(sshd:auth): authentication failure; logname= uid=0 euid=0 tty=ssh ruser= rhost=115.238.245.2 user=root
Aug 12 11:42:19 dlsprod sshd[19542]: Failed password for root from 115.238.245.2 port 48325 ssh2
Aug 12 11:42:24 dlsprod sshd[19542]: message repeated 2 times: [ Failed password for root from 115.238.245.2 port 48325 ssh2]
Aug 12 11:42:29 dlsprod sshd[19542]: Received disconnect from 115.238.245.2 port 48325:11: [preauth]
Aug 12 11:42:29 dlsprod sshd[19542]: Disconnected from 115.238.245.2 port 48325 [preauth]
Aug 12 11:42:29 dlsprod sshd[19542]: PAM 2 more authentication failures; logname= uid=0 euid=0 tty=ssh ruser= rhost=115.238.245.2 user=root
Aug 12 11:42:32 dlsprod sshd[19547]: pam_unix(sshd:auth): authentication failure; logname= uid=0 euid=0 tty=ssh ruser= rhost=115.238.245.2 user=root
Aug 12 11:42:34 dlsprod sshd[19547]: Failed password for root from 115.238.245.2 port 36207 ssh2
Aug 12 11:42:39 dlsprod sshd[19547]: message repeated 2 times: [ Failed password for root from 115.238.245.2 port 36207 ssh2]
Aug 12 11:42:40 dlsprod sshd[19547]: Received disconnect from 115.238.245.2 port 36207:11: [preauth]
Aug 12 11:42:40 dlsprod sshd[19547]: Disconnected from 115.238.245.2 port 36207 [preauth]
Aug 12 11:42:40 dlsprod sshd[19547]: PAM 2 more authentication failures; logname= uid=0 euid=0 tty=ssh ruser= rhost=115.238.245.2 user=root
Aug 12 11:42:40 dlsprod sshd[19549]: pam_unix(sshd:auth): authentication failure; logname= uid=0 euid=0 tty=ssh ruser= rhost=221.194.47.236 user=root
Aug 12 11:42:42 dlsprod sshd[19549]: Failed password for root from 221.194.47.236 port 60894 ssh2
Aug 12 11:42:47 dlsprod sshd[19549]: message repeated 2 times: [ Failed password for root from 221.194.47.236 port 60894 ssh2]
Aug 12 11:42:47 dlsprod sshd[19549]: Received disconnect from 221.194.47.236 port 60894:11: [preauth]
Aug 12 11:42:47 dlsprod sshd[19549]: Disconnected from 221.194.47.236 port 60894 [preauth]
Aug 12 11:42:47 dlsprod sshd[19549]: PAM 2 more authentication failures; logname= uid=0 euid=0 tty=ssh ruser= rhost=221.194.47.236 user=root
Aug 12 11:42:47 dlsprod sshd[19551]: pam_unix(sshd:auth): authentication failure; logname= uid=0 euid=0 tty=ssh ruser= rhost=115.238.245.2 user=root
Aug 12 11:42:49 dlsprod sshd[19551]: Failed password for root from 115.238.245.2 port 49017 ssh2
Aug 12 11:42:52 dlsprod sshd[19551]: Failed password for root from 115.238.245.2 port 49017 ssh2
Aug 12 11:42:53 dlsprod sshd[19553]: pam_unix(sshd:auth): authentication failure; logname= uid=0 euid=0 tty=ssh ruser= rhost=221.194.47.236 user=root
Aug 12 11:42:54 dlsprod sshd[19551]: Failed password for root from 115.238.245.2 port 49017 ssh2
Aug 12 11:42:55 dlsprod sshd[19553]: Failed password for root from 221.194.47.236 port 49119 ssh2
Aug 12 11:42:56 dlsprod sshd[19551]: Received disconnect from 115.238.245.2 port 49017:11: [preauth]
Aug 12 11:42:56 dlsprod sshd[19551]: Disconnected from 115.238.245.2 port 49017 [preauth]
Aug 12 11:42:56 dlsprod sshd[19551]: PAM 2 more authentication failures; logname= uid=0 euid=0 tty=ssh ruser= rhost=115.238.245.2 user=root
Aug 12 11:42:58 dlsprod sshd[19553]: Failed password for root from 221.194.47.236 port 49119 ssh2
Aug 12 11:42:59 dlsprod sshd[19555]: pam_unix(sshd:auth): authentication failure; logname= uid=0 euid=0 tty=ssh ruser= rhost=115.238.245.2 user=root
Aug 12 11:43:00 dlsprod sshd[19553]: Failed password for root from 221.194.47.236 port 49119 ssh2
Aug 12 11:43:00 dlsprod sshd[19553]: Received disconnect from 221.194.47.236 port 49119:11: [preauth]
Aug 12 11:43:00 dlsprod sshd[19553]: Disconnected from 221.194.47.236 port 49119 [preauth]
Aug 12 11:43:00 dlsprod sshd[19553]: PAM 2 more authentication failures; logname= uid=0 euid=0 tty=ssh ruser= rhost=221.194.47.236 user=root
Aug 12 11:43:01 dlsprod sshd[19555]: Failed password for root from 115.238.245.2 port 42711 ssh2
Aug 12 11:43:02 dlsprod sshd[19557]: Received disconnect from 221.194.47.236 port 55668:11: [preauth]
Aug 12 11:43:02 dlsprod sshd[19557]: Disconnected from 221.194.47.236 port 55668 [preauth]
Aug 12 11:43:04 dlsprod sshd[19555]: Failed password for root from 115.238.245.2 port 42711 ssh2
Aug 12 11:43:06 dlsprod sshd[19555]: Failed password for root from 115.238.245.2 port 42711 ssh2
Aug 12 11:43:06 dlsprod sshd[19555]: Received disconnect from 115.238.245.2 port 42711:11: [preauth]
Aug 12 11:43:06 dlsprod sshd[19555]: Disconnected from 115.238.245.2 port 42711 [preauth]
Aug 12 11:43:06 dlsprod sshd[19555]: PAM 2 more authentication failures; logname= uid=0 euid=0 tty=ssh ruser= rhost=115.238.245.2 user=root
Aug 12 11:43:13 dlsprod sshd[19559]: pam_unix(sshd:auth): authentication failure; logname= uid=0 euid=0 tty=ssh ruser= rhost=221.194.47.236 user=root
Aug 12 11:43:14 dlsprod sshd[19561]: pam_unix(sshd:auth): authentication failure; logname= uid=0 euid=0 tty=ssh ruser= rhost=115.238.245.2 user=root
Aug 12 11:43:15 dlsprod sshd[19559]: Failed password for root from 221.194.47.236 port 36704 ssh2
Aug 12 11:43:16 dlsprod sshd[19561]: Failed password for root from 115.238.245.2 port 35200 ssh2
Aug 12 11:43:17 dlsprod sshd[19559]: Failed password for root from 221.194.47.236 port 36704 ssh2
Aug 12 11:43:18 dlsprod sshd[19561]: Failed password for root from 115.238.245.2 port 35200 ssh2
Aug 12 11:43:19 dlsprod sshd[19559]: Failed password for root from 221.194.47.236 port 36704 ssh2
Aug 12 11:43:19 dlsprod sshd[19559]: Received disconnect from 221.194.47.236 port 36704:11: [preauth]
Aug 12 11:43:19 dlsprod sshd[19559]: Disconnected from 221.194.47.236 port 36704 [preauth]
Aug 12 11:43:19 dlsprod sshd[19559]: PAM 2 more authentication failures; logname= uid=0 euid=0 tty=ssh ruser= rhost=221.194.47.236 user=root
Aug 12 11:43:21 dlsprod sshd[19561]: Failed password for root from 115.238.245.2 port 35200 ssh2
Aug 12 11:43:21 dlsprod sshd[19561]: Received disconnect from 115.238.245.2 port 35200:11: [preauth]
Aug 12 11:43:21 dlsprod sshd[19561]: Disconnected from 115.238.245.2 port 35200 [preauth]
Aug 12 11:43:21 dlsprod sshd[19561]: PAM 2 more authentication failures; logname= uid=0 euid=0 tty=ssh ruser= rhost=115.238.245.2 user=root
Aug 12 11:43:24 dlsprod sshd[19563]: pam_unix(sshd:auth): authentication failure; logname= uid=0 euid=0 tty=ssh ruser= rhost=221.194.47.236 user=root
Aug 12 11:43:24 dlsprod sshd[19566]: pam_unix(sshd:auth): authentication failure; logname= uid=0 euid=0 tty=ssh ruser= rhost=115.238.245.2 user=root
Aug 12 11:43:26 dlsprod sshd[19563]: Failed password for root from 221.194.47.236 port 44078 ssh2
Aug 12 11:43:26 dlsprod sshd[19566]: Failed password for root from 115.238.245.2 port 49807 ssh2
Aug 12 11:43:28 dlsprod sshd[19563]: Failed password for root from 221.194.47.236 port 44078 ssh2
Aug 12 11:43:28 dlsprod sshd[19566]: Failed password for root from 115.238.245.2 port 49807 ssh2
Aug 12 11:43:30 dlsprod sshd[19566]: Failed password for root from 115.238.245.2 port 49807 ssh2
Aug 12 11:43:31 dlsprod sshd[19563]: Failed password for root from 221.194.47.236 port 44078 ssh2
Aug 12 11:43:31 dlsprod sshd[19566]: Received disconnect from 115.238.245.2 port 49807:11: [preauth]
Aug 12 11:43:31 dlsprod sshd[19566]: Disconnected from 115.238.245.2 port 49807 [preauth]
Aug 12 11:43:31 dlsprod sshd[19566]: PAM 2 more authentication failures; logname= uid=0 euid=0 tty=ssh ruser= rhost=115.238.245.2 user=root
Aug 12 11:43:31 dlsprod sshd[19563]: Received disconnect from 221.194.47.236 port 44078:11: [preauth]
Aug 12 11:43:31 dlsprod sshd[19563]: Disconnected from 221.194.47.236 port 44078 [preauth]
Aug 12 11:43:31 dlsprod sshd[19563]: PAM 2 more authentication failures; logname= uid=0 euid=0 tty=ssh ruser= rhost=221.194.47.236 user=root
Aug 12 11:43:34 dlsprod sshd[19568]: pam_unix(sshd:auth): authentication failure; logname= uid=0 euid=0 tty=ssh ruser= rhost=221.194.47.236 user=root
Aug 12 11:43:36 dlsprod sshd[19570]: pam_unix(sshd:auth): authentication failure; logname= uid=0 euid=0 tty=ssh ruser= rhost=115.238.245.2 user=root
Aug 12 11:43:37 dlsprod sshd[19568]: Failed password for root from 221.194.47.236 port 34841 ssh2
Aug 12 11:43:38 dlsprod sshd[19570]: Failed password for root from 115.238.245.2 port 35831 ssh2
Aug 12 11:43:40 dlsprod sshd[19568]: Failed password for root from 221.194.47.236 port 34841 ssh2
Aug 12 11:43:40 dlsprod sshd[19570]: Failed password for root from 115.238.245.2 port 35831 ssh2
Aug 12 11:43:42 dlsprod sshd[19568]: Failed password for root from 221.194.47.236 port 34841 ssh2
Aug 12 11:43:43 dlsprod sshd[19570]: Failed password for root from 115.238.245.2 port 35831 ssh2
Aug 12 11:43:43 dlsprod sshd[19568]: Received disconnect from 221.194.47.236 port 34841:11: [preauth]
Aug 12 11:43:43 dlsprod sshd[19568]: Disconnected from 221.194.47.236 port 34841 [preauth]
Aug 12 11:43:43 dlsprod sshd[19568]: PAM 2 more authentication failures; logname= uid=0 euid=0 tty=ssh ruser= rhost=221.194.47.236 user=root
Aug 12 11:43:44 dlsprod sshd[19570]: Received disconnect from 115.238.245.2 port 35831:11: [preauth]
Aug 12 11:43:44 dlsprod sshd[19570]: Disconnected from 115.238.245.2 port 35831 [preauth]
Aug 12 11:43:44 dlsprod sshd[19570]: PAM 2 more authentication failures; logname= uid=0 euid=0 tty=ssh ruser= rhost=115.238.245.2 user=root
Aug 12 11:43:46 dlsprod sshd[19574]: pam_unix(sshd:auth): authentication failure; logname= uid=0 euid=0 tty=ssh ruser= rhost=115.238.245.2 user=root
Aug 12 11:43:47 dlsprod sshd[19572]: pam_unix(sshd:auth): authentication failure; logname= uid=0 euid=0 tty=ssh ruser= rhost=221.194.47.236 user=root
Aug 12 11:43:48 dlsprod sshd[19574]: Failed password for root from 115.238.245.2 port 51328 ssh2
Aug 12 11:43:49 dlsprod sshd[19572]: Failed password for root from 221.194.47.236 port 53160 ssh2
Aug 12 11:43:51 dlsprod sshd[19574]: Failed password for root from 115.238.245.2 port 51328 ssh2
Aug 12 11:43:52 dlsprod sshd[19572]: Failed password for root from 221.194.47.236 port 53160 ssh2
Aug 12 11:43:54 dlsprod sshd[19574]: Failed password for root from 115.238.245.2 port 51328 ssh2
Aug 12 11:43:55 dlsprod sshd[19574]: Received disconnect from 115.238.245.2 port 51328:11: [preauth]
Aug 12 11:43:55 dlsprod sshd[19574]: Disconnected from 115.238.245.2 port 51328 [preauth]
Aug 12 11:43:55 dlsprod sshd[19574]: PAM 2 more authentication failures; logname= uid=0 euid=0 tty=ssh ruser= rhost=115.238.245.2 user=root
Aug 12 11:43:55 dlsprod sshd[19572]: Failed password for root from 221.194.47.236 port 53160 ssh2
Aug 12 11:43:56 dlsprod sshd[19572]: Received disconnect from 221.194.47.236 port 53160:11: [preauth]
Aug 12 11:43:56 dlsprod sshd[19572]: Disconnected from 221.194.47.236 port 53160 [preauth]
Aug 12 11:43:56 dlsprod sshd[19572]: PAM 2 more authentication failures; logname= uid=0 euid=0 tty=ssh ruser= rhost=221.194.47.236 user=root
Aug 12 11:43:58 dlsprod sshd[19576]: pam_unix(sshd:auth): authentication failure; logname= uid=0 euid=0 tty=ssh ruser= rhost=115.238.245.2 user=root
Aug 12 11:44:01 dlsprod sshd[19576]: Failed password for root from 115.238.245.2 port 44636 ssh2
Aug 12 11:44:06 dlsprod sshd[19576]: message repeated 2 times: [ Failed password for root from 115.238.245.2 port 44636 ssh2]
Aug 12 11:44:06 dlsprod sshd[19576]: Received disconnect from 115.238.245.2 port 44636:11: [preauth]
Aug 12 11:44:06 dlsprod sshd[19576]: Disconnected from 115.238.245.2 port 44636 [preauth]
Aug 12 11:44:06 dlsprod sshd[19576]: PAM 2 more authentication failures; logname= uid=0 euid=0 tty=ssh ruser= rhost=115.238.245.2 user=root
Aug 12 11:44:13 dlsprod sshd[19578]: Received disconnect from 221.194.47.236 port 41231:11: [preauth]
Aug 12 11:44:13 dlsprod sshd[19578]: Disconnected from 221.194.47.236 port 41231 [preauth]
Aug 12 11:44:18 dlsprod sshd[19580]: pam_unix(sshd:auth): authentication failure; logname= uid=0 euid=0 tty=ssh ruser= rhost=221.194.47.236 user=root
Aug 12 11:44:20 dlsprod sshd[19580]: Failed password for root from 221.194.47.236 port 56414 ssh2
Aug 12 11:44:25 dlsprod sshd[19580]: message repeated 2 times: [ Failed password for root from 221.194.47.236 port 56414 ssh2]
Aug 12 11:44:25 dlsprod sshd[19580]: Received disconnect from 221.194.47.236 port 56414:11: [preauth]
Aug 12 11:44:25 dlsprod sshd[19580]: Disconnected from 221.194.47.236 port 56414 [preauth]
Aug 12 11:44:25 dlsprod sshd[19580]: PAM 2 more authentication failures; logname= uid=0 euid=0 tty=ssh ruser= rhost=221.194.47.236 user=root
Aug 12 11:44:35 dlsprod sshd[19583]: pam_unix(sshd:auth): authentication failure; logname= uid=0 euid=0 tty=ssh ruser= rhost=221.194.47.236 user=root
Aug 12 11:44:38 dlsprod sshd[19583]: Failed password for root from 221.194.47.236 port 46548 ssh2
Aug 12 11:44:44 dlsprod sshd[19583]: message repeated 2 times: [ Failed password for root from 221.194.47.236 port 46548 ssh2]
Aug 12 11:44:44 dlsprod sshd[19583]: Received disconnect from 221.194.47.236 port 46548:11: [preauth]
Aug 12 11:44:44 dlsprod sshd[19583]: Disconnected from 221.194.47.236 port 46548 [preauth]
Aug 12 11:44:44 dlsprod sshd[19583]: PAM 2 more authentication failures; logname= uid=0 euid=0 tty=ssh ruser= rhost=221.194.47.236 user=root
Aug 12 11:44:47 dlsprod sshd[19585]: pam_unix(sshd:auth): authentication failure; logname= uid=0 euid=0 tty=ssh ruser= rhost=221.194.47.236 user=root
Aug 12 11:44:50 dlsprod sshd[19585]: Failed password for root from 221.194.47.236 port 47124 ssh2
Aug 12 11:44:56 dlsprod sshd[19585]: message repeated 2 times: [ Failed password for root from 221.194.47.236 port 47124 ssh2]
Aug 12 11:44:56 dlsprod sshd[19585]: Received disconnect from 221.194.47.236 port 47124:11: [preauth]
Aug 12 11:44:56 dlsprod sshd[19585]: Disconnected from 221.194.47.236 port 47124 [preauth]
Aug 12 11:44:56 dlsprod sshd[19585]: PAM 2 more authentication failures; logname= uid=0 euid=0 tty=ssh ruser= rhost=221.194.47.236 user=root
Aug 12 11:45:01 dlsprod CRON[19589]: pam_unix(cron:session): session opened for user root by (uid=0)
Aug 12 11:45:01 dlsprod CRON[19589]: pam_unix(cron:session): session closed for user root
Aug 12 11:45:01 dlsprod sshd[19587]: pam_unix(sshd:auth): authentication failure; logname= uid=0 euid=0 tty=ssh ruser= rhost=221.194.47.236 user=root
Aug 12 11:45:03 dlsprod sshd[19587]: Failed password for root from 221.194.47.236 port 39368 ssh2
Aug 12 11:45:08 dlsprod sshd[19587]: message repeated 2 times: [ Failed password for root from 221.194.47.236 port 39368 ssh2]
Aug 12 11:45:08 dlsprod sshd[19587]: Received disconnect from 221.194.47.236 port 39368:11: [preauth]
Aug 12 11:45:08 dlsprod sshd[19587]: Disconnected from 221.194.47.236 port 39368 [preauth]
Aug 12 11:45:08 dlsprod sshd[19587]: PAM 2 more authentication failures; logname= uid=0 euid=0 tty=ssh ruser= rhost=221.194.47.236 user=root
Aug 12 11:45:22 dlsprod sshd[19592]: pam_unix(sshd:auth): authentication failure; logname= uid=0 euid=0 tty=ssh ruser= rhost=221.194.47.236 user=root
Aug 12 11:45:24 dlsprod sshd[19592]: Failed password for root from 221.194.47.236 port 43873 ssh2
Aug 12 11:45:29 dlsprod sshd[19592]: message repeated 2 times: [ Failed password for root from 221.194.47.236 port 43873 ssh2]
Aug 12 11:45:30 dlsprod sshd[19592]: Received disconnect from 221.194.47.236 port 43873:11: [preauth]
Aug 12 11:45:30 dlsprod sshd[19592]: Disconnected from 221.194.47.236 port 43873 [preauth]
Aug 12 11:45:30 dlsprod sshd[19592]: PAM 2 more authentication failures; logname= uid=0 euid=0 tty=ssh ruser= rhost=221.194.47.236 user=root
Aug 12 11:45:36 dlsprod sshd[19595]: pam_unix(sshd:auth): authentication failure; logname= uid=0 euid=0 tty=ssh ruser= rhost=221.194.47.236 user=root
Aug 12 11:45:37 dlsprod sshd[19595]: Failed password for root from 221.194.47.236 port 36719 ssh2
Aug 12 11:45:43 dlsprod sshd[19595]: message repeated 2 times: [ Failed password for root from 221.194.47.236 port 36719 ssh2]
Aug 12 11:45:43 dlsprod sshd[19595]: Received disconnect from 221.194.47.236 port 36719:11: [preauth]
Aug 12 11:45:43 dlsprod sshd[19595]: Disconnected from 221.194.47.236 port 36719 [preauth]
Aug 12 11:45:43 dlsprod sshd[19595]: PAM 2 more authentication failures; logname= uid=0 euid=0 tty=ssh ruser= rhost=221.194.47.236 user=root
Aug 12 11:45:45 dlsprod sshd[19597]: pam_unix(sshd:auth): authentication failure; logname= uid=0 euid=0 tty=ssh ruser= rhost=221.194.47.236 user=root
Aug 12 11:45:48 dlsprod sshd[19597]: Failed password for root from 221.194.47.236 port 33614 ssh2
Aug 12 11:45:52 dlsprod sshd[19597]: message repeated 2 times: [ Failed password for root from 221.194.47.236 port 33614 ssh2]
Aug 12 11:45:52 dlsprod sshd[19597]: Received disconnect from 221.194.47.236 port 33614:11: [preauth]
Aug 12 11:45:52 dlsprod sshd[19597]: Disconnected from 221.194.47.236 port 33614 [preauth]
Aug 12 11:45:52 dlsprod sshd[19597]: PAM 2 more authentication failures; logname= uid=0 euid=0 tty=ssh ruser= rhost=221.194.47.236 user=root
Aug 12 11:45:58 dlsprod sshd[19599]: pam_unix(sshd:auth): authentication failure; logname= uid=0 euid=0 tty=ssh ruser= rhost=221.194.47.236 user=root
Aug 12 11:46:01 dlsprod sshd[19599]: Failed password for root from 221.194.47.236 port 46036 ssh2
Aug 12 11:46:05 dlsprod sshd[19599]: message repeated 2 times: [ Failed password for root from 221.194.47.236 port 46036 ssh2]
Aug 12 11:46:06 dlsprod sshd[19599]: Received disconnect from 221.194.47.236 port 46036:11: [preauth]
Aug 12 11:46:06 dlsprod sshd[19599]: Disconnected from 221.194.47.236 port 46036 [preauth]
Aug 12 11:46:06 dlsprod sshd[19599]: PAM 2 more authentication failures; logname= uid=0 euid=0 tty=ssh ruser= rhost=221.194.47.236 user=root
Aug 12 11:46:14 dlsprod sshd[19601]: pam_unix(sshd:auth): authentication failure; logname= uid=0 euid=0 tty=ssh ruser= rhost=221.194.47.236 user=root
Aug 12 11:46:16 dlsprod sshd[19601]: Failed password for root from 221.194.47.236 port 39291 ssh2
Aug 12 11:46:20 dlsprod sshd[19601]: message repeated 2 times: [ Failed password for root from 221.194.47.236 port 39291 ssh2]
Aug 12 11:46:20 dlsprod sshd[19601]: Received disconnect from 221.194.47.236 port 39291:11: [preauth]
Aug 12 11:46:20 dlsprod sshd[19601]: Disconnected from 221.194.47.236 port 39291 [preauth]
Aug 12 11:46:20 dlsprod sshd[19601]: PAM 2 more authentication failures; logname= uid=0 euid=0 tty=ssh ruser= rhost=221.194.47.236 user=root
Aug 12 11:46:29 dlsprod sshd[19603]: pam_unix(sshd:auth): authentication failure; logname= uid=0 euid=0 tty=ssh ruser= rhost=221.194.47.236 user=root
Aug 12 11:46:31 dlsprod sshd[19603]: Failed password for root from 221.194.47.236 port 50566 ssh2
Aug 12 11:46:37 dlsprod sshd[19603]: message repeated 2 times: [ Failed password for root from 221.194.47.236 port 50566 ssh2]
Aug 12 11:46:38 dlsprod sshd[19603]: Received disconnect from 221.194.47.236 port 50566:11: [preauth]
Aug 12 11:46:38 dlsprod sshd[19603]: Disconnected from 221.194.47.236 port 50566 [preauth]
Aug 12 11:46:38 dlsprod sshd[19603]: PAM 2 more authentication failures; logname= uid=0 euid=0 tty=ssh ruser= rhost=221.194.47.236 user=root
Aug 12 11:49:23 dlsprod sshd[19623]: Connection closed by 221.194.47.221 port 40200 [preauth]
Aug 12 11:51:16 dlsprod sshd[19628]: pam_unix(sshd:auth): authentication failure; logname= uid=0 euid=0 tty=ssh ruser= rhost=122.226.181.166 user=root
Aug 12 11:51:18 dlsprod sshd[19628]: Failed password for root from 122.226.181.166 port 47728 ssh2
Aug 12 11:51:24 dlsprod sshd[19628]: message repeated 2 times: [ Failed password for root from 122.226.181.166 port 47728 ssh2]
