Aug 12 21:20:18 dlsprod sshd[23506]: error: maximum authentication attempts exceeded for root from 182.100.67.244 port 9486 ssh2 [preauth]
Aug 12 21:20:18 dlsprod sshd[23506]: Disconnecting: Too many authentication failures [preauth]
Aug 12 21:20:18 dlsprod sshd[23506]: PAM 5 more authentication failures; logname= uid=0 euid=0 tty=ssh ruser= rhost=182.100.67.244 user=root
Aug 12 21:20:18 dlsprod sshd[23506]: PAM service(sshd) ignoring max retries; 6 > 3
Aug 12 21:20:22 dlsprod sshd[23508]: pam_unix(sshd:auth): authentication failure; logname= uid=0 euid=0 tty=ssh ruser= rhost=182.100.67.244 user=root
Aug 12 21:20:24 dlsprod sshd[23508]: Failed password for root from 182.100.67.244 port 1880 ssh2
Aug 12 21:20:27 dlsprod sshd[23508]: Failed password for root from 182.100.67.244 port 1880 ssh2
Aug 12 21:20:28 dlsprod sshd[23510]: Invalid user admin from 146.185.239.53
Aug 12 21:20:28 dlsprod sshd[23510]: input_userauth_request: invalid user admin [preauth]
Aug 12 21:20:28 dlsprod sshd[23510]: pam_unix(sshd:auth): check pass; user unknown
Aug 12 21:20:28 dlsprod sshd[23510]: pam_unix(sshd:auth): authentication failure; logname= uid=0 euid=0 tty=ssh ruser= rhost=146.185.239.53
Aug 12 21:20:30 dlsprod sshd[23508]: Failed password for root from 182.100.67.244 port 1880 ssh2
Aug 12 21:20:30 dlsprod sshd[23510]: Failed password for invalid user admin from 146.185.239.53 port 37156 ssh2
Aug 12 21:20:31 dlsprod sshd[23510]: pam_unix(sshd:auth): check pass; user unknown
Aug 12 21:20:32 dlsprod sshd[23510]: Failed password for invalid user admin from 146.185.239.53 port 37156 ssh2
Aug 12 21:20:32 dlsprod sshd[23508]: Failed password for root from 182.100.67.244 port 1880 ssh2
Aug 12 21:20:32 dlsprod sshd[23510]: pam_unix(sshd:auth): check pass; user unknown
Aug 12 21:20:34 dlsprod sshd[23510]: Failed password for invalid user admin from 146.185.239.53 port 37156 ssh2
Aug 12 21:20:35 dlsprod sshd[23510]: error: maximum authentication attempts exceeded for invalid user admin from 146.185.239.53 port 37156 ssh2 [preauth]
Aug 12 21:20:35 dlsprod sshd[23510]: Disconnecting: Too many authentication failures [preauth]
Aug 12 21:20:35 dlsprod sshd[23510]: PAM 2 more authentication failures; logname= uid=0 euid=0 tty=ssh ruser= rhost=146.185.239.53
Aug 12 21:20:35 dlsprod sshd[23508]: Failed password for root from 182.100.67.244 port 1880 ssh2
Aug 12 21:20:36 dlsprod sshd[23512]: Invalid user admin from 146.185.239.53
Aug 12 21:20:36 dlsprod sshd[23512]: input_userauth_request: invalid user admin [preauth]
Aug 12 21:20:36 dlsprod sshd[23512]: pam_unix(sshd:auth): check pass; user unknown
Aug 12 21:20:36 dlsprod sshd[23512]: pam_unix(sshd:auth): authentication failure; logname= uid=0 euid=0 tty=ssh ruser= rhost=146.185.239.53
Aug 12 21:20:38 dlsprod sshd[23512]: Failed password for invalid user admin from 146.185.239.53 port 44000 ssh2
Aug 12 21:20:38 dlsprod sshd[23512]: pam_unix(sshd:auth): check pass; user unknown
Aug 12 21:20:38 dlsprod sshd[23508]: Failed password for root from 182.100.67.244 port 1880 ssh2
Aug 12 21:20:38 dlsprod sshd[23508]: error: maximum authentication attempts exceeded for root from 182.100.67.244 port 1880 ssh2 [preauth]
Aug 12 21:20:38 dlsprod sshd[23508]: Disconnecting: Too many authentication failures [preauth]
Aug 12 21:20:38 dlsprod sshd[23508]: PAM 5 more authentication failures; logname= uid=0 euid=0 tty=ssh ruser= rhost=182.100.67.244 user=root
Aug 12 21:20:38 dlsprod sshd[23508]: PAM service(sshd) ignoring max retries; 6 > 3
Aug 12 21:20:40 dlsprod sshd[23512]: Failed password for invalid user admin from 146.185.239.53 port 44000 ssh2
Aug 12 21:20:40 dlsprod sshd[23512]: pam_unix(sshd:auth): check pass; user unknown
Aug 12 21:20:42 dlsprod sshd[23512]: Failed password for invalid user admin from 146.185.239.53 port 44000 ssh2
Aug 12 21:20:42 dlsprod sshd[23512]: error: maximum authentication attempts exceeded for invalid user admin from 146.185.239.53 port 44000 ssh2 [preauth]
Aug 12 21:20:42 dlsprod sshd[23512]: Disconnecting: Too many authentication failures [preauth]
Aug 12 21:20:42 dlsprod sshd[23512]: PAM 2 more authentication failures; logname= uid=0 euid=0 tty=ssh ruser= rhost=146.185.239.53
Aug 12 21:20:43 dlsprod sshd[23515]: pam_unix(sshd:auth): authentication failure; logname= uid=0 euid=0 tty=ssh ruser= rhost=182.100.67.244 user=root
Aug 12 21:20:43 dlsprod sshd[23517]: Invalid user admin from 146.185.239.53
Aug 12 21:20:43 dlsprod sshd[23517]: input_userauth_request: invalid user admin [preauth]
Aug 12 21:20:43 dlsprod sshd[23517]: pam_unix(sshd:auth): check pass; user unknown
Aug 12 21:20:43 dlsprod sshd[23517]: pam_unix(sshd:auth): authentication failure; logname= uid=0 euid=0 tty=ssh ruser= rhost=146.185.239.53
Aug 12 21:20:45 dlsprod sshd[23515]: Failed password for root from 182.100.67.244 port 53266 ssh2
Aug 12 21:20:45 dlsprod sshd[23517]: Failed password for invalid user admin from 146.185.239.53 port 49218 ssh2
Aug 12 21:20:46 dlsprod sshd[23517]: pam_unix(sshd:auth): check pass; user unknown
Aug 12 21:20:47 dlsprod sshd[23515]: Failed password for root from 182.100.67.244 port 53266 ssh2
Aug 12 21:20:47 dlsprod sshd[23517]: Failed password for invalid user admin from 146.185.239.53 port 49218 ssh2
Aug 12 21:20:47 dlsprod sshd[23517]: pam_unix(sshd:auth): check pass; user unknown
Aug 12 21:20:49 dlsprod sshd[23517]: Failed password for invalid user admin from 146.185.239.53 port 49218 ssh2
Aug 12 21:20:49 dlsprod sshd[23517]: error: maximum authentication attempts exceeded for invalid user admin from 146.185.239.53 port 49218 ssh2 [preauth]
Aug 12 21:20:49 dlsprod sshd[23517]: Disconnecting: Too many authentication failures [preauth]
Aug 12 21:20:49 dlsprod sshd[23517]: PAM 2 more authentication failures; logname= uid=0 euid=0 tty=ssh ruser= rhost=146.185.239.53
Aug 12 21:20:50 dlsprod sshd[23520]: Invalid user admin from 146.185.239.53
Aug 12 21:20:50 dlsprod sshd[23520]: input_userauth_request: invalid user admin [preauth]
Aug 12 21:20:50 dlsprod sshd[23515]: Failed password for root from 182.100.67.244 port 53266 ssh2
Aug 12 21:20:50 dlsprod sshd[23520]: pam_unix(sshd:auth): check pass; user unknown
Aug 12 21:20:50 dlsprod sshd[23520]: pam_unix(sshd:auth): authentication failure; logname= uid=0 euid=0 tty=ssh ruser= rhost=146.185.239.53
Aug 12 21:20:52 dlsprod sshd[23520]: Failed password for invalid user admin from 146.185.239.53 port 53698 ssh2
Aug 12 21:20:52 dlsprod sshd[23520]: pam_unix(sshd:auth): check pass; user unknown
Aug 12 21:20:53 dlsprod sshd[23515]: Failed password for root from 182.100.67.244 port 53266 ssh2
Aug 12 21:20:54 dlsprod sshd[23520]: Failed password for invalid user admin from 146.185.239.53 port 53698 ssh2
Aug 12 21:20:55 dlsprod sshd[23520]: Received disconnect from 146.185.239.53 port 53698:11: [preauth]
Aug 12 21:20:55 dlsprod sshd[23520]: Disconnected from 146.185.239.53 port 53698 [preauth]
Aug 12 21:20:55 dlsprod sshd[23520]: PAM 1 more authentication failure; logname= uid=0 euid=0 tty=ssh ruser= rhost=146.185.239.53
Aug 12 21:20:55 dlsprod sshd[23522]: pam_unix(sshd:auth): authentication failure; logname= uid=0 euid=0 tty=ssh ruser= rhost=146.185.239.53 user=root
Aug 12 21:20:56 dlsprod sshd[23515]: Failed password for root from 182.100.67.244 port 53266 ssh2
Aug 12 21:20:57 dlsprod sshd[23522]: Failed password for root from 146.185.239.53 port 56798 ssh2
Aug 12 21:20:59 dlsprod sshd[23515]: Failed password for root from 182.100.67.244 port 53266 ssh2
Aug 12 21:20:59 dlsprod sshd[23515]: error: maximum authentication attempts exceeded for root from 182.100.67.244 port 53266 ssh2 [preauth]
Aug 12 21:20:59 dlsprod sshd[23515]: Disconnecting: Too many authentication failures [preauth]
Aug 12 21:20:59 dlsprod sshd[23515]: PAM 5 more authentication failures; logname= uid=0 euid=0 tty=ssh ruser= rhost=182.100.67.244 user=root
Aug 12 21:20:59 dlsprod sshd[23515]: PAM service(sshd) ignoring max retries; 6 > 3
Aug 12 21:21:00 dlsprod sshd[23522]: Failed password for root from 146.185.239.53 port 56798 ssh2
Aug 12 21:21:02 dlsprod sshd[23522]: Failed password for root from 146.185.239.53 port 56798 ssh2
Aug 12 21:21:02 dlsprod sshd[23522]: error: maximum authentication attempts exceeded for root from 146.185.239.53 port 56798 ssh2 [preauth]
Aug 12 21:21:02 dlsprod sshd[23522]: Disconnecting: Too many authentication failures [preauth]
Aug 12 21:21:02 dlsprod sshd[23522]: PAM 2 more authentication failures; logname= uid=0 euid=0 tty=ssh ruser= rhost=146.185.239.53 user=root
Aug 12 21:21:03 dlsprod sshd[23524]: pam_unix(sshd:auth): authentication failure; logname= uid=0 euid=0 tty=ssh ruser= rhost=182.100.67.244 user=root
Aug 12 21:21:03 dlsprod sshd[23526]: pam_unix(sshd:auth): authentication failure; logname= uid=0 euid=0 tty=ssh ruser= rhost=146.185.239.53 user=root
Aug 12 21:21:05 dlsprod sshd[23524]: Failed password for root from 182.100.67.244 port 42836 ssh2
Aug 12 21:21:05 dlsprod sshd[23526]: Failed password for root from 146.185.239.53 port 60718 ssh2
Aug 12 21:21:07 dlsprod sshd[23526]: Failed password for root from 146.185.239.53 port 60718 ssh2
Aug 12 21:21:08 dlsprod sshd[23524]: Failed password for root from 182.100.67.244 port 42836 ssh2
Aug 12 21:21:09 dlsprod sshd[23526]: Failed password for root from 146.185.239.53 port 60718 ssh2
Aug 12 21:21:09 dlsprod sshd[23526]: error: maximum authentication attempts exceeded for root from 146.185.239.53 port 60718 ssh2 [preauth]
Aug 12 21:21:09 dlsprod sshd[23526]: Disconnecting: Too many authentication failures [preauth]
Aug 12 21:21:09 dlsprod sshd[23526]: PAM 2 more authentication failures; logname= uid=0 euid=0 tty=ssh ruser= rhost=146.185.239.53 user=root
Aug 12 21:21:10 dlsprod sshd[23524]: Failed password for root from 182.100.67.244 port 42836 ssh2
Aug 12 21:21:10 dlsprod sshd[23528]: pam_unix(sshd:auth): authentication failure; logname= uid=0 euid=0 tty=ssh ruser= rhost=146.185.239.53 user=root
Aug 12 21:21:12 dlsprod sshd[23528]: Failed password for root from 146.185.239.53 port 36158 ssh2
Aug 12 21:21:13 dlsprod sshd[23524]: Failed password for root from 182.100.67.244 port 42836 ssh2
Aug 12 21:21:14 dlsprod sshd[23528]: Failed password for root from 146.185.239.53 port 36158 ssh2
Aug 12 21:21:16 dlsprod sshd[23524]: Failed password for root from 182.100.67.244 port 42836 ssh2
Aug 12 21:21:17 dlsprod sshd[23528]: Failed password for root from 146.185.239.53 port 36158 ssh2
Aug 12 21:21:17 dlsprod sshd[23528]: error: maximum authentication attempts exceeded for root from 146.185.239.53 port 36158 ssh2 [preauth]
Aug 12 21:21:17 dlsprod sshd[23528]: Disconnecting: Too many authentication failures [preauth]
Aug 12 21:21:17 dlsprod sshd[23528]: PAM 2 more authentication failures; logname= uid=0 euid=0 tty=ssh ruser= rhost=146.185.239.53 user=root
Aug 12 21:21:18 dlsprod sshd[23530]: pam_unix(sshd:auth): authentication failure; logname= uid=0 euid=0 tty=ssh ruser= rhost=146.185.239.53 user=root
Aug 12 21:21:18 dlsprod sshd[23524]: Failed password for root from 182.100.67.244 port 42836 ssh2
Aug 12 21:21:18 dlsprod sshd[23524]: error: maximum authentication attempts exceeded for root from 182.100.67.244 port 42836 ssh2 [preauth]
Aug 12 21:21:18 dlsprod sshd[23524]: Disconnecting: Too many authentication failures [preauth]
Aug 12 21:21:18 dlsprod sshd[23524]: PAM 5 more authentication failures; logname= uid=0 euid=0 tty=ssh ruser= rhost=182.100.67.244 user=root
Aug 12 21:21:18 dlsprod sshd[23524]: PAM service(sshd) ignoring max retries; 6 > 3
Aug 12 21:21:20 dlsprod sshd[23530]: Failed password for root from 146.185.239.53 port 39772 ssh2
Aug 12 21:21:22 dlsprod sshd[23530]: Failed password for root from 146.185.239.53 port 39772 ssh2
Aug 12 21:21:22 dlsprod sshd[23532]: pam_unix(sshd:auth): authentication failure; logname= uid=0 euid=0 tty=ssh ruser= rhost=182.100.67.244 user=root
Aug 12 21:21:24 dlsprod sshd[23530]: Failed password for root from 146.185.239.53 port 39772 ssh2
Aug 12 21:21:24 dlsprod sshd[23530]: error: maximum authentication attempts exceeded for root from 146.185.239.53 port 39772 ssh2 [preauth]
Aug 12 21:21:24 dlsprod sshd[23530]: Disconnecting: Too many authentication failures [preauth]
Aug 12 21:21:24 dlsprod sshd[23530]: PAM 2 more authentication failures; logname= uid=0 euid=0 tty=ssh ruser= rhost=146.185.239.53 user=root
Aug 12 21:21:24 dlsprod sshd[23532]: Failed password for root from 182.100.67.244 port 25928 ssh2
Aug 12 21:21:25 dlsprod sshd[23534]: pam_unix(sshd:auth): authentication failure; logname= uid=0 euid=0 tty=ssh ruser= rhost=146.185.239.53 user=root
Aug 12 21:21:27 dlsprod sshd[23534]: Failed password for root from 146.185.239.53 port 43264 ssh2
Aug 12 21:21:27 dlsprod sshd[23532]: Failed password for root from 182.100.67.244 port 25928 ssh2
Aug 12 21:21:29 dlsprod sshd[23534]: Failed password for root from 146.185.239.53 port 43264 ssh2
Aug 12 21:21:30 dlsprod sshd[23532]: Failed password for root from 182.100.67.244 port 25928 ssh2
Aug 12 21:21:30 dlsprod sshd[23534]: Failed password for root from 146.185.239.53 port 43264 ssh2
Aug 12 21:21:30 dlsprod sshd[23534]: error: maximum authentication attempts exceeded for root from 146.185.239.53 port 43264 ssh2 [preauth]
Aug 12 21:21:30 dlsprod sshd[23534]: Disconnecting: Too many authentication failures [preauth]
Aug 12 21:21:30 dlsprod sshd[23534]: PAM 2 more authentication failures; logname= uid=0 euid=0 tty=ssh ruser= rhost=146.185.239.53 user=root
Aug 12 21:21:31 dlsprod sshd[23536]: pam_unix(sshd:auth): authentication failure; logname= uid=0 euid=0 tty=ssh ruser= rhost=146.185.239.53 user=root
Aug 12 21:21:32 dlsprod sshd[23532]: Failed password for root from 182.100.67.244 port 25928 ssh2
Aug 12 21:21:33 dlsprod sshd[23536]: Failed password for root from 146.185.239.53 port 46388 ssh2
Aug 12 21:21:36 dlsprod sshd[23532]: Failed password for root from 182.100.67.244 port 25928 ssh2
Aug 12 21:21:36 dlsprod sshd[23536]: Failed password for root from 146.185.239.53 port 46388 ssh2
Aug 12 21:21:38 dlsprod sshd[23536]: Failed password for root from 146.185.239.53 port 46388 ssh2
Aug 12 21:21:38 dlsprod sshd[23536]: error: maximum authentication attempts exceeded for root from 146.185.239.53 port 46388 ssh2 [preauth]
Aug 12 21:21:38 dlsprod sshd[23536]: Disconnecting: Too many authentication failures [preauth]
Aug 12 21:21:38 dlsprod sshd[23536]: PAM 2 more authentication failures; logname= uid=0 euid=0 tty=ssh ruser= rhost=146.185.239.53 user=root
Aug 12 21:21:39 dlsprod sshd[23532]: Failed password for root from 182.100.67.244 port 25928 ssh2
Aug 12 21:21:39 dlsprod sshd[23532]: error: maximum authentication attempts exceeded for root from 182.100.67.244 port 25928 ssh2 [preauth]
Aug 12 21:21:39 dlsprod sshd[23532]: Disconnecting: Too many authentication failures [preauth]
Aug 12 21:21:39 dlsprod sshd[23532]: PAM 5 more authentication failures; logname= uid=0 euid=0 tty=ssh ruser= rhost=182.100.67.244 user=root
Aug 12 21:21:39 dlsprod sshd[23532]: PAM service(sshd) ignoring max retries; 6 > 3
Aug 12 21:21:39 dlsprod sshd[23538]: pam_unix(sshd:auth): authentication failure; logname= uid=0 euid=0 tty=ssh ruser= rhost=146.185.239.53 user=root
Aug 12 21:21:41 dlsprod sshd[23538]: Failed password for root from 146.185.239.53 port 49704 ssh2
Aug 12 21:21:42 dlsprod sshd[23538]: Failed password for root from 146.185.239.53 port 49704 ssh2
Aug 12 21:21:43 dlsprod sshd[23540]: pam_unix(sshd:auth): authentication failure; logname= uid=0 euid=0 tty=ssh ruser= rhost=182.100.67.244 user=root
Aug 12 21:21:44 dlsprod sshd[23538]: Failed password for root from 146.185.239.53 port 49704 ssh2
Aug 12 21:21:45 dlsprod sshd[23538]: error: maximum authentication attempts exceeded for root from 146.185.239.53 port 49704 ssh2 [preauth]
Aug 12 21:21:45 dlsprod sshd[23538]: Disconnecting: Too many authentication failures [preauth]
Aug 12 21:21:45 dlsprod sshd[23538]: PAM 2 more authentication failures; logname= uid=0 euid=0 tty=ssh ruser= rhost=146.185.239.53 user=root
Aug 12 21:21:45 dlsprod sshd[23540]: Failed password for root from 182.100.67.244 port 16424 ssh2
Aug 12 21:21:46 dlsprod sshd[23542]: pam_unix(sshd:auth): authentication failure; logname= uid=0 euid=0 tty=ssh ruser= rhost=146.185.239.53 user=root
Aug 12 21:21:48 dlsprod sshd[23542]: Failed password for root from 146.185.239.53 port 52624 ssh2
Aug 12 21:21:48 dlsprod sshd[23540]: Failed password for root from 182.100.67.244 port 16424 ssh2
Aug 12 21:21:50 dlsprod sshd[23542]: Failed password for root from 146.185.239.53 port 52624 ssh2
Aug 12 21:21:51 dlsprod sshd[23540]: Failed password for root from 182.100.67.244 port 16424 ssh2
Aug 12 21:21:52 dlsprod sshd[23542]: Failed password for root from 146.185.239.53 port 52624 ssh2
Aug 12 21:21:52 dlsprod sshd[23542]: error: maximum authentication attempts exceeded for root from 146.185.239.53 port 52624 ssh2 [preauth]
Aug 12 21:21:52 dlsprod sshd[23542]: Disconnecting: Too many authentication failures [preauth]
Aug 12 21:21:52 dlsprod sshd[23542]: PAM 2 more authentication failures; logname= uid=0 euid=0 tty=ssh ruser= rhost=146.185.239.53 user=root
Aug 12 21:21:53 dlsprod sshd[23545]: pam_unix(sshd:auth): authentication failure; logname= uid=0 euid=0 tty=ssh ruser= rhost=146.185.239.53 user=root
Aug 12 21:21:54 dlsprod sshd[23540]: Failed password for root from 182.100.67.244 port 16424 ssh2
Aug 12 21:21:55 dlsprod sshd[23545]: Failed password for root from 146.185.239.53 port 55652 ssh2
Aug 12 21:21:57 dlsprod sshd[23545]: Failed password for root from 146.185.239.53 port 55652 ssh2
Aug 12 21:21:58 dlsprod sshd[23540]: Failed password for root from 182.100.67.244 port 16424 ssh2
Aug 12 21:21:59 dlsprod sshd[23545]: Failed password for root from 146.185.239.53 port 55652 ssh2
Aug 12 21:22:00 dlsprod sshd[23545]: error: maximum authentication attempts exceeded for root from 146.185.239.53 port 55652 ssh2 [preauth]
Aug 12 21:22:00 dlsprod sshd[23545]: Disconnecting: Too many authentication failures [preauth]
Aug 12 21:22:00 dlsprod sshd[23545]: PAM 2 more authentication failures; logname= uid=0 euid=0 tty=ssh ruser= rhost=146.185.239.53 user=root
Aug 12 21:22:00 dlsprod sshd[23540]: Failed password for root from 182.100.67.244 port 16424 ssh2
Aug 12 21:22:00 dlsprod sshd[23540]: error: maximum authentication attempts exceeded for root from 182.100.67.244 port 16424 ssh2 [preauth]
Aug 12 21:22:00 dlsprod sshd[23540]: Disconnecting: Too many authentication failures [preauth]
Aug 12 21:22:00 dlsprod sshd[23540]: PAM 5 more authentication failures; logname= uid=0 euid=0 tty=ssh ruser= rhost=182.100.67.244 user=root
Aug 12 21:22:00 dlsprod sshd[23540]: PAM service(sshd) ignoring max retries; 6 > 3
Aug 12 21:22:01 dlsprod sshd[23547]: pam_unix(sshd:auth): authentication failure; logname= uid=0 euid=0 tty=ssh ruser= rhost=146.185.239.53 user=root
Aug 12 21:22:03 dlsprod sshd[23547]: Failed password for root from 146.185.239.53 port 58496 ssh2
Aug 12 21:22:04 dlsprod sshd[23549]: pam_unix(sshd:auth): authentication failure; logname= uid=0 euid=0 tty=ssh ruser= rhost=182.100.67.244 user=root
Aug 12 21:22:05 dlsprod sshd[23547]: Failed password for root from 146.185.239.53 port 58496 ssh2
Aug 12 21:22:07 dlsprod sshd[23549]: Failed password for root from 182.100.67.244 port 7532 ssh2
Aug 12 21:22:07 dlsprod sshd[23547]: Failed password for root from 146.185.239.53 port 58496 ssh2
Aug 12 21:22:07 dlsprod sshd[23547]: error: maximum authentication attempts exceeded for root from 146.185.239.53 port 58496 ssh2 [preauth]
Aug 12 21:22:07 dlsprod sshd[23547]: Disconnecting: Too many authentication failures [preauth]
Aug 12 21:22:07 dlsprod sshd[23547]: PAM 2 more authentication failures; logname= uid=0 euid=0 tty=ssh ruser= rhost=146.185.239.53 user=root
Aug 12 21:22:08 dlsprod sshd[23551]: pam_unix(sshd:auth): authentication failure; logname= uid=0 euid=0 tty=ssh ruser= rhost=146.185.239.53 user=root
Aug 12 21:22:09 dlsprod sshd[23549]: Failed password for root from 182.100.67.244 port 7532 ssh2
Aug 12 21:22:10 dlsprod sshd[23551]: Failed password for root from 146.185.239.53 port 33080 ssh2
Aug 12 21:22:12 dlsprod sshd[23551]: Failed password for root from 146.185.239.53 port 33080 ssh2
Aug 12 21:22:13 dlsprod sshd[23549]: Failed password for root from 182.100.67.244 port 7532 ssh2
Aug 12 21:22:14 dlsprod sshd[23551]: Failed password for root from 146.185.239.53 port 33080 ssh2
Aug 12 21:22:14 dlsprod sshd[23551]: error: maximum authentication attempts exceeded for root from 146.185.239.53 port 33080 ssh2 [preauth]
Aug 12 21:22:14 dlsprod sshd[23551]: Disconnecting: Too many authentication failures [preauth]
Aug 12 21:22:14 dlsprod sshd[23551]: PAM 2 more authentication failures; logname= uid=0 euid=0 tty=ssh ruser= rhost=146.185.239.53 user=root
Aug 12 21:22:15 dlsprod sshd[23553]: pam_unix(sshd:auth): authentication failure; logname= uid=0 euid=0 tty=ssh ruser= rhost=146.185.239.53 user=root
Aug 12 21:22:15 dlsprod sshd[23549]: Failed password for root from 182.100.67.244 port 7532 ssh2
Aug 12 21:22:18 dlsprod sshd[23553]: Failed password for root from 146.185.239.53 port 35618 ssh2
Aug 12 21:22:19 dlsprod sshd[23549]: Failed password for root from 182.100.67.244 port 7532 ssh2
Aug 12 21:22:19 dlsprod sshd[23553]: Failed password for root from 146.185.239.53 port 35618 ssh2
Aug 12 21:22:22 dlsprod sshd[23553]: Failed password for root from 146.185.239.53 port 35618 ssh2
Aug 12 21:22:22 dlsprod sshd[23553]: error: maximum authentication attempts exceeded for root from 146.185.239.53 port 35618 ssh2 [preauth]
Aug 12 21:22:22 dlsprod sshd[23553]: Disconnecting: Too many authentication failures [preauth]
Aug 12 21:22:22 dlsprod sshd[23553]: PAM 2 more authentication failures; logname= uid=0 euid=0 tty=ssh ruser= rhost=146.185.239.53 user=root
Aug 12 21:22:22 dlsprod sshd[23549]: Failed password for root from 182.100.67.244 port 7532 ssh2
Aug 12 21:22:22 dlsprod sshd[23549]: error: maximum authentication attempts exceeded for root from 182.100.67.244 port 7532 ssh2 [preauth]
Aug 12 21:22:22 dlsprod sshd[23549]: Disconnecting: Too many authentication failures [preauth]
Aug 12 21:22:22 dlsprod sshd[23549]: PAM 5 more authentication failures; logname= uid=0 euid=0 tty=ssh ruser= rhost=182.100.67.244 user=root
Aug 12 21:22:22 dlsprod sshd[23549]: PAM service(sshd) ignoring max retries; 6 > 3
Aug 12 21:22:23 dlsprod sshd[23555]: pam_unix(sshd:auth): authentication failure; logname= uid=0 euid=0 tty=ssh ruser= rhost=146.185.239.53 user=root
Aug 12 21:22:24 dlsprod sshd[23555]: Failed password for root from 146.185.239.53 port 38232 ssh2
Aug 12 21:22:26 dlsprod sshd[23557]: pam_unix(sshd:auth): authentication failure; logname= uid=0 euid=0 tty=ssh ruser= rhost=182.100.67.244 user=root
Aug 12 21:22:27 dlsprod sshd[23555]: Failed password for root from 146.185.239.53 port 38232 ssh2
Aug 12 21:22:28 dlsprod sshd[23557]: Failed password for root from 182.100.67.244 port 60944 ssh2
Aug 12 21:22:29 dlsprod sshd[23555]: Failed password for root from 146.185.239.53 port 38232 ssh2
Aug 12 21:22:30 dlsprod sshd[23555]: error: maximum authentication attempts exceeded for root from 146.185.239.53 port 38232 ssh2 [preauth]
Aug 12 21:22:30 dlsprod sshd[23555]: Disconnecting: Too many authentication failures [preauth]
Aug 12 21:22:30 dlsprod sshd[23555]: PAM 2 more authentication failures; logname= uid=0 euid=0 tty=ssh ruser= rhost=146.185.239.53 user=root
Aug 12 21:22:31 dlsprod sshd[23557]: Failed password for root from 182.100.67.244 port 60944 ssh2
Aug 12 21:22:31 dlsprod sshd[23559]: pam_unix(sshd:auth): authentication failure; logname= uid=0 euid=0 tty=ssh ruser= rhost=146.185.239.53 user=root
Aug 12 21:22:33 dlsprod sshd[23559]: Failed password for root from 146.185.239.53 port 40778 ssh2
Aug 12 21:22:34 dlsprod sshd[23557]: Failed password for root from 182.100.67.244 port 60944 ssh2
Aug 12 21:22:35 dlsprod sshd[23559]: Failed password for root from 146.185.239.53 port 40778 ssh2
Aug 12 21:22:36 dlsprod sshd[23557]: Failed password for root from 182.100.67.244 port 60944 ssh2
Aug 12 21:22:37 dlsprod sshd[23559]: Failed password for root from 146.185.239.53 port 40778 ssh2
Aug 12 21:22:37 dlsprod sshd[23559]: error: maximum authentication attempts exceeded for root from 146.185.239.53 port 40778 ssh2 [preauth]
Aug 12 21:22:37 dlsprod sshd[23559]: Disconnecting: Too many authentication failures [preauth]
Aug 12 21:22:37 dlsprod sshd[23559]: PAM 2 more authentication failures; logname= uid=0 euid=0 tty=ssh ruser= rhost=146.185.239.53 user=root
Aug 12 21:22:38 dlsprod sshd[23561]: pam_unix(sshd:auth): authentication failure; logname= uid=0 euid=0 tty=ssh ruser= rhost=146.185.239.53 user=root
Aug 12 21:22:39 dlsprod sshd[23557]: Failed password for root from 182.100.67.244 port 60944 ssh2
Aug 12 21:22:40 dlsprod sshd[23561]: Failed password for root from 146.185.239.53 port 43500 ssh2
Aug 12 21:22:42 dlsprod sshd[23557]: Failed password for root from 182.100.67.244 port 60944 ssh2
Aug 12 21:22:42 dlsprod sshd[23557]: error: maximum authentication attempts exceeded for root from 182.100.67.244 port 60944 ssh2 [preauth]
Aug 12 21:22:42 dlsprod sshd[23557]: Disconnecting: Too many authentication failures [preauth]
Aug 12 21:22:42 dlsprod sshd[23557]: PAM 5 more authentication failures; logname= uid=0 euid=0 tty=ssh ruser= rhost=182.100.67.244 user=root
Aug 12 21:22:42 dlsprod sshd[23557]: PAM service(sshd) ignoring max retries; 6 > 3
Aug 12 21:22:42 dlsprod sshd[23561]: Failed password for root from 146.185.239.53 port 43500 ssh2
Aug 12 21:22:43 dlsprod sshd[23561]: Received disconnect from 146.185.239.53 port 43500:11: [preauth]
Aug 12 21:22:43 dlsprod sshd[23561]: Disconnected from 146.185.239.53 port 43500 [preauth]
Aug 12 21:22:43 dlsprod sshd[23561]: PAM 1 more authentication failure; logname= uid=0 euid=0 tty=ssh ruser= rhost=146.185.239.53 user=root
Aug 12 21:22:43 dlsprod sshd[23563]: Invalid user administrator from 146.185.239.53
Aug 12 21:22:43 dlsprod sshd[23563]: input_userauth_request: invalid user administrator [preauth]
Aug 12 21:22:43 dlsprod sshd[23563]: pam_unix(sshd:auth): check pass; user unknown
Aug 12 21:22:43 dlsprod sshd[23563]: pam_unix(sshd:auth): authentication failure; logname= uid=0 euid=0 tty=ssh ruser= rhost=146.185.239.53
Aug 12 21:22:46 dlsprod sshd[23563]: Failed password for invalid user administrator from 146.185.239.53 port 45520 ssh2
Aug 12 21:22:46 dlsprod sshd[23563]: pam_unix(sshd:auth): check pass; user unknown
Aug 12 21:22:47 dlsprod sshd[23565]: pam_unix(sshd:auth): authentication failure; logname= uid=0 euid=0 tty=ssh ruser= rhost=182.100.67.244 user=root
Aug 12 21:22:48 dlsprod sshd[23563]: Failed password for invalid user administrator from 146.185.239.53 port 45520 ssh2
Aug 12 21:22:48 dlsprod sshd[23563]: Received disconnect from 146.185.239.53 port 45520:11: [preauth]
Aug 12 21:22:48 dlsprod sshd[23563]: Disconnected from 146.185.239.53 port 45520 [preauth]
Aug 12 21:22:48 dlsprod sshd[23563]: PAM 1 more authentication failure; logname= uid=0 euid=0 tty=ssh ruser= rhost=146.185.239.53
Aug 12 21:22:49 dlsprod sshd[23565]: Failed password for root from 182.100.67.244 port 47886 ssh2
Aug 12 21:22:49 dlsprod sshd[23568]: Invalid user NetLinx from 146.185.239.53
Aug 12 21:22:49 dlsprod sshd[23568]: input_userauth_request: invalid user NetLinx [preauth]
Aug 12 21:22:49 dlsprod sshd[23568]: pam_unix(sshd:auth): check pass; user unknown
Aug 12 21:22:49 dlsprod sshd[23568]: pam_unix(sshd:auth): authentication failure; logname= uid=0 euid=0 tty=ssh ruser= rhost=146.185.239.53
Aug 12 21:22:51 dlsprod sshd[23568]: Failed password for invalid user NetLinx from 146.185.239.53 port 47692 ssh2
Aug 12 21:22:51 dlsprod sshd[23568]: Received disconnect from 146.185.239.53 port 47692:11: [preauth]
Aug 12 21:22:51 dlsprod sshd[23568]: Disconnected from 146.185.239.53 port 47692 [preauth]
Aug 12 21:22:52 dlsprod sshd[23565]: Failed password for root from 182.100.67.244 port 47886 ssh2
Aug 12 21:23:05 dlsprod sshd[23565]: message repeated 4 times: [ Failed password for root from 182.100.67.244 port 47886 ssh2]
Aug 12 21:23:05 dlsprod sshd[23565]: error: maximum authentication attempts exceeded for root from 182.100.67.244 port 47886 ssh2 [preauth]
Aug 12 21:23:05 dlsprod sshd[23565]: Disconnecting: Too many authentication failures [preauth]
Aug 12 21:23:05 dlsprod sshd[23565]: PAM 5 more authentication failures; logname= uid=0 euid=0 tty=ssh ruser= rhost=182.100.67.244 user=root
Aug 12 21:23:05 dlsprod sshd[23565]: PAM service(sshd) ignoring max retries; 6 > 3
Aug 12 21:23:10 dlsprod sshd[23570]: pam_unix(sshd:auth): authentication failure; logname= uid=0 euid=0 tty=ssh ruser= rhost=182.100.67.244 user=root
Aug 12 21:23:13 dlsprod sshd[23570]: Failed password for root from 182.100.67.244 port 40300 ssh2
Aug 12 21:23:28 dlsprod sshd[23570]: message repeated 5 times: [ Failed password for root from 182.100.67.244 port 40300 ssh2]
Aug 12 21:23:28 dlsprod sshd[23570]: error: maximum authentication attempts exceeded for root from 182.100.67.244 port 40300 ssh2 [preauth]
Aug 12 21:23:28 dlsprod sshd[23570]: Disconnecting: Too many authentication failures [preauth]
Aug 12 21:23:28 dlsprod sshd[23570]: PAM 5 more authentication failures; logname= uid=0 euid=0 tty=ssh ruser= rhost=182.100.67.244 user=root
Aug 12 21:23:28 dlsprod sshd[23570]: PAM service(sshd) ignoring max retries; 6 > 3
Aug 12 21:23:32 dlsprod sshd[23572]: pam_unix(sshd:auth): authentication failure; logname= uid=0 euid=0 tty=ssh ruser= rhost=182.100.67.244 user=root
Aug 12 21:23:34 dlsprod sshd[23572]: Failed password for root from 182.100.67.244 port 32634 ssh2
Aug 12 21:23:50 dlsprod sshd[23572]: message repeated 5 times: [ Failed password for root from 182.100.67.244 port 32634 ssh2]
Aug 12 21:23:50 dlsprod sshd[23572]: error: maximum authentication attempts exceeded for root from 182.100.67.244 port 32634 ssh2 [preauth]
Aug 12 21:23:50 dlsprod sshd[23572]: Disconnecting: Too many authentication failures [preauth]
Aug 12 21:23:50 dlsprod sshd[23572]: PAM 5 more authentication failures; logname= uid=0 euid=0 tty=ssh ruser= rhost=182.100.67.244 user=root
Aug 12 21:23:50 dlsprod sshd[23572]: PAM service(sshd) ignoring max retries; 6 > 3
Aug 12 21:23:54 dlsprod sshd[23575]: pam_unix(sshd:auth): authentication failure; logname= uid=0 euid=0 tty=ssh ruser= rhost=182.100.67.244 user=root
Aug 12 21:23:56 dlsprod sshd[23575]: Failed password for root from 182.100.67.244 port 21254 ssh2
Aug 12 21:24:11 dlsprod sshd[23575]: message repeated 5 times: [ Failed password for root from 182.100.67.244 port 21254 ssh2]
Aug 12 21:24:11 dlsprod sshd[23575]: error: maximum authentication attempts exceeded for root from 182.100.67.244 port 21254 ssh2 [preauth]
Aug 12 21:24:11 dlsprod sshd[23575]: Disconnecting: Too many authentication failures [preauth]
Aug 12 21:24:11 dlsprod sshd[23575]: PAM 5 more authentication failures; logname= uid=0 euid=0 tty=ssh ruser= rhost=182.100.67.244 user=root
Aug 12 21:24:11 dlsprod sshd[23575]: PAM service(sshd) ignoring max retries; 6 > 3
Aug 12 21:24:15 dlsprod sshd[23577]: Invalid user vnc from 139.99.157.78
Aug 12 21:24:15 dlsprod sshd[23577]: input_userauth_request: invalid user vnc [preauth]
Aug 12 21:24:15 dlsprod sshd[23577]: pam_unix(sshd:auth): check pass; user unknown
Aug 12 21:24:15 dlsprod sshd[23577]: pam_unix(sshd:auth): authentication failure; logname= uid=0 euid=0 tty=ssh ruser= rhost=139.99.157.78
Aug 12 21:24:15 dlsprod sshd[23579]: pam_unix(sshd:auth): authentication failure; logname= uid=0 euid=0 tty=ssh ruser= rhost=182.100.67.244 user=root
Aug 12 21:24:18 dlsprod sshd[23577]: Failed password for invalid user vnc from 139.99.157.78 port 58656 ssh2
Aug 12 21:24:18 dlsprod sshd[23579]: Failed password for root from 182.100.67.244 port 9220 ssh2
Aug 12 21:24:18 dlsprod sshd[23577]: Connection closed by 139.99.157.78 port 58656 [preauth]
Aug 12 21:24:21 dlsprod sshd[23579]: Failed password for root from 182.100.67.244 port 9220 ssh2
Aug 12 21:24:33 dlsprod sshd[23579]: message repeated 4 times: [ Failed password for root from 182.100.67.244 port 9220 ssh2]
Aug 12 21:24:33 dlsprod sshd[23579]: error: maximum authentication attempts exceeded for root from 182.100.67.244 port 9220 ssh2 [preauth]
Aug 12 21:24:33 dlsprod sshd[23579]: Disconnecting: Too many authentication failures [preauth]
Aug 12 21:24:33 dlsprod sshd[23579]: PAM 5 more authentication failures; logname= uid=0 euid=0 tty=ssh ruser= rhost=182.100.67.244 user=root
Aug 12 21:24:33 dlsprod sshd[23579]: PAM service(sshd) ignoring max retries; 6 > 3
Aug 12 21:24:37 dlsprod sshd[23581]: pam_unix(sshd:auth): authentication failure; logname= uid=0 euid=0 tty=ssh ruser= rhost=182.100.67.244 user=root
Aug 12 21:24:38 dlsprod sshd[23581]: Failed password for root from 182.100.67.244 port 62740 ssh2
Aug 12 21:24:53 dlsprod sshd[23581]: message repeated 5 times: [ Failed password for root from 182.100.67.244 port 62740 ssh2]
Aug 12 21:24:53 dlsprod sshd[23581]: error: maximum authentication attempts exceeded for root from 182.100.67.244 port 62740 ssh2 [preauth]
Aug 12 21:24:53 dlsprod sshd[23581]: Disconnecting: Too many authentication failures [preauth]
Aug 12 21:24:53 dlsprod sshd[23581]: PAM 5 more authentication failures; logname= uid=0 euid=0 tty=ssh ruser= rhost=182.100.67.244 user=root
Aug 12 21:24:53 dlsprod sshd[23581]: PAM service(sshd) ignoring max retries; 6 > 3
Aug 12 21:24:57 dlsprod sshd[23584]: pam_unix(sshd:auth): authentication failure; logname= uid=0 euid=0 tty=ssh ruser= rhost=182.100.67.244 user=root
Aug 12 21:25:00 dlsprod sshd[23584]: Failed password for root from 182.100.67.244 port 47442 ssh2
Aug 12 21:25:01 dlsprod CRON[23586]: pam_unix(cron:session): session opened for user root by (uid=0)
Aug 12 21:25:01 dlsprod CRON[23586]: pam_unix(cron:session): session closed for user root
Aug 12 21:25:03 dlsprod sshd[23584]: Failed password for root from 182.100.67.244 port 47442 ssh2
Aug 12 21:25:14 dlsprod sshd[23584]: message repeated 4 times: [ Failed password for root from 182.100.67.244 port 47442 ssh2]
Aug 12 21:25:14 dlsprod sshd[23584]: error: maximum authentication attempts exceeded for root from 182.100.67.244 port 47442 ssh2 [preauth]
Aug 12 21:25:14 dlsprod sshd[23584]: Disconnecting: Too many authentication failures [preauth]
Aug 12 21:25:14 dlsprod sshd[23584]: PAM 5 more authentication failures; logname= uid=0 euid=0 tty=ssh ruser= rhost=182.100.67.244 user=root
Aug 12 21:25:14 dlsprod sshd[23584]: PAM service(sshd) ignoring max retries; 6 > 3
Aug 12 21:25:18 dlsprod sshd[23589]: pam_unix(sshd:auth): authentication failure; logname= uid=0 euid=0 tty=ssh ruser= rhost=182.100.67.244 user=root
Aug 12 21:25:20 dlsprod sshd[23589]: Failed password for root from 182.100.67.244 port 38112 ssh2
Aug 12 21:25:35 dlsprod sshd[23589]: message repeated 5 times: [ Failed password for root from 182.100.67.244 port 38112 ssh2]
Aug 12 21:25:35 dlsprod sshd[23589]: error: maximum authentication attempts exceeded for root from 182.100.67.244 port 38112 ssh2 [preauth]
Aug 12 21:25:35 dlsprod sshd[23589]: Disconnecting: Too many authentication failures [preauth]
Aug 12 21:25:35 dlsprod sshd[23589]: PAM 5 more authentication failures; logname= uid=0 euid=0 tty=ssh ruser= rhost=182.100.67.244 user=root
Aug 12 21:25:35 dlsprod sshd[23589]: PAM service(sshd) ignoring max retries; 6 > 3
Aug 12 21:25:39 dlsprod sshd[23591]: pam_unix(sshd:auth): authentication failure; logname= uid=0 euid=0 tty=ssh ruser= rhost=182.100.67.244 user=root
Aug 12 21:25:41 dlsprod sshd[23591]: Failed password for root from 182.100.67.244 port 26006 ssh2
Aug 12 21:25:55 dlsprod sshd[23591]: message repeated 5 times: [ Failed password for root from 182.100.67.244 port 26006 ssh2]
Aug 12 21:25:55 dlsprod sshd[23591]: error: maximum authentication attempts exceeded for root from 182.100.67.244 port 26006 ssh2 [preauth]
Aug 12 21:25:55 dlsprod sshd[23591]: Disconnecting: Too many authentication failures [preauth]
Aug 12 21:25:55 dlsprod sshd[23591]: PAM 5 more authentication failures; logname= uid=0 euid=0 tty=ssh ruser= rhost=182.100.67.244 user=root
Aug 12 21:25:55 dlsprod sshd[23591]: PAM service(sshd) ignoring max retries; 6 > 3
Aug 12 21:25:59 dlsprod sshd[23594]: pam_unix(sshd:auth): authentication failure; logname= uid=0 euid=0 tty=ssh ruser= rhost=182.100.67.244 user=root
Aug 12 21:26:01 dlsprod sshd[23594]: Failed password for root from 182.100.67.244 port 12538 ssh2
Aug 12 21:26:15 dlsprod sshd[23594]: message repeated 5 times: [ Failed password for root from 182.100.67.244 port 12538 ssh2]
Aug 12 21:26:15 dlsprod sshd[23594]: error: maximum authentication attempts exceeded for root from 182.100.67.244 port 12538 ssh2 [preauth]
Aug 12 21:26:15 dlsprod sshd[23594]: Disconnecting: Too many authentication failures [preauth]
Aug 12 21:26:15 dlsprod sshd[23594]: PAM 5 more authentication failures; logname= uid=0 euid=0 tty=ssh ruser= rhost=182.100.67.244 user=root
Aug 12 21:26:15 dlsprod sshd[23594]: PAM service(sshd) ignoring max retries; 6 > 3
Aug 12 21:26:20 dlsprod sshd[23596]: pam_unix(sshd:auth): authentication failure; logname= uid=0 euid=0 tty=ssh ruser= rhost=182.100.67.244 user=root
Aug 12 21:26:22 dlsprod sshd[23596]: Failed password for root from 182.100.67.244 port 65078 ssh2
Aug 12 21:26:36 dlsprod sshd[23596]: message repeated 5 times: [ Failed password for root from 182.100.67.244 port 65078 ssh2]
Aug 12 21:26:36 dlsprod sshd[23596]: error: maximum authentication attempts exceeded for root from 182.100.67.244 port 65078 ssh2 [preauth]
Aug 12 21:26:36 dlsprod sshd[23596]: Disconnecting: Too many authentication failures [preauth]
Aug 12 21:26:36 dlsprod sshd[23596]: PAM 5 more authentication failures; logname= uid=0 euid=0 tty=ssh ruser= rhost=182.100.67.244 user=root
Aug 12 21:26:36 dlsprod sshd[23596]: PAM service(sshd) ignoring max retries; 6 > 3
Aug 12 21:26:41 dlsprod sshd[23598]: pam_unix(sshd:auth): authentication failure; logname= uid=0 euid=0 tty=ssh ruser= rhost=182.100.67.244 user=root
Aug 12 21:26:43 dlsprod sshd[23598]: Failed password for root from 182.100.67.244 port 54858 ssh2
Aug 12 21:26:56 dlsprod sshd[23598]: message repeated 5 times: [ Failed password for root from 182.100.67.244 port 54858 ssh2]
Aug 12 21:26:56 dlsprod sshd[23598]: error: maximum authentication attempts exceeded for root from 182.100.67.244 port 54858 ssh2 [preauth]
Aug 12 21:26:56 dlsprod sshd[23598]: Disconnecting: Too many authentication failures [preauth]
Aug 12 21:26:56 dlsprod sshd[23598]: PAM 5 more authentication failures; logname= uid=0 euid=0 tty=ssh ruser= rhost=182.100.67.244 user=root
Aug 12 21:26:56 dlsprod sshd[23598]: PAM service(sshd) ignoring max retries; 6 > 3
Aug 12 21:27:00 dlsprod sshd[23602]: pam_unix(sshd:auth): authentication failure; logname= uid=0 euid=0 tty=ssh ruser= rhost=182.100.67.244 user=root
Aug 12 21:27:02 dlsprod sshd[23602]: Failed password for root from 182.100.67.244 port 42848 ssh2
Aug 12 21:27:16 dlsprod sshd[23602]: message repeated 5 times: [ Failed password for root from 182.100.67.244 port 42848 ssh2]
Aug 12 21:27:16 dlsprod sshd[23602]: error: maximum authentication attempts exceeded for root from 182.100.67.244 port 42848 ssh2 [preauth]
Aug 12 21:27:16 dlsprod sshd[23602]: Disconnecting: Too many authentication failures [preauth]
Aug 12 21:27:16 dlsprod sshd[23602]: PAM 5 more authentication failures; logname= uid=0 euid=0 tty=ssh ruser= rhost=182.100.67.244 user=root
Aug 12 21:27:16 dlsprod sshd[23602]: PAM service(sshd) ignoring max retries; 6 > 3
Aug 12 21:27:21 dlsprod sshd[23604]: pam_unix(sshd:auth): authentication failure; logname= uid=0 euid=0 tty=ssh ruser= rhost=182.100.67.244 user=root
Aug 12 21:27:23 dlsprod sshd[23604]: Failed password for root from 182.100.67.244 port 29174 ssh2
Aug 12 21:27:36 dlsprod sshd[23604]: message repeated 5 times: [ Failed password for root from 182.100.67.244 port 29174 ssh2]
Aug 12 21:27:36 dlsprod sshd[23604]: error: maximum authentication attempts exceeded for root from 182.100.67.244 port 29174 ssh2 [preauth]
Aug 12 21:27:36 dlsprod sshd[23604]: Disconnecting: Too many authentication failures [preauth]
Aug 12 21:27:36 dlsprod sshd[23604]: PAM 5 more authentication failures; logname= uid=0 euid=0 tty=ssh ruser= rhost=182.100.67.244 user=root
Aug 12 21:27:36 dlsprod sshd[23604]: PAM service(sshd) ignoring max retries; 6 > 3
Aug 12 21:27:41 dlsprod sshd[23606]: pam_unix(sshd:auth): authentication failure; logname= uid=0 euid=0 tty=ssh ruser= rhost=182.100.67.244 user=root
Aug 12 21:27:43 dlsprod sshd[23606]: Failed password for root from 182.100.67.244 port 18036 ssh2
Aug 12 21:27:58 dlsprod sshd[23606]: message repeated 5 times: [ Failed password for root from 182.100.67.244 port 18036 ssh2]
Aug 12 21:27:58 dlsprod sshd[23606]: error: maximum authentication attempts exceeded for root from 182.100.67.244 port 18036 ssh2 [preauth]
Aug 12 21:27:58 dlsprod sshd[23606]: Disconnecting: Too many authentication failures [preauth]
Aug 12 21:27:58 dlsprod sshd[23606]: PAM 5 more authentication failures; logname= uid=0 euid=0 tty=ssh ruser= rhost=182.100.67.244 user=root
Aug 12 21:27:58 dlsprod sshd[23606]: PAM service(sshd) ignoring max retries; 6 > 3
Aug 12 21:28:04 dlsprod sshd[23609]: pam_unix(sshd:auth): authentication failure; logname= uid=0 euid=0 tty=ssh ruser= rhost=182.100.67.244 user=root
Aug 12 21:28:06 dlsprod sshd[23609]: Failed password for root from 182.100.67.244 port 12040 ssh2
Aug 12 21:28:20 dlsprod sshd[23609]: message repeated 5 times: [ Failed password for root from 182.100.67.244 port 12040 ssh2]
Aug 12 21:28:20 dlsprod sshd[23609]: error: maximum authentication attempts exceeded for root from 182.100.67.244 port 12040 ssh2 [preauth]
Aug 12 21:28:20 dlsprod sshd[23609]: Disconnecting: Too many authentication failures [preauth]
Aug 12 21:28:20 dlsprod sshd[23609]: PAM 5 more authentication failures; logname= uid=0 euid=0 tty=ssh ruser= rhost=182.100.67.244 user=root
Aug 12 21:28:20 dlsprod sshd[23609]: PAM service(sshd) ignoring max retries; 6 > 3
Aug 12 21:28:23 dlsprod sshd[23635]: pam_unix(sshd:auth): authentication failure; logname= uid=0 euid=0 tty=ssh ruser= rhost=182.100.67.244 user=root
Aug 12 21:28:26 dlsprod sshd[23635]: Failed password for root from 182.100.67.244 port 64800 ssh2
Aug 12 21:28:41 dlsprod sshd[23635]: message repeated 5 times: [ Failed password for root from 182.100.67.244 port 64800 ssh2]
Aug 12 21:28:41 dlsprod sshd[23635]: error: maximum authentication attempts exceeded for root from 182.100.67.244 port 64800 ssh2 [preauth]
Aug 12 21:28:41 dlsprod sshd[23635]: Disconnecting: Too many authentication failures [preauth]
Aug 12 21:28:41 dlsprod sshd[23635]: PAM 5 more authentication failures; logname= uid=0 euid=0 tty=ssh ruser= rhost=182.100.67.244 user=root
Aug 12 21:28:41 dlsprod sshd[23635]: PAM service(sshd) ignoring max retries; 6 > 3
Aug 12 21:28:46 dlsprod sshd[23637]: pam_unix(sshd:auth): authentication failure; logname= uid=0 euid=0 tty=ssh ruser= rhost=182.100.67.244 user=root
Aug 12 21:28:48 dlsprod sshd[23637]: Failed password for root from 182.100.67.244 port 51792 ssh2
Aug 12 21:29:02 dlsprod sshd[23637]: message repeated 5 times: [ Failed password for root from 182.100.67.244 port 51792 ssh2]
Aug 12 21:29:02 dlsprod sshd[23637]: error: maximum authentication attempts exceeded for root from 182.100.67.244 port 51792 ssh2 [preauth]
Aug 12 21:29:02 dlsprod sshd[23637]: Disconnecting: Too many authentication failures [preauth]
Aug 12 21:29:02 dlsprod sshd[23637]: PAM 5 more authentication failures; logname= uid=0 euid=0 tty=ssh ruser= rhost=182.100.67.244 user=root
Aug 12 21:29:02 dlsprod sshd[23637]: PAM service(sshd) ignoring max retries; 6 > 3
Aug 12 21:29:07 dlsprod sshd[23640]: pam_unix(sshd:auth): authentication failure; logname= uid=0 euid=0 tty=ssh ruser= rhost=182.100.67.244 user=root
Aug 12 21:29:09 dlsprod sshd[23640]: Failed password for root from 182.100.67.244 port 39572 ssh2
Aug 12 21:29:25 dlsprod sshd[23640]: message repeated 5 times: [ Failed password for root from 182.100.67.244 port 39572 ssh2]
Aug 12 21:29:25 dlsprod sshd[23640]: error: maximum authentication attempts exceeded for root from 182.100.67.244 port 39572 ssh2 [preauth]
Aug 12 21:29:25 dlsprod sshd[23640]: Disconnecting: Too many authentication failures [preauth]
Aug 12 21:29:25 dlsprod sshd[23640]: PAM 5 more authentication failures; logname= uid=0 euid=0 tty=ssh ruser= rhost=182.100.67.244 user=root
Aug 12 21:29:25 dlsprod sshd[23640]: PAM service(sshd) ignoring max retries; 6 > 3
Aug 12 21:29:29 dlsprod sshd[23642]: pam_unix(sshd:auth): authentication failure; logname= uid=0 euid=0 tty=ssh ruser= rhost=182.100.67.244 user=root
Aug 12 21:29:31 dlsprod sshd[23642]: Failed password for root from 182.100.67.244 port 34332 ssh2
Aug 12 21:29:46 dlsprod sshd[23642]: message repeated 5 times: [ Failed password for root from 182.100.67.244 port 34332 ssh2]
Aug 12 21:29:46 dlsprod sshd[23642]: error: maximum authentication attempts exceeded for root from 182.100.67.244 port 34332 ssh2 [preauth]
Aug 12 21:29:46 dlsprod sshd[23642]: Disconnecting: Too many authentication failures [preauth]
Aug 12 21:29:46 dlsprod sshd[23642]: PAM 5 more authentication failures; logname= uid=0 euid=0 tty=ssh ruser= rhost=182.100.67.244 user=root
Aug 12 21:29:46 dlsprod sshd[23642]: PAM service(sshd) ignoring max retries; 6 > 3
Aug 12 21:29:51 dlsprod sshd[23647]: pam_unix(sshd:auth): authentication failure; logname= uid=0 euid=0 tty=ssh ruser= rhost=182.100.67.244 user=root
Aug 12 21:29:53 dlsprod sshd[23647]: Failed password for root from 182.100.67.244 port 19790 ssh2
Aug 12 21:29:54 dlsprod sshd[23644]: Connection closed by 189.135.58.35 port 38290 [preauth]
Aug 12 21:29:56 dlsprod sshd[23647]: Failed password for root from 182.100.67.244 port 19790 ssh2
Aug 12 21:30:07 dlsprod sshd[23647]: message repeated 4 times: [ Failed password for root from 182.100.67.244 port 19790 ssh2]
Aug 12 21:30:07 dlsprod sshd[23647]: error: maximum authentication attempts exceeded for root from 182.100.67.244 port 19790 ssh2 [preauth]
Aug 12 21:30:07 dlsprod sshd[23647]: Disconnecting: Too many authentication failures [preauth]
Aug 12 21:30:07 dlsprod sshd[23647]: PAM 5 more authentication failures; logname= uid=0 euid=0 tty=ssh ruser= rhost=182.100.67.244 user=root
Aug 12 21:30:07 dlsprod sshd[23647]: PAM service(sshd) ignoring max retries; 6 > 3
Aug 12 21:30:11 dlsprod sshd[23649]: pam_unix(sshd:auth): authentication failure; logname= uid=0 euid=0 tty=ssh ruser= rhost=182.100.67.244 user=root
Aug 12 21:30:14 dlsprod sshd[23649]: Failed password for root from 182.100.67.244 port 6206 ssh2
Aug 12 21:30:30 dlsprod sshd[23649]: message repeated 5 times: [ Failed password for root from 182.100.67.244 port 6206 ssh2]
Aug 12 21:30:30 dlsprod sshd[23649]: error: maximum authentication attempts exceeded for root from 182.100.67.244 port 6206 ssh2 [preauth]
Aug 12 21:30:30 dlsprod sshd[23649]: Disconnecting: Too many authentication failures [preauth]
Aug 12 21:30:30 dlsprod sshd[23649]: PAM 5 more authentication failures; logname= uid=0 euid=0 tty=ssh ruser= rhost=182.100.67.244 user=root
Aug 12 21:30:30 dlsprod sshd[23649]: PAM service(sshd) ignoring max retries; 6 > 3
Aug 12 21:30:34 dlsprod sshd[23651]: pam_unix(sshd:auth): authentication failure; logname= uid=0 euid=0 tty=ssh ruser= rhost=182.100.67.244 user=root
Aug 12 21:30:37 dlsprod sshd[23651]: Failed password for root from 182.100.67.244 port 59082 ssh2
Aug 12 21:30:52 dlsprod sshd[23651]: message repeated 5 times: [ Failed password for root from 182.100.67.244 port 59082 ssh2]
Aug 12 21:30:52 dlsprod sshd[23651]: error: maximum authentication attempts exceeded for root from 182.100.67.244 port 59082 ssh2 [preauth]
Aug 12 21:30:52 dlsprod sshd[23651]: Disconnecting: Too many authentication failures [preauth]
Aug 12 21:30:52 dlsprod sshd[23651]: PAM 5 more authentication failures; logname= uid=0 euid=0 tty=ssh ruser= rhost=182.100.67.244 user=root
Aug 12 21:30:52 dlsprod sshd[23651]: PAM service(sshd) ignoring max retries; 6 > 3
Aug 12 21:30:56 dlsprod sshd[23654]: pam_unix(sshd:auth): authentication failure; logname= uid=0 euid=0 tty=ssh ruser= rhost=182.100.67.244 user=root
Aug 12 21:30:58 dlsprod sshd[23654]: Failed password for root from 182.100.67.244 port 51048 ssh2
Aug 12 21:31:13 dlsprod sshd[23654]: message repeated 5 times: [ Failed password for root from 182.100.67.244 port 51048 ssh2]
Aug 12 21:31:13 dlsprod sshd[23654]: error: maximum authentication attempts exceeded for root from 182.100.67.244 port 51048 ssh2 [preauth]
Aug 12 21:31:13 dlsprod sshd[23654]: Disconnecting: Too many authentication failures [preauth]
Aug 12 21:31:13 dlsprod sshd[23654]: PAM 5 more authentication failures; logname= uid=0 euid=0 tty=ssh ruser= rhost=182.100.67.244 user=root
Aug 12 21:31:13 dlsprod sshd[23654]: PAM service(sshd) ignoring max retries; 6 > 3
Aug 12 21:31:17 dlsprod sshd[23656]: pam_unix(sshd:auth): authentication failure; logname= uid=0 euid=0 tty=ssh ruser= rhost=182.100.67.244 user=root
Aug 12 21:31:19 dlsprod sshd[23656]: Failed password for root from 182.100.67.244 port 37890 ssh2
Aug 12 21:31:35 dlsprod sshd[23656]: message repeated 5 times: [ Failed password for root from 182.100.67.244 port 37890 ssh2]
Aug 12 21:31:35 dlsprod sshd[23656]: error: maximum authentication attempts exceeded for root from 182.100.67.244 port 37890 ssh2 [preauth]
Aug 12 21:31:35 dlsprod sshd[23656]: Disconnecting: Too many authentication failures [preauth]
Aug 12 21:31:35 dlsprod sshd[23656]: PAM 5 more authentication failures; logname= uid=0 euid=0 tty=ssh ruser= rhost=182.100.67.244 user=root
Aug 12 21:31:35 dlsprod sshd[23656]: PAM service(sshd) ignoring max retries; 6 > 3
Aug 12 21:31:39 dlsprod sshd[23673]: pam_unix(sshd:auth): authentication failure; logname= uid=0 euid=0 tty=ssh ruser= rhost=182.100.67.244 user=root
Aug 12 21:31:41 dlsprod sshd[23673]: Failed password for root from 182.100.67.244 port 27634 ssh2
