Aug 12 20:47:50 dlsprod sshd[23161]: error: maximum authentication attempts exceeded for root from 182.100.67.244 port 56798 ssh2 [preauth]
Aug 12 20:47:50 dlsprod sshd[23161]: Disconnecting: Too many authentication failures [preauth]
Aug 12 20:47:50 dlsprod sshd[23161]: PAM 5 more authentication failures; logname= uid=0 euid=0 tty=ssh ruser= rhost=182.100.67.244 user=root
Aug 12 20:47:50 dlsprod sshd[23161]: PAM service(sshd) ignoring max retries; 6 > 3
Aug 12 20:47:54 dlsprod sshd[23164]: pam_unix(sshd:auth): authentication failure; logname= uid=0 euid=0 tty=ssh ruser= rhost=182.100.67.244 user=root
Aug 12 20:47:55 dlsprod sshd[23164]: Failed password for root from 182.100.67.244 port 43778 ssh2
Aug 12 20:48:09 dlsprod sshd[23164]: message repeated 5 times: [ Failed password for root from 182.100.67.244 port 43778 ssh2]
Aug 12 20:48:09 dlsprod sshd[23164]: error: maximum authentication attempts exceeded for root from 182.100.67.244 port 43778 ssh2 [preauth]
Aug 12 20:48:09 dlsprod sshd[23164]: Disconnecting: Too many authentication failures [preauth]
Aug 12 20:48:09 dlsprod sshd[23164]: PAM 5 more authentication failures; logname= uid=0 euid=0 tty=ssh ruser= rhost=182.100.67.244 user=root
Aug 12 20:48:09 dlsprod sshd[23164]: PAM service(sshd) ignoring max retries; 6 > 3
Aug 12 20:48:13 dlsprod sshd[23167]: pam_unix(sshd:auth): authentication failure; logname= uid=0 euid=0 tty=ssh ruser= rhost=182.100.67.244 user=root
Aug 12 20:48:14 dlsprod sshd[23167]: Failed password for root from 182.100.67.244 port 30478 ssh2
Aug 12 20:48:28 dlsprod sshd[23167]: message repeated 5 times: [ Failed password for root from 182.100.67.244 port 30478 ssh2]
Aug 12 20:48:28 dlsprod sshd[23167]: error: maximum authentication attempts exceeded for root from 182.100.67.244 port 30478 ssh2 [preauth]
Aug 12 20:48:28 dlsprod sshd[23167]: Disconnecting: Too many authentication failures [preauth]
Aug 12 20:48:28 dlsprod sshd[23167]: PAM 5 more authentication failures; logname= uid=0 euid=0 tty=ssh ruser= rhost=182.100.67.244 user=root
Aug 12 20:48:28 dlsprod sshd[23167]: PAM service(sshd) ignoring max retries; 6 > 3
Aug 12 20:48:32 dlsprod sshd[23169]: pam_unix(sshd:auth): authentication failure; logname= uid=0 euid=0 tty=ssh ruser= rhost=182.100.67.244 user=root
Aug 12 20:48:34 dlsprod sshd[23169]: Failed password for root from 182.100.67.244 port 17490 ssh2
Aug 12 20:48:49 dlsprod sshd[23169]: message repeated 5 times: [ Failed password for root from 182.100.67.244 port 17490 ssh2]
Aug 12 20:48:49 dlsprod sshd[23169]: error: maximum authentication attempts exceeded for root from 182.100.67.244 port 17490 ssh2 [preauth]
Aug 12 20:48:49 dlsprod sshd[23169]: Disconnecting: Too many authentication failures [preauth]
Aug 12 20:48:49 dlsprod sshd[23169]: PAM 5 more authentication failures; logname= uid=0 euid=0 tty=ssh ruser= rhost=182.100.67.244 user=root
Aug 12 20:48:49 dlsprod sshd[23169]: PAM service(sshd) ignoring max retries; 6 > 3
Aug 12 20:48:52 dlsprod sshd[23172]: pam_unix(sshd:auth): authentication failure; logname= uid=0 euid=0 tty=ssh ruser= rhost=182.100.67.244 user=root
Aug 12 20:48:54 dlsprod sshd[23172]: Failed password for root from 182.100.67.244 port 4970 ssh2
Aug 12 20:49:08 dlsprod sshd[23172]: message repeated 5 times: [ Failed password for root from 182.100.67.244 port 4970 ssh2]
Aug 12 20:49:08 dlsprod sshd[23172]: error: maximum authentication attempts exceeded for root from 182.100.67.244 port 4970 ssh2 [preauth]
Aug 12 20:49:08 dlsprod sshd[23172]: Disconnecting: Too many authentication failures [preauth]
Aug 12 20:49:08 dlsprod sshd[23172]: PAM 5 more authentication failures; logname= uid=0 euid=0 tty=ssh ruser= rhost=182.100.67.244 user=root
Aug 12 20:49:08 dlsprod sshd[23172]: PAM service(sshd) ignoring max retries; 6 > 3
Aug 12 20:49:12 dlsprod sshd[23174]: pam_unix(sshd:auth): authentication failure; logname= uid=0 euid=0 tty=ssh ruser= rhost=182.100.67.244 user=root
Aug 12 20:49:14 dlsprod sshd[23174]: Failed password for root from 182.100.67.244 port 53700 ssh2
Aug 12 20:49:27 dlsprod sshd[23174]: message repeated 5 times: [ Failed password for root from 182.100.67.244 port 53700 ssh2]
Aug 12 20:49:27 dlsprod sshd[23174]: error: maximum authentication attempts exceeded for root from 182.100.67.244 port 53700 ssh2 [preauth]
Aug 12 20:49:27 dlsprod sshd[23174]: Disconnecting: Too many authentication failures [preauth]
Aug 12 20:49:27 dlsprod sshd[23174]: PAM 5 more authentication failures; logname= uid=0 euid=0 tty=ssh ruser= rhost=182.100.67.244 user=root
Aug 12 20:49:27 dlsprod sshd[23174]: PAM service(sshd) ignoring max retries; 6 > 3
Aug 12 20:49:31 dlsprod sshd[23176]: pam_unix(sshd:auth): authentication failure; logname= uid=0 euid=0 tty=ssh ruser= rhost=182.100.67.244 user=root
Aug 12 20:49:33 dlsprod sshd[23176]: Failed password for root from 182.100.67.244 port 38904 ssh2
Aug 12 20:49:46 dlsprod sshd[23176]: message repeated 5 times: [ Failed password for root from 182.100.67.244 port 38904 ssh2]
Aug 12 20:49:46 dlsprod sshd[23176]: error: maximum authentication attempts exceeded for root from 182.100.67.244 port 38904 ssh2 [preauth]
Aug 12 20:49:46 dlsprod sshd[23176]: Disconnecting: Too many authentication failures [preauth]
Aug 12 20:49:46 dlsprod sshd[23176]: PAM 5 more authentication failures; logname= uid=0 euid=0 tty=ssh ruser= rhost=182.100.67.244 user=root
Aug 12 20:49:46 dlsprod sshd[23176]: PAM service(sshd) ignoring max retries; 6 > 3
Aug 12 20:49:50 dlsprod sshd[23179]: pam_unix(sshd:auth): authentication failure; logname= uid=0 euid=0 tty=ssh ruser= rhost=182.100.67.244 user=root
Aug 12 20:49:53 dlsprod sshd[23179]: Failed password for root from 182.100.67.244 port 24716 ssh2
Aug 12 20:50:07 dlsprod sshd[23179]: message repeated 5 times: [ Failed password for root from 182.100.67.244 port 24716 ssh2]
Aug 12 20:50:07 dlsprod sshd[23179]: error: maximum authentication attempts exceeded for root from 182.100.67.244 port 24716 ssh2 [preauth]
Aug 12 20:50:07 dlsprod sshd[23179]: Disconnecting: Too many authentication failures [preauth]
Aug 12 20:50:07 dlsprod sshd[23179]: PAM 5 more authentication failures; logname= uid=0 euid=0 tty=ssh ruser= rhost=182.100.67.244 user=root
Aug 12 20:50:07 dlsprod sshd[23179]: PAM service(sshd) ignoring max retries; 6 > 3
Aug 12 20:50:11 dlsprod sshd[23181]: pam_unix(sshd:auth): authentication failure; logname= uid=0 euid=0 tty=ssh ruser= rhost=182.100.67.244 user=root
Aug 12 20:50:14 dlsprod sshd[23181]: Failed password for root from 182.100.67.244 port 13296 ssh2
Aug 12 20:50:29 dlsprod sshd[23181]: message repeated 5 times: [ Failed password for root from 182.100.67.244 port 13296 ssh2]
Aug 12 20:50:29 dlsprod sshd[23181]: error: maximum authentication attempts exceeded for root from 182.100.67.244 port 13296 ssh2 [preauth]
Aug 12 20:50:29 dlsprod sshd[23181]: Disconnecting: Too many authentication failures [preauth]
Aug 12 20:50:29 dlsprod sshd[23181]: PAM 5 more authentication failures; logname= uid=0 euid=0 tty=ssh ruser= rhost=182.100.67.244 user=root
Aug 12 20:50:29 dlsprod sshd[23181]: PAM service(sshd) ignoring max retries; 6 > 3
Aug 12 20:50:32 dlsprod sshd[23183]: pam_unix(sshd:auth): authentication failure; logname= uid=0 euid=0 tty=ssh ruser= rhost=182.100.67.244 user=root
Aug 12 20:50:35 dlsprod sshd[23183]: Failed password for root from 182.100.67.244 port 64184 ssh2
Aug 12 20:50:49 dlsprod sshd[23183]: message repeated 5 times: [ Failed password for root from 182.100.67.244 port 64184 ssh2]
Aug 12 20:50:49 dlsprod sshd[23183]: error: maximum authentication attempts exceeded for root from 182.100.67.244 port 64184 ssh2 [preauth]
Aug 12 20:50:49 dlsprod sshd[23183]: Disconnecting: Too many authentication failures [preauth]
Aug 12 20:50:49 dlsprod sshd[23183]: PAM 5 more authentication failures; logname= uid=0 euid=0 tty=ssh ruser= rhost=182.100.67.244 user=root
Aug 12 20:50:49 dlsprod sshd[23183]: PAM service(sshd) ignoring max retries; 6 > 3
Aug 12 20:50:54 dlsprod sshd[23187]: pam_unix(sshd:auth): authentication failure; logname= uid=0 euid=0 tty=ssh ruser= rhost=182.100.67.244 user=root
Aug 12 20:50:56 dlsprod sshd[23187]: Failed password for root from 182.100.67.244 port 49452 ssh2
Aug 12 20:51:11 dlsprod sshd[23187]: message repeated 5 times: [ Failed password for root from 182.100.67.244 port 49452 ssh2]
Aug 12 20:51:11 dlsprod sshd[23187]: error: maximum authentication attempts exceeded for root from 182.100.67.244 port 49452 ssh2 [preauth]
Aug 12 20:51:11 dlsprod sshd[23187]: Disconnecting: Too many authentication failures [preauth]
Aug 12 20:51:11 dlsprod sshd[23187]: PAM 5 more authentication failures; logname= uid=0 euid=0 tty=ssh ruser= rhost=182.100.67.244 user=root
Aug 12 20:51:11 dlsprod sshd[23187]: PAM service(sshd) ignoring max retries; 6 > 3
Aug 12 20:51:14 dlsprod sshd[23191]: pam_unix(sshd:auth): authentication failure; logname= uid=0 euid=0 tty=ssh ruser= rhost=182.100.67.244 user=root
Aug 12 20:51:17 dlsprod sshd[23191]: Failed password for root from 182.100.67.244 port 39880 ssh2
Aug 12 20:51:17 dlsprod sshd[23189]: Connection closed by 96.70.94.73 port 47020 [preauth]
Aug 12 20:51:20 dlsprod sshd[23191]: Failed password for root from 182.100.67.244 port 39880 ssh2
Aug 12 20:51:32 dlsprod sshd[23191]: message repeated 4 times: [ Failed password for root from 182.100.67.244 port 39880 ssh2]
Aug 12 20:51:32 dlsprod sshd[23191]: error: maximum authentication attempts exceeded for root from 182.100.67.244 port 39880 ssh2 [preauth]
Aug 12 20:51:32 dlsprod sshd[23191]: Disconnecting: Too many authentication failures [preauth]
Aug 12 20:51:32 dlsprod sshd[23191]: PAM 5 more authentication failures; logname= uid=0 euid=0 tty=ssh ruser= rhost=182.100.67.244 user=root
Aug 12 20:51:32 dlsprod sshd[23191]: PAM service(sshd) ignoring max retries; 6 > 3
Aug 12 20:51:36 dlsprod sshd[23195]: pam_unix(sshd:auth): authentication failure; logname= uid=0 euid=0 tty=ssh ruser= rhost=182.100.67.244 user=root
Aug 12 20:51:39 dlsprod sshd[23195]: Failed password for root from 182.100.67.244 port 27348 ssh2
Aug 12 20:51:48 dlsprod sshd[23195]: message repeated 3 times: [ Failed password for root from 182.100.67.244 port 27348 ssh2]
Aug 12 20:51:49 dlsprod sshd[23193]: Connection closed by 193.248.206.81 port 54724 [preauth]
Aug 12 20:51:51 dlsprod sshd[23195]: Failed password for root from 182.100.67.244 port 27348 ssh2
Aug 12 20:51:54 dlsprod sshd[23195]: Failed password for root from 182.100.67.244 port 27348 ssh2
Aug 12 20:51:54 dlsprod sshd[23195]: error: maximum authentication attempts exceeded for root from 182.100.67.244 port 27348 ssh2 [preauth]
Aug 12 20:51:54 dlsprod sshd[23195]: Disconnecting: Too many authentication failures [preauth]
Aug 12 20:51:54 dlsprod sshd[23195]: PAM 5 more authentication failures; logname= uid=0 euid=0 tty=ssh ruser= rhost=182.100.67.244 user=root
Aug 12 20:51:54 dlsprod sshd[23195]: PAM service(sshd) ignoring max retries; 6 > 3
Aug 12 20:51:59 dlsprod sshd[23198]: pam_unix(sshd:auth): authentication failure; logname= uid=0 euid=0 tty=ssh ruser= rhost=182.100.67.244 user=root
Aug 12 20:52:01 dlsprod sshd[23198]: Failed password for root from 182.100.67.244 port 15278 ssh2
Aug 12 20:52:16 dlsprod sshd[23198]: message repeated 5 times: [ Failed password for root from 182.100.67.244 port 15278 ssh2]
Aug 12 20:52:16 dlsprod sshd[23198]: error: maximum authentication attempts exceeded for root from 182.100.67.244 port 15278 ssh2 [preauth]
Aug 12 20:52:16 dlsprod sshd[23198]: Disconnecting: Too many authentication failures [preauth]
Aug 12 20:52:16 dlsprod sshd[23198]: PAM 5 more authentication failures; logname= uid=0 euid=0 tty=ssh ruser= rhost=182.100.67.244 user=root
Aug 12 20:52:16 dlsprod sshd[23198]: PAM service(sshd) ignoring max retries; 6 > 3
Aug 12 20:52:21 dlsprod sshd[23200]: pam_unix(sshd:auth): authentication failure; logname= uid=0 euid=0 tty=ssh ruser= rhost=182.100.67.244 user=root
Aug 12 20:52:24 dlsprod sshd[23200]: Failed password for root from 182.100.67.244 port 2758 ssh2
Aug 12 20:52:33 dlsprod sshd[23200]: message repeated 3 times: [ Failed password for root from 182.100.67.244 port 2758 ssh2]
Aug 12 20:52:36 dlsprod sshd[23202]: pam_unix(sshd:auth): authentication failure; logname= uid=0 euid=0 tty=ssh ruser= rhost=121.18.238.115 user=root
Aug 12 20:52:37 dlsprod sshd[23200]: Failed password for root from 182.100.67.244 port 2758 ssh2
Aug 12 20:52:38 dlsprod sshd[23202]: Failed password for root from 121.18.238.115 port 51863 ssh2
Aug 12 20:52:40 dlsprod sshd[23200]: Failed password for root from 182.100.67.244 port 2758 ssh2
Aug 12 20:52:40 dlsprod sshd[23200]: error: maximum authentication attempts exceeded for root from 182.100.67.244 port 2758 ssh2 [preauth]
Aug 12 20:52:40 dlsprod sshd[23200]: Disconnecting: Too many authentication failures [preauth]
Aug 12 20:52:40 dlsprod sshd[23200]: PAM 5 more authentication failures; logname= uid=0 euid=0 tty=ssh ruser= rhost=182.100.67.244 user=root
Aug 12 20:52:40 dlsprod sshd[23200]: PAM service(sshd) ignoring max retries; 6 > 3
Aug 12 20:52:43 dlsprod sshd[23204]: pam_unix(sshd:auth): authentication failure; logname= uid=0 euid=0 tty=ssh ruser= rhost=182.100.67.244 user=root
Aug 12 20:52:45 dlsprod sshd[23204]: Failed password for root from 182.100.67.244 port 63964 ssh2
Aug 12 20:52:46 dlsprod sshd[23202]: Received disconnect from 121.18.238.115 port 51863:11: [preauth]
Aug 12 20:52:46 dlsprod sshd[23202]: Disconnected from 121.18.238.115 port 51863 [preauth]
Aug 12 20:52:49 dlsprod sshd[23204]: Failed password for root from 182.100.67.244 port 63964 ssh2
Aug 12 20:52:52 dlsprod sshd[23204]: Failed password for root from 182.100.67.244 port 63964 ssh2
Aug 12 20:52:54 dlsprod sshd[23207]: pam_unix(sshd:auth): authentication failure; logname= uid=0 euid=0 tty=ssh ruser= rhost=121.18.238.115 user=root
Aug 12 20:52:55 dlsprod sshd[23204]: Failed password for root from 182.100.67.244 port 63964 ssh2
Aug 12 20:52:55 dlsprod sshd[23207]: Failed password for root from 121.18.238.115 port 39090 ssh2
Aug 12 20:52:57 dlsprod sshd[23207]: Failed password for root from 121.18.238.115 port 39090 ssh2
Aug 12 20:52:57 dlsprod sshd[23204]: Failed password for root from 182.100.67.244 port 63964 ssh2
Aug 12 20:53:00 dlsprod sshd[23207]: Failed password for root from 121.18.238.115 port 39090 ssh2
Aug 12 20:53:00 dlsprod sshd[23207]: Received disconnect from 121.18.238.115 port 39090:11: [preauth]
Aug 12 20:53:00 dlsprod sshd[23207]: Disconnected from 121.18.238.115 port 39090 [preauth]
Aug 12 20:53:00 dlsprod sshd[23207]: PAM 2 more authentication failures; logname= uid=0 euid=0 tty=ssh ruser= rhost=121.18.238.115 user=root
Aug 12 20:53:01 dlsprod sshd[23204]: Failed password for root from 182.100.67.244 port 63964 ssh2
Aug 12 20:53:01 dlsprod sshd[23204]: error: maximum authentication attempts exceeded for root from 182.100.67.244 port 63964 ssh2 [preauth]
Aug 12 20:53:01 dlsprod sshd[23204]: Disconnecting: Too many authentication failures [preauth]
Aug 12 20:53:01 dlsprod sshd[23204]: PAM 5 more authentication failures; logname= uid=0 euid=0 tty=ssh ruser= rhost=182.100.67.244 user=root
Aug 12 20:53:01 dlsprod sshd[23204]: PAM service(sshd) ignoring max retries; 6 > 3
Aug 12 20:53:03 dlsprod sshd[23209]: pam_unix(sshd:auth): authentication failure; logname= uid=0 euid=0 tty=ssh ruser= rhost=121.18.238.115 user=root
Aug 12 20:53:05 dlsprod sshd[23209]: Failed password for root from 121.18.238.115 port 49916 ssh2
Aug 12 20:53:05 dlsprod sshd[23211]: pam_unix(sshd:auth): authentication failure; logname= uid=0 euid=0 tty=ssh ruser= rhost=182.100.67.244 user=root
Aug 12 20:53:07 dlsprod sshd[23209]: Failed password for root from 121.18.238.115 port 49916 ssh2
Aug 12 20:53:07 dlsprod sshd[23211]: Failed password for root from 182.100.67.244 port 51402 ssh2
Aug 12 20:53:10 dlsprod sshd[23209]: Failed password for root from 121.18.238.115 port 49916 ssh2
Aug 12 20:53:10 dlsprod sshd[23209]: Received disconnect from 121.18.238.115 port 49916:11: [preauth]
Aug 12 20:53:10 dlsprod sshd[23209]: Disconnected from 121.18.238.115 port 49916 [preauth]
Aug 12 20:53:10 dlsprod sshd[23209]: PAM 2 more authentication failures; logname= uid=0 euid=0 tty=ssh ruser= rhost=121.18.238.115 user=root
Aug 12 20:53:10 dlsprod sshd[23211]: Failed password for root from 182.100.67.244 port 51402 ssh2
Aug 12 20:53:13 dlsprod sshd[23213]: pam_unix(sshd:auth): authentication failure; logname= uid=0 euid=0 tty=ssh ruser= rhost=121.18.238.115 user=root
Aug 12 20:53:13 dlsprod sshd[23211]: Failed password for root from 182.100.67.244 port 51402 ssh2
Aug 12 20:53:14 dlsprod sshd[23213]: Failed password for root from 121.18.238.115 port 35033 ssh2
Aug 12 20:53:16 dlsprod sshd[23211]: Failed password for root from 182.100.67.244 port 51402 ssh2
Aug 12 20:53:17 dlsprod sshd[23213]: Failed password for root from 121.18.238.115 port 35033 ssh2
Aug 12 20:53:19 dlsprod sshd[23211]: Failed password for root from 182.100.67.244 port 51402 ssh2
Aug 12 20:53:19 dlsprod sshd[23213]: Failed password for root from 121.18.238.115 port 35033 ssh2
Aug 12 20:53:19 dlsprod sshd[23213]: Received disconnect from 121.18.238.115 port 35033:11: [preauth]
Aug 12 20:53:19 dlsprod sshd[23213]: Disconnected from 121.18.238.115 port 35033 [preauth]
Aug 12 20:53:19 dlsprod sshd[23213]: PAM 2 more authentication failures; logname= uid=0 euid=0 tty=ssh ruser= rhost=121.18.238.115 user=root
Aug 12 20:53:21 dlsprod sshd[23215]: pam_unix(sshd:auth): authentication failure; logname= uid=0 euid=0 tty=ssh ruser= rhost=121.18.238.115 user=root
Aug 12 20:53:22 dlsprod sshd[23211]: Failed password for root from 182.100.67.244 port 51402 ssh2
Aug 12 20:53:22 dlsprod sshd[23211]: error: maximum authentication attempts exceeded for root from 182.100.67.244 port 51402 ssh2 [preauth]
Aug 12 20:53:22 dlsprod sshd[23211]: Disconnecting: Too many authentication failures [preauth]
Aug 12 20:53:22 dlsprod sshd[23211]: PAM 5 more authentication failures; logname= uid=0 euid=0 tty=ssh ruser= rhost=182.100.67.244 user=root
Aug 12 20:53:22 dlsprod sshd[23211]: PAM service(sshd) ignoring max retries; 6 > 3
Aug 12 20:53:23 dlsprod sshd[23215]: Failed password for root from 121.18.238.115 port 47675 ssh2
Aug 12 20:53:26 dlsprod sshd[23215]: Failed password for root from 121.18.238.115 port 47675 ssh2
Aug 12 20:53:26 dlsprod sshd[23217]: pam_unix(sshd:auth): authentication failure; logname= uid=0 euid=0 tty=ssh ruser= rhost=182.100.67.244 user=root
Aug 12 20:53:27 dlsprod sshd[23217]: Failed password for root from 182.100.67.244 port 37630 ssh2
Aug 12 20:53:28 dlsprod sshd[23215]: Failed password for root from 121.18.238.115 port 47675 ssh2
Aug 12 20:53:28 dlsprod sshd[23215]: Received disconnect from 121.18.238.115 port 47675:11: [preauth]
Aug 12 20:53:28 dlsprod sshd[23215]: Disconnected from 121.18.238.115 port 47675 [preauth]
Aug 12 20:53:28 dlsprod sshd[23215]: PAM 2 more authentication failures; logname= uid=0 euid=0 tty=ssh ruser= rhost=121.18.238.115 user=root
Aug 12 20:53:30 dlsprod sshd[23217]: Failed password for root from 182.100.67.244 port 37630 ssh2
Aug 12 20:53:30 dlsprod sshd[23219]: pam_unix(sshd:auth): authentication failure; logname= uid=0 euid=0 tty=ssh ruser= rhost=121.18.238.115 user=root
Aug 12 20:53:32 dlsprod sshd[23219]: Failed password for root from 121.18.238.115 port 58708 ssh2
Aug 12 20:53:33 dlsprod sshd[23217]: Failed password for root from 182.100.67.244 port 37630 ssh2
Aug 12 20:53:34 dlsprod sshd[23219]: Failed password for root from 121.18.238.115 port 58708 ssh2
Aug 12 20:53:37 dlsprod sshd[23217]: Failed password for root from 182.100.67.244 port 37630 ssh2
Aug 12 20:53:37 dlsprod sshd[23219]: Failed password for root from 121.18.238.115 port 58708 ssh2
Aug 12 20:53:37 dlsprod sshd[23219]: Received disconnect from 121.18.238.115 port 58708:11: [preauth]
Aug 12 20:53:37 dlsprod sshd[23219]: Disconnected from 121.18.238.115 port 58708 [preauth]
Aug 12 20:53:37 dlsprod sshd[23219]: PAM 2 more authentication failures; logname= uid=0 euid=0 tty=ssh ruser= rhost=121.18.238.115 user=root
Aug 12 20:53:39 dlsprod sshd[23217]: Failed password for root from 182.100.67.244 port 37630 ssh2
Aug 12 20:53:40 dlsprod sshd[23222]: pam_unix(sshd:auth): authentication failure; logname= uid=0 euid=0 tty=ssh ruser= rhost=121.18.238.115 user=root
Aug 12 20:53:42 dlsprod sshd[23222]: Failed password for root from 121.18.238.115 port 43204 ssh2
Aug 12 20:53:42 dlsprod sshd[23217]: Failed password for root from 182.100.67.244 port 37630 ssh2
Aug 12 20:53:42 dlsprod sshd[23217]: error: maximum authentication attempts exceeded for root from 182.100.67.244 port 37630 ssh2 [preauth]
Aug 12 20:53:42 dlsprod sshd[23217]: Disconnecting: Too many authentication failures [preauth]
Aug 12 20:53:42 dlsprod sshd[23217]: PAM 5 more authentication failures; logname= uid=0 euid=0 tty=ssh ruser= rhost=182.100.67.244 user=root
Aug 12 20:53:42 dlsprod sshd[23217]: PAM service(sshd) ignoring max retries; 6 > 3
Aug 12 20:53:44 dlsprod sshd[23222]: Failed password for root from 121.18.238.115 port 43204 ssh2
Aug 12 20:53:46 dlsprod sshd[23224]: pam_unix(sshd:auth): authentication failure; logname= uid=0 euid=0 tty=ssh ruser= rhost=182.100.67.244 user=root
Aug 12 20:53:47 dlsprod sshd[23222]: Failed password for root from 121.18.238.115 port 43204 ssh2
Aug 12 20:53:47 dlsprod sshd[23222]: Received disconnect from 121.18.238.115 port 43204:11: [preauth]
Aug 12 20:53:47 dlsprod sshd[23222]: Disconnected from 121.18.238.115 port 43204 [preauth]
Aug 12 20:53:47 dlsprod sshd[23222]: PAM 2 more authentication failures; logname= uid=0 euid=0 tty=ssh ruser= rhost=121.18.238.115 user=root
Aug 12 20:53:49 dlsprod sshd[23224]: Failed password for root from 182.100.67.244 port 23668 ssh2
Aug 12 20:53:49 dlsprod sshd[23229]: Invalid user theodore from 132.148.86.237
Aug 12 20:53:49 dlsprod sshd[23229]: input_userauth_request: invalid user theodore [preauth]
Aug 12 20:53:49 dlsprod sshd[23229]: pam_unix(sshd:auth): check pass; user unknown
Aug 12 20:53:49 dlsprod sshd[23229]: pam_unix(sshd:auth): authentication failure; logname= uid=0 euid=0 tty=ssh ruser= rhost=132.148.86.237
Aug 12 20:53:50 dlsprod sshd[23227]: pam_unix(sshd:auth): authentication failure; logname= uid=0 euid=0 tty=ssh ruser= rhost=121.18.238.115 user=root
Aug 12 20:53:51 dlsprod sshd[23229]: Failed password for invalid user theodore from 132.148.86.237 port 58036 ssh2
Aug 12 20:53:51 dlsprod sshd[23229]: Received disconnect from 132.148.86.237 port 58036:11: Normal Shutdown, Thank you for playing [preauth]
Aug 12 20:53:51 dlsprod sshd[23229]: Disconnected from 132.148.86.237 port 58036 [preauth]
Aug 12 20:53:51 dlsprod sshd[23224]: Failed password for root from 182.100.67.244 port 23668 ssh2
Aug 12 20:53:51 dlsprod sshd[23227]: Failed password for root from 121.18.238.115 port 56079 ssh2
Aug 12 20:53:54 dlsprod sshd[23224]: Failed password for root from 182.100.67.244 port 23668 ssh2
Aug 12 20:53:54 dlsprod sshd[23227]: Failed password for root from 121.18.238.115 port 56079 ssh2
Aug 12 20:53:56 dlsprod sshd[23227]: Failed password for root from 121.18.238.115 port 56079 ssh2
Aug 12 20:53:57 dlsprod sshd[23224]: Failed password for root from 182.100.67.244 port 23668 ssh2
Aug 12 20:53:57 dlsprod sshd[23227]: Received disconnect from 121.18.238.115 port 56079:11: [preauth]
Aug 12 20:53:57 dlsprod sshd[23227]: Disconnected from 121.18.238.115 port 56079 [preauth]
Aug 12 20:53:57 dlsprod sshd[23227]: PAM 2 more authentication failures; logname= uid=0 euid=0 tty=ssh ruser= rhost=121.18.238.115 user=root
Aug 12 20:53:59 dlsprod sshd[23231]: pam_unix(sshd:auth): authentication failure; logname= uid=0 euid=0 tty=ssh ruser= rhost=121.18.238.115 user=root
Aug 12 20:54:00 dlsprod sshd[23224]: Failed password for root from 182.100.67.244 port 23668 ssh2
Aug 12 20:54:01 dlsprod sshd[23231]: Failed password for root from 121.18.238.115 port 35149 ssh2
Aug 12 20:54:02 dlsprod sshd[23224]: Failed password for root from 182.100.67.244 port 23668 ssh2
Aug 12 20:54:02 dlsprod sshd[23224]: error: maximum authentication attempts exceeded for root from 182.100.67.244 port 23668 ssh2 [preauth]
Aug 12 20:54:02 dlsprod sshd[23224]: Disconnecting: Too many authentication failures [preauth]
Aug 12 20:54:02 dlsprod sshd[23224]: PAM 5 more authentication failures; logname= uid=0 euid=0 tty=ssh ruser= rhost=182.100.67.244 user=root
Aug 12 20:54:02 dlsprod sshd[23224]: PAM service(sshd) ignoring max retries; 6 > 3
Aug 12 20:54:03 dlsprod sshd[23231]: Failed password for root from 121.18.238.115 port 35149 ssh2
Aug 12 20:54:05 dlsprod sshd[23231]: Failed password for root from 121.18.238.115 port 35149 ssh2
Aug 12 20:54:05 dlsprod sshd[23231]: Received disconnect from 121.18.238.115 port 35149:11: [preauth]
Aug 12 20:54:05 dlsprod sshd[23231]: Disconnected from 121.18.238.115 port 35149 [preauth]
Aug 12 20:54:05 dlsprod sshd[23231]: PAM 2 more authentication failures; logname= uid=0 euid=0 tty=ssh ruser= rhost=121.18.238.115 user=root
Aug 12 20:54:06 dlsprod sshd[23233]: pam_unix(sshd:auth): authentication failure; logname= uid=0 euid=0 tty=ssh ruser= rhost=182.100.67.244 user=root
Aug 12 20:54:08 dlsprod sshd[23235]: pam_unix(sshd:auth): authentication failure; logname= uid=0 euid=0 tty=ssh ruser= rhost=121.18.238.115 user=root
Aug 12 20:54:08 dlsprod sshd[23233]: Failed password for root from 182.100.67.244 port 9634 ssh2
Aug 12 20:54:10 dlsprod sshd[23235]: Failed password for root from 121.18.238.115 port 41104 ssh2
Aug 12 20:54:12 dlsprod sshd[23233]: Failed password for root from 182.100.67.244 port 9634 ssh2
Aug 12 20:54:14 dlsprod sshd[23235]: Failed password for root from 121.18.238.115 port 41104 ssh2
Aug 12 20:54:14 dlsprod sshd[23233]: Failed password for root from 182.100.67.244 port 9634 ssh2
Aug 12 20:54:15 dlsprod sshd[23235]: Failed password for root from 121.18.238.115 port 41104 ssh2
Aug 12 20:54:16 dlsprod sshd[23235]: Received disconnect from 121.18.238.115 port 41104:11: [preauth]
Aug 12 20:54:16 dlsprod sshd[23235]: Disconnected from 121.18.238.115 port 41104 [preauth]
Aug 12 20:54:16 dlsprod sshd[23235]: PAM 2 more authentication failures; logname= uid=0 euid=0 tty=ssh ruser= rhost=121.18.238.115 user=root
Aug 12 20:54:17 dlsprod sshd[23233]: Failed password for root from 182.100.67.244 port 9634 ssh2
Aug 12 20:54:18 dlsprod sshd[23237]: pam_unix(sshd:auth): authentication failure; logname= uid=0 euid=0 tty=ssh ruser= rhost=121.18.238.115 user=root
Aug 12 20:54:20 dlsprod sshd[23233]: Failed password for root from 182.100.67.244 port 9634 ssh2
Aug 12 20:54:20 dlsprod sshd[23237]: Failed password for root from 121.18.238.115 port 55540 ssh2
Aug 12 20:54:23 dlsprod sshd[23233]: Failed password for root from 182.100.67.244 port 9634 ssh2
Aug 12 20:54:23 dlsprod sshd[23233]: error: maximum authentication attempts exceeded for root from 182.100.67.244 port 9634 ssh2 [preauth]
Aug 12 20:54:23 dlsprod sshd[23233]: Disconnecting: Too many authentication failures [preauth]
Aug 12 20:54:23 dlsprod sshd[23233]: PAM 5 more authentication failures; logname= uid=0 euid=0 tty=ssh ruser= rhost=182.100.67.244 user=root
Aug 12 20:54:23 dlsprod sshd[23233]: PAM service(sshd) ignoring max retries; 6 > 3
Aug 12 20:54:23 dlsprod sshd[23237]: Failed password for root from 121.18.238.115 port 55540 ssh2
Aug 12 20:54:26 dlsprod sshd[23237]: Failed password for root from 121.18.238.115 port 55540 ssh2
Aug 12 20:54:26 dlsprod sshd[23237]: Received disconnect from 121.18.238.115 port 55540:11: [preauth]
Aug 12 20:54:26 dlsprod sshd[23237]: Disconnected from 121.18.238.115 port 55540 [preauth]
Aug 12 20:54:26 dlsprod sshd[23237]: PAM 2 more authentication failures; logname= uid=0 euid=0 tty=ssh ruser= rhost=121.18.238.115 user=root
Aug 12 20:54:27 dlsprod sshd[23239]: pam_unix(sshd:auth): authentication failure; logname= uid=0 euid=0 tty=ssh ruser= rhost=182.100.67.244 user=root
Aug 12 20:54:28 dlsprod sshd[23239]: Failed password for root from 182.100.67.244 port 64588 ssh2
Aug 12 20:54:34 dlsprod sshd[23239]: message repeated 2 times: [ Failed password for root from 182.100.67.244 port 64588 ssh2]
Aug 12 20:54:36 dlsprod sshd[23241]: pam_unix(sshd:auth): authentication failure; logname= uid=0 euid=0 tty=ssh ruser= rhost=121.18.238.115 user=root
Aug 12 20:54:37 dlsprod sshd[23239]: Failed password for root from 182.100.67.244 port 64588 ssh2
Aug 12 20:54:38 dlsprod sshd[23241]: Failed password for root from 121.18.238.115 port 41520 ssh2
Aug 12 20:54:39 dlsprod sshd[23241]: Failed password for root from 121.18.238.115 port 41520 ssh2
Aug 12 20:54:40 dlsprod sshd[23239]: Failed password for root from 182.100.67.244 port 64588 ssh2
Aug 12 20:54:42 dlsprod sshd[23241]: Failed password for root from 121.18.238.115 port 41520 ssh2
Aug 12 20:54:43 dlsprod sshd[23239]: Failed password for root from 182.100.67.244 port 64588 ssh2
Aug 12 20:54:43 dlsprod sshd[23239]: error: maximum authentication attempts exceeded for root from 182.100.67.244 port 64588 ssh2 [preauth]
Aug 12 20:54:43 dlsprod sshd[23239]: Disconnecting: Too many authentication failures [preauth]
Aug 12 20:54:43 dlsprod sshd[23239]: PAM 5 more authentication failures; logname= uid=0 euid=0 tty=ssh ruser= rhost=182.100.67.244 user=root
Aug 12 20:54:43 dlsprod sshd[23239]: PAM service(sshd) ignoring max retries; 6 > 3
Aug 12 20:54:43 dlsprod sshd[23241]: Received disconnect from 121.18.238.115 port 41520:11: [preauth]
Aug 12 20:54:43 dlsprod sshd[23241]: Disconnected from 121.18.238.115 port 41520 [preauth]
Aug 12 20:54:43 dlsprod sshd[23241]: PAM 2 more authentication failures; logname= uid=0 euid=0 tty=ssh ruser= rhost=121.18.238.115 user=root
Aug 12 20:54:45 dlsprod sshd[23243]: pam_unix(sshd:auth): authentication failure; logname= uid=0 euid=0 tty=ssh ruser= rhost=121.18.238.115 user=root
Aug 12 20:54:47 dlsprod sshd[23245]: pam_unix(sshd:auth): authentication failure; logname= uid=0 euid=0 tty=ssh ruser= rhost=182.100.67.244 user=root
Aug 12 20:54:47 dlsprod sshd[23243]: Failed password for root from 121.18.238.115 port 40326 ssh2
Aug 12 20:54:49 dlsprod sshd[23245]: Failed password for root from 182.100.67.244 port 50858 ssh2
Aug 12 20:54:50 dlsprod sshd[23243]: Failed password for root from 121.18.238.115 port 40326 ssh2
Aug 12 20:54:51 dlsprod sshd[23243]: Failed password for root from 121.18.238.115 port 40326 ssh2
Aug 12 20:54:51 dlsprod sshd[23245]: Failed password for root from 182.100.67.244 port 50858 ssh2
Aug 12 20:54:52 dlsprod sshd[23243]: Received disconnect from 121.18.238.115 port 40326:11: [preauth]
Aug 12 20:54:52 dlsprod sshd[23243]: Disconnected from 121.18.238.115 port 40326 [preauth]
Aug 12 20:54:52 dlsprod sshd[23243]: PAM 2 more authentication failures; logname= uid=0 euid=0 tty=ssh ruser= rhost=121.18.238.115 user=root
Aug 12 20:54:54 dlsprod sshd[23248]: pam_unix(sshd:auth): authentication failure; logname= uid=0 euid=0 tty=ssh ruser= rhost=121.18.238.115 user=root
Aug 12 20:54:55 dlsprod sshd[23245]: Failed password for root from 182.100.67.244 port 50858 ssh2
Aug 12 20:54:56 dlsprod sshd[23248]: Failed password for root from 121.18.238.115 port 51998 ssh2
Aug 12 20:54:57 dlsprod sshd[23245]: Failed password for root from 182.100.67.244 port 50858 ssh2
Aug 12 20:54:58 dlsprod sshd[23248]: Failed password for root from 121.18.238.115 port 51998 ssh2
Aug 12 20:55:00 dlsprod sshd[23245]: Failed password for root from 182.100.67.244 port 50858 ssh2
Aug 12 20:55:01 dlsprod CRON[23250]: pam_unix(cron:session): session opened for user root by (uid=0)
Aug 12 20:55:01 dlsprod CRON[23250]: pam_unix(cron:session): session closed for user root
Aug 12 20:55:01 dlsprod sshd[23248]: Failed password for root from 121.18.238.115 port 51998 ssh2
Aug 12 20:55:01 dlsprod sshd[23248]: Received disconnect from 121.18.238.115 port 51998:11: [preauth]
Aug 12 20:55:01 dlsprod sshd[23248]: Disconnected from 121.18.238.115 port 51998 [preauth]
Aug 12 20:55:01 dlsprod sshd[23248]: PAM 2 more authentication failures; logname= uid=0 euid=0 tty=ssh ruser= rhost=121.18.238.115 user=root
Aug 12 20:55:02 dlsprod sshd[23245]: Failed password for root from 182.100.67.244 port 50858 ssh2
Aug 12 20:55:02 dlsprod sshd[23245]: error: maximum authentication attempts exceeded for root from 182.100.67.244 port 50858 ssh2 [preauth]
Aug 12 20:55:02 dlsprod sshd[23245]: Disconnecting: Too many authentication failures [preauth]
Aug 12 20:55:02 dlsprod sshd[23245]: PAM 5 more authentication failures; logname= uid=0 euid=0 tty=ssh ruser= rhost=182.100.67.244 user=root
Aug 12 20:55:02 dlsprod sshd[23245]: PAM service(sshd) ignoring max retries; 6 > 3
Aug 12 20:55:06 dlsprod sshd[23253]: pam_unix(sshd:auth): authentication failure; logname= uid=0 euid=0 tty=ssh ruser= rhost=182.100.67.244 user=root
Aug 12 20:55:08 dlsprod sshd[23253]: Failed password for root from 182.100.67.244 port 36954 ssh2
Aug 12 20:55:14 dlsprod sshd[23253]: message repeated 2 times: [ Failed password for root from 182.100.67.244 port 36954 ssh2]
Aug 12 20:55:16 dlsprod sshd[23255]: pam_unix(sshd:auth): authentication failure; logname= uid=0 euid=0 tty=ssh ruser= rhost=121.18.238.115 user=root
Aug 12 20:55:17 dlsprod sshd[23253]: Failed password for root from 182.100.67.244 port 36954 ssh2
Aug 12 20:55:18 dlsprod sshd[23255]: Failed password for root from 121.18.238.115 port 33338 ssh2
Aug 12 20:55:20 dlsprod sshd[23253]: Failed password for root from 182.100.67.244 port 36954 ssh2
Aug 12 20:55:20 dlsprod sshd[23255]: Failed password for root from 121.18.238.115 port 33338 ssh2
Aug 12 20:55:22 dlsprod sshd[23255]: Failed password for root from 121.18.238.115 port 33338 ssh2
Aug 12 20:55:22 dlsprod sshd[23253]: Failed password for root from 182.100.67.244 port 36954 ssh2
Aug 12 20:55:22 dlsprod sshd[23253]: error: maximum authentication attempts exceeded for root from 182.100.67.244 port 36954 ssh2 [preauth]
Aug 12 20:55:22 dlsprod sshd[23253]: Disconnecting: Too many authentication failures [preauth]
Aug 12 20:55:22 dlsprod sshd[23253]: PAM 5 more authentication failures; logname= uid=0 euid=0 tty=ssh ruser= rhost=182.100.67.244 user=root
Aug 12 20:55:22 dlsprod sshd[23253]: PAM service(sshd) ignoring max retries; 6 > 3
Aug 12 20:55:23 dlsprod sshd[23255]: Received disconnect from 121.18.238.115 port 33338:11: [preauth]
Aug 12 20:55:23 dlsprod sshd[23255]: Disconnected from 121.18.238.115 port 33338 [preauth]
Aug 12 20:55:23 dlsprod sshd[23255]: PAM 2 more authentication failures; logname= uid=0 euid=0 tty=ssh ruser= rhost=121.18.238.115 user=root
Aug 12 20:55:26 dlsprod sshd[23259]: pam_unix(sshd:auth): authentication failure; logname= uid=0 euid=0 tty=ssh ruser= rhost=182.100.67.244 user=root
Aug 12 20:55:28 dlsprod sshd[23259]: Failed password for root from 182.100.67.244 port 23040 ssh2
Aug 12 20:55:33 dlsprod sshd[23259]: message repeated 2 times: [ Failed password for root from 182.100.67.244 port 23040 ssh2]
Aug 12 20:55:34 dlsprod sshd[23261]: pam_unix(sshd:auth): authentication failure; logname= uid=0 euid=0 tty=ssh ruser= rhost=121.18.238.115 user=root
Aug 12 20:55:36 dlsprod sshd[23259]: Failed password for root from 182.100.67.244 port 23040 ssh2
Aug 12 20:55:36 dlsprod sshd[23261]: Failed password for root from 121.18.238.115 port 42351 ssh2
Aug 12 20:55:36 dlsprod sshd[23257]: Connection closed by 104.131.12.246 port 51034 [preauth]
Aug 12 20:55:38 dlsprod sshd[23261]: Failed password for root from 121.18.238.115 port 42351 ssh2
Aug 12 20:55:39 dlsprod sshd[23259]: Failed password for root from 182.100.67.244 port 23040 ssh2
Aug 12 20:55:40 dlsprod sshd[23261]: Failed password for root from 121.18.238.115 port 42351 ssh2
Aug 12 20:55:42 dlsprod sshd[23259]: Failed password for root from 182.100.67.244 port 23040 ssh2
Aug 12 20:55:42 dlsprod sshd[23259]: error: maximum authentication attempts exceeded for root from 182.100.67.244 port 23040 ssh2 [preauth]
Aug 12 20:55:42 dlsprod sshd[23259]: Disconnecting: Too many authentication failures [preauth]
Aug 12 20:55:42 dlsprod sshd[23259]: PAM 5 more authentication failures; logname= uid=0 euid=0 tty=ssh ruser= rhost=182.100.67.244 user=root
Aug 12 20:55:42 dlsprod sshd[23259]: PAM service(sshd) ignoring max retries; 6 > 3
Aug 12 20:55:42 dlsprod sshd[23261]: Received disconnect from 121.18.238.115 port 42351:11: [preauth]
Aug 12 20:55:42 dlsprod sshd[23261]: Disconnected from 121.18.238.115 port 42351 [preauth]
Aug 12 20:55:42 dlsprod sshd[23261]: PAM 2 more authentication failures; logname= uid=0 euid=0 tty=ssh ruser= rhost=121.18.238.115 user=root
Aug 12 20:55:46 dlsprod sshd[23263]: pam_unix(sshd:auth): authentication failure; logname= uid=0 euid=0 tty=ssh ruser= rhost=182.100.67.244 user=root
Aug 12 20:55:47 dlsprod sshd[23263]: Failed password for root from 182.100.67.244 port 12760 ssh2
Aug 12 20:56:00 dlsprod sshd[23263]: message repeated 5 times: [ Failed password for root from 182.100.67.244 port 12760 ssh2]
Aug 12 20:56:00 dlsprod sshd[23263]: error: maximum authentication attempts exceeded for root from 182.100.67.244 port 12760 ssh2 [preauth]
Aug 12 20:56:00 dlsprod sshd[23263]: Disconnecting: Too many authentication failures [preauth]
Aug 12 20:56:00 dlsprod sshd[23263]: PAM 5 more authentication failures; logname= uid=0 euid=0 tty=ssh ruser= rhost=182.100.67.244 user=root
Aug 12 20:56:00 dlsprod sshd[23263]: PAM service(sshd) ignoring max retries; 6 > 3
Aug 12 20:56:02 dlsprod sshd[23265]: Received disconnect from 121.18.238.115 port 35060:11: [preauth]
Aug 12 20:56:02 dlsprod sshd[23265]: Disconnected from 121.18.238.115 port 35060 [preauth]
Aug 12 20:56:04 dlsprod sshd[23268]: pam_unix(sshd:auth): authentication failure; logname= uid=0 euid=0 tty=ssh ruser= rhost=182.100.67.244 user=root
Aug 12 20:56:06 dlsprod sshd[23268]: Failed password for root from 182.100.67.244 port 60750 ssh2
Aug 12 20:56:21 dlsprod sshd[23268]: message repeated 5 times: [ Failed password for root from 182.100.67.244 port 60750 ssh2]
Aug 12 20:56:21 dlsprod sshd[23268]: error: maximum authentication attempts exceeded for root from 182.100.67.244 port 60750 ssh2 [preauth]
Aug 12 20:56:21 dlsprod sshd[23268]: Disconnecting: Too many authentication failures [preauth]
Aug 12 20:56:21 dlsprod sshd[23268]: PAM 5 more authentication failures; logname= uid=0 euid=0 tty=ssh ruser= rhost=182.100.67.244 user=root
Aug 12 20:56:21 dlsprod sshd[23268]: PAM service(sshd) ignoring max retries; 6 > 3
Aug 12 20:56:25 dlsprod sshd[23270]: pam_unix(sshd:auth): authentication failure; logname= uid=0 euid=0 tty=ssh ruser= rhost=182.100.67.244 user=root
Aug 12 20:56:26 dlsprod sshd[23270]: Failed password for root from 182.100.67.244 port 46958 ssh2
Aug 12 20:56:41 dlsprod sshd[23270]: message repeated 5 times: [ Failed password for root from 182.100.67.244 port 46958 ssh2]
Aug 12 20:56:41 dlsprod sshd[23270]: error: maximum authentication attempts exceeded for root from 182.100.67.244 port 46958 ssh2 [preauth]
Aug 12 20:56:41 dlsprod sshd[23270]: Disconnecting: Too many authentication failures [preauth]
Aug 12 20:56:41 dlsprod sshd[23270]: PAM 5 more authentication failures; logname= uid=0 euid=0 tty=ssh ruser= rhost=182.100.67.244 user=root
Aug 12 20:56:41 dlsprod sshd[23270]: PAM service(sshd) ignoring max retries; 6 > 3
Aug 12 20:56:45 dlsprod sshd[23272]: pam_unix(sshd:auth): authentication failure; logname= uid=0 euid=0 tty=ssh ruser= rhost=182.100.67.244 user=root
Aug 12 20:56:47 dlsprod sshd[23272]: Failed password for root from 182.100.67.244 port 34552 ssh2
Aug 12 20:57:00 dlsprod sshd[23272]: message repeated 5 times: [ Failed password for root from 182.100.67.244 port 34552 ssh2]
Aug 12 20:57:00 dlsprod sshd[23272]: error: maximum authentication attempts exceeded for root from 182.100.67.244 port 34552 ssh2 [preauth]
Aug 12 20:57:00 dlsprod sshd[23272]: Disconnecting: Too many authentication failures [preauth]
Aug 12 20:57:00 dlsprod sshd[23272]: PAM 5 more authentication failures; logname= uid=0 euid=0 tty=ssh ruser= rhost=182.100.67.244 user=root
Aug 12 20:57:00 dlsprod sshd[23272]: PAM service(sshd) ignoring max retries; 6 > 3
Aug 12 20:57:04 dlsprod sshd[23275]: pam_unix(sshd:auth): authentication failure; logname= uid=0 euid=0 tty=ssh ruser= rhost=182.100.67.244 user=root
Aug 12 20:57:06 dlsprod sshd[23275]: Failed password for root from 182.100.67.244 port 17938 ssh2
Aug 12 20:57:21 dlsprod sshd[23275]: message repeated 5 times: [ Failed password for root from 182.100.67.244 port 17938 ssh2]
Aug 12 20:57:21 dlsprod sshd[23275]: error: maximum authentication attempts exceeded for root from 182.100.67.244 port 17938 ssh2 [preauth]
Aug 12 20:57:21 dlsprod sshd[23275]: Disconnecting: Too many authentication failures [preauth]
Aug 12 20:57:21 dlsprod sshd[23275]: PAM 5 more authentication failures; logname= uid=0 euid=0 tty=ssh ruser= rhost=182.100.67.244 user=root
Aug 12 20:57:21 dlsprod sshd[23275]: PAM service(sshd) ignoring max retries; 6 > 3
Aug 12 20:57:25 dlsprod sshd[23277]: pam_unix(sshd:auth): authentication failure; logname= uid=0 euid=0 tty=ssh ruser= rhost=182.100.67.244 user=root
Aug 12 20:57:27 dlsprod sshd[23277]: Failed password for root from 182.100.67.244 port 9096 ssh2
Aug 12 20:57:38 dlsprod sshd[23277]: message repeated 4 times: [ Failed password for root from 182.100.67.244 port 9096 ssh2]
Aug 12 20:57:39 dlsprod sshd[23279]: Invalid user dev from 188.219.29.190
Aug 12 20:57:39 dlsprod sshd[23279]: input_userauth_request: invalid user dev [preauth]
Aug 12 20:57:39 dlsprod sshd[23279]: pam_unix(sshd:auth): check pass; user unknown
Aug 12 20:57:39 dlsprod sshd[23279]: pam_unix(sshd:auth): authentication failure; logname= uid=0 euid=0 tty=ssh ruser= rhost=188.219.29.190
Aug 12 20:57:41 dlsprod sshd[23279]: Failed password for invalid user dev from 188.219.29.190 port 53279 ssh2
Aug 12 20:57:41 dlsprod sshd[23279]: Connection closed by 188.219.29.190 port 53279 [preauth]
Aug 12 20:57:41 dlsprod sshd[23277]: Failed password for root from 182.100.67.244 port 9096 ssh2
Aug 12 20:57:41 dlsprod sshd[23277]: error: maximum authentication attempts exceeded for root from 182.100.67.244 port 9096 ssh2 [preauth]
Aug 12 20:57:41 dlsprod sshd[23277]: Disconnecting: Too many authentication failures [preauth]
Aug 12 20:57:41 dlsprod sshd[23277]: PAM 5 more authentication failures; logname= uid=0 euid=0 tty=ssh ruser= rhost=182.100.67.244 user=root
Aug 12 20:57:41 dlsprod sshd[23277]: PAM service(sshd) ignoring max retries; 6 > 3
Aug 12 20:57:45 dlsprod sshd[23281]: pam_unix(sshd:auth): authentication failure; logname= uid=0 euid=0 tty=ssh ruser= rhost=182.100.67.244 user=root
Aug 12 20:57:47 dlsprod sshd[23281]: Failed password for root from 182.100.67.244 port 57884 ssh2
Aug 12 20:58:02 dlsprod sshd[23281]: message repeated 5 times: [ Failed password for root from 182.100.67.244 port 57884 ssh2]
Aug 12 20:58:02 dlsprod sshd[23281]: error: maximum authentication attempts exceeded for root from 182.100.67.244 port 57884 ssh2 [preauth]
Aug 12 20:58:02 dlsprod sshd[23281]: Disconnecting: Too many authentication failures [preauth]
Aug 12 20:58:02 dlsprod sshd[23281]: PAM 5 more authentication failures; logname= uid=0 euid=0 tty=ssh ruser= rhost=182.100.67.244 user=root
Aug 12 20:58:02 dlsprod sshd[23281]: PAM service(sshd) ignoring max retries; 6 > 3
Aug 12 20:58:06 dlsprod sshd[23284]: pam_unix(sshd:auth): authentication failure; logname= uid=0 euid=0 tty=ssh ruser= rhost=182.100.67.244 user=root
Aug 12 20:58:08 dlsprod sshd[23284]: Failed password for root from 182.100.67.244 port 42286 ssh2
Aug 12 20:58:22 dlsprod sshd[23284]: message repeated 5 times: [ Failed password for root from 182.100.67.244 port 42286 ssh2]
Aug 12 20:58:22 dlsprod sshd[23284]: error: maximum authentication attempts exceeded for root from 182.100.67.244 port 42286 ssh2 [preauth]
Aug 12 20:58:22 dlsprod sshd[23284]: Disconnecting: Too many authentication failures [preauth]
Aug 12 20:58:22 dlsprod sshd[23284]: PAM 5 more authentication failures; logname= uid=0 euid=0 tty=ssh ruser= rhost=182.100.67.244 user=root
Aug 12 20:58:22 dlsprod sshd[23284]: PAM service(sshd) ignoring max retries; 6 > 3
Aug 12 20:58:26 dlsprod sshd[23286]: pam_unix(sshd:auth): authentication failure; logname= uid=0 euid=0 tty=ssh ruser= rhost=182.100.67.244 user=root
Aug 12 20:58:29 dlsprod sshd[23286]: Failed password for root from 182.100.67.244 port 29230 ssh2
Aug 12 20:58:44 dlsprod sshd[23286]: message repeated 5 times: [ Failed password for root from 182.100.67.244 port 29230 ssh2]
Aug 12 20:58:44 dlsprod sshd[23286]: error: maximum authentication attempts exceeded for root from 182.100.67.244 port 29230 ssh2 [preauth]
Aug 12 20:58:44 dlsprod sshd[23286]: Disconnecting: Too many authentication failures [preauth]
Aug 12 20:58:44 dlsprod sshd[23286]: PAM 5 more authentication failures; logname= uid=0 euid=0 tty=ssh ruser= rhost=182.100.67.244 user=root
Aug 12 20:58:44 dlsprod sshd[23286]: PAM service(sshd) ignoring max retries; 6 > 3
Aug 12 20:58:47 dlsprod sshd[23288]: pam_unix(sshd:auth): authentication failure; logname= uid=0 euid=0 tty=ssh ruser= rhost=182.100.67.244 user=root
Aug 12 20:58:50 dlsprod sshd[23288]: Failed password for root from 182.100.67.244 port 15492 ssh2
Aug 12 20:59:04 dlsprod sshd[23288]: message repeated 5 times: [ Failed password for root from 182.100.67.244 port 15492 ssh2]
Aug 12 20:59:04 dlsprod sshd[23288]: error: maximum authentication attempts exceeded for root from 182.100.67.244 port 15492 ssh2 [preauth]
Aug 12 20:59:04 dlsprod sshd[23288]: Disconnecting: Too many authentication failures [preauth]
Aug 12 20:59:04 dlsprod sshd[23288]: PAM 5 more authentication failures; logname= uid=0 euid=0 tty=ssh ruser= rhost=182.100.67.244 user=root
Aug 12 20:59:04 dlsprod sshd[23288]: PAM service(sshd) ignoring max retries; 6 > 3
Aug 12 20:59:08 dlsprod sshd[23291]: pam_unix(sshd:auth): authentication failure; logname= uid=0 euid=0 tty=ssh ruser= rhost=182.100.67.244 user=root
Aug 12 20:59:10 dlsprod sshd[23291]: Failed password for root from 182.100.67.244 port 3950 ssh2
Aug 12 20:59:25 dlsprod sshd[23291]: message repeated 5 times: [ Failed password for root from 182.100.67.244 port 3950 ssh2]
Aug 12 20:59:25 dlsprod sshd[23291]: error: maximum authentication attempts exceeded for root from 182.100.67.244 port 3950 ssh2 [preauth]
Aug 12 20:59:25 dlsprod sshd[23291]: Disconnecting: Too many authentication failures [preauth]
Aug 12 20:59:25 dlsprod sshd[23291]: PAM 5 more authentication failures; logname= uid=0 euid=0 tty=ssh ruser= rhost=182.100.67.244 user=root
Aug 12 20:59:25 dlsprod sshd[23291]: PAM service(sshd) ignoring max retries; 6 > 3
Aug 12 20:59:29 dlsprod sshd[23293]: pam_unix(sshd:auth): authentication failure; logname= uid=0 euid=0 tty=ssh ruser= rhost=182.100.67.244 user=root
Aug 12 20:59:31 dlsprod sshd[23293]: Failed password for root from 182.100.67.244 port 53886 ssh2
Aug 12 20:59:46 dlsprod sshd[23293]: message repeated 5 times: [ Failed password for root from 182.100.67.244 port 53886 ssh2]
Aug 12 20:59:46 dlsprod sshd[23293]: error: maximum authentication attempts exceeded for root from 182.100.67.244 port 53886 ssh2 [preauth]
Aug 12 20:59:46 dlsprod sshd[23293]: Disconnecting: Too many authentication failures [preauth]
Aug 12 20:59:46 dlsprod sshd[23293]: PAM 5 more authentication failures; logname= uid=0 euid=0 tty=ssh ruser= rhost=182.100.67.244 user=root
Aug 12 20:59:46 dlsprod sshd[23293]: PAM service(sshd) ignoring max retries; 6 > 3
Aug 12 20:59:51 dlsprod sshd[23296]: pam_unix(sshd:auth): authentication failure; logname= uid=0 euid=0 tty=ssh ruser= rhost=182.100.67.244 user=root
Aug 12 20:59:53 dlsprod sshd[23296]: Failed password for root from 182.100.67.244 port 44614 ssh2
Aug 12 21:00:06 dlsprod sshd[23296]: message repeated 5 times: [ Failed password for root from 182.100.67.244 port 44614 ssh2]
Aug 12 21:00:06 dlsprod sshd[23296]: error: maximum authentication attempts exceeded for root from 182.100.67.244 port 44614 ssh2 [preauth]
Aug 12 21:00:06 dlsprod sshd[23296]: Disconnecting: Too many authentication failures [preauth]
Aug 12 21:00:06 dlsprod sshd[23296]: PAM 5 more authentication failures; logname= uid=0 euid=0 tty=ssh ruser= rhost=182.100.67.244 user=root
Aug 12 21:00:06 dlsprod sshd[23296]: PAM service(sshd) ignoring max retries; 6 > 3
Aug 12 21:00:10 dlsprod sshd[23298]: pam_unix(sshd:auth): authentication failure; logname= uid=0 euid=0 tty=ssh ruser= rhost=182.100.67.244 user=root
Aug 12 21:00:13 dlsprod sshd[23298]: Failed password for root from 182.100.67.244 port 30028 ssh2
Aug 12 21:00:28 dlsprod sshd[23298]: message repeated 5 times: [ Failed password for root from 182.100.67.244 port 30028 ssh2]
Aug 12 21:00:28 dlsprod sshd[23298]: error: maximum authentication attempts exceeded for root from 182.100.67.244 port 30028 ssh2 [preauth]
Aug 12 21:00:28 dlsprod sshd[23298]: Disconnecting: Too many authentication failures [preauth]
Aug 12 21:00:28 dlsprod sshd[23298]: PAM 5 more authentication failures; logname= uid=0 euid=0 tty=ssh ruser= rhost=182.100.67.244 user=root
Aug 12 21:00:28 dlsprod sshd[23298]: PAM service(sshd) ignoring max retries; 6 > 3
Aug 12 21:00:32 dlsprod sshd[23300]: pam_unix(sshd:auth): authentication failure; logname= uid=0 euid=0 tty=ssh ruser= rhost=182.100.67.244 user=root
Aug 12 21:00:34 dlsprod sshd[23300]: Failed password for root from 182.100.67.244 port 21824 ssh2
Aug 12 21:00:48 dlsprod sshd[23300]: message repeated 5 times: [ Failed password for root from 182.100.67.244 port 21824 ssh2]
Aug 12 21:00:48 dlsprod sshd[23300]: error: maximum authentication attempts exceeded for root from 182.100.67.244 port 21824 ssh2 [preauth]
Aug 12 21:00:48 dlsprod sshd[23300]: Disconnecting: Too many authentication failures [preauth]
Aug 12 21:00:48 dlsprod sshd[23300]: PAM 5 more authentication failures; logname= uid=0 euid=0 tty=ssh ruser= rhost=182.100.67.244 user=root
Aug 12 21:00:48 dlsprod sshd[23300]: PAM service(sshd) ignoring max retries; 6 > 3
