Aug 13 08:34:49 dlsprod sshd[28896]: input_userauth_request: invalid user atlas [preauth]
Aug 13 08:34:49 dlsprod sshd[28896]: pam_unix(sshd:auth): check pass; user unknown
Aug 13 08:34:49 dlsprod sshd[28896]: pam_unix(sshd:auth): authentication failure; logname= uid=0 euid=0 tty=ssh ruser= rhost=121.78.144.178
Aug 13 08:34:51 dlsprod sshd[28896]: Failed password for invalid user atlas from 121.78.144.178 port 45802 ssh2
Aug 13 08:34:51 dlsprod sshd[28896]: Connection closed by 121.78.144.178 port 45802 [preauth]
Aug 13 08:35:01 dlsprod CRON[28898]: pam_unix(cron:session): session opened for user root by (uid=0)
Aug 13 08:35:01 dlsprod CRON[28898]: pam_unix(cron:session): session closed for user root
Aug 13 08:37:05 dlsprod sshd[28903]: pam_unix(sshd:auth): authentication failure; logname= uid=0 euid=0 tty=ssh ruser= rhost=122.226.181.166 user=root
Aug 13 08:37:07 dlsprod sshd[28903]: Failed password for root from 122.226.181.166 port 56602 ssh2
Aug 13 08:37:12 dlsprod sshd[28903]: message repeated 2 times: [ Failed password for root from 122.226.181.166 port 56602 ssh2]
Aug 13 08:37:12 dlsprod sshd[28903]: Received disconnect from 122.226.181.166 port 56602:11: [preauth]
Aug 13 08:37:12 dlsprod sshd[28903]: Disconnected from 122.226.181.166 port 56602 [preauth]
Aug 13 08:37:12 dlsprod sshd[28903]: PAM 2 more authentication failures; logname= uid=0 euid=0 tty=ssh ruser= rhost=122.226.181.166 user=root
Aug 13 08:37:20 dlsprod sshd[28905]: pam_unix(sshd:auth): authentication failure; logname= uid=0 euid=0 tty=ssh ruser= rhost=122.226.181.166 user=root
Aug 13 08:37:22 dlsprod sshd[28905]: Failed password for root from 122.226.181.166 port 43142 ssh2
Aug 13 08:37:28 dlsprod sshd[28905]: message repeated 2 times: [ Failed password for root from 122.226.181.166 port 43142 ssh2]
Aug 13 08:37:28 dlsprod sshd[28905]: Received disconnect from 122.226.181.166 port 43142:11: [preauth]
Aug 13 08:37:28 dlsprod sshd[28905]: Disconnected from 122.226.181.166 port 43142 [preauth]
Aug 13 08:37:28 dlsprod sshd[28905]: PAM 2 more authentication failures; logname= uid=0 euid=0 tty=ssh ruser= rhost=122.226.181.166 user=root
Aug 13 08:37:34 dlsprod sshd[28908]: pam_unix(sshd:auth): authentication failure; logname= uid=0 euid=0 tty=ssh ruser= rhost=122.226.181.166 user=root
Aug 13 08:37:36 dlsprod sshd[28908]: Failed password for root from 122.226.181.166 port 54648 ssh2
Aug 13 08:37:41 dlsprod sshd[28908]: message repeated 2 times: [ Failed password for root from 122.226.181.166 port 54648 ssh2]
Aug 13 08:37:42 dlsprod sshd[28908]: Received disconnect from 122.226.181.166 port 54648:11: [preauth]
Aug 13 08:37:42 dlsprod sshd[28908]: Disconnected from 122.226.181.166 port 54648 [preauth]
Aug 13 08:37:42 dlsprod sshd[28908]: PAM 2 more authentication failures; logname= uid=0 euid=0 tty=ssh ruser= rhost=122.226.181.166 user=root
Aug 13 08:37:44 dlsprod sshd[28910]: pam_unix(sshd:auth): authentication failure; logname= uid=0 euid=0 tty=ssh ruser= rhost=221.194.44.211 user=root
Aug 13 08:37:46 dlsprod sshd[28910]: Failed password for root from 221.194.44.211 port 49778 ssh2
Aug 13 08:37:48 dlsprod sshd[28910]: Failed password for root from 221.194.44.211 port 49778 ssh2
Aug 13 08:37:50 dlsprod sshd[28912]: pam_unix(sshd:auth): authentication failure; logname= uid=0 euid=0 tty=ssh ruser= rhost=122.226.181.166 user=root
Aug 13 08:37:50 dlsprod sshd[28910]: Failed password for root from 221.194.44.211 port 49778 ssh2
Aug 13 08:37:51 dlsprod sshd[28910]: Received disconnect from 221.194.44.211 port 49778:11: [preauth]
Aug 13 08:37:51 dlsprod sshd[28910]: Disconnected from 221.194.44.211 port 49778 [preauth]
Aug 13 08:37:51 dlsprod sshd[28910]: PAM 2 more authentication failures; logname= uid=0 euid=0 tty=ssh ruser= rhost=221.194.44.211 user=root
Aug 13 08:37:53 dlsprod sshd[28912]: Failed password for root from 122.226.181.166 port 59224 ssh2
Aug 13 08:37:53 dlsprod sshd[28914]: pam_unix(sshd:auth): authentication failure; logname= uid=0 euid=0 tty=ssh ruser= rhost=221.194.44.211 user=root
Aug 13 08:37:55 dlsprod sshd[28914]: Failed password for root from 221.194.44.211 port 40192 ssh2
Aug 13 08:37:57 dlsprod sshd[28912]: Failed password for root from 122.226.181.166 port 59224 ssh2
Aug 13 08:37:57 dlsprod sshd[28914]: Failed password for root from 221.194.44.211 port 40192 ssh2
Aug 13 08:38:00 dlsprod sshd[28914]: Failed password for root from 221.194.44.211 port 40192 ssh2
Aug 13 08:38:00 dlsprod sshd[28912]: Failed password for root from 122.226.181.166 port 59224 ssh2
Aug 13 08:38:00 dlsprod sshd[28914]: Received disconnect from 221.194.44.211 port 40192:11: [preauth]
Aug 13 08:38:00 dlsprod sshd[28914]: Disconnected from 221.194.44.211 port 40192 [preauth]
Aug 13 08:38:00 dlsprod sshd[28914]: PAM 2 more authentication failures; logname= uid=0 euid=0 tty=ssh ruser= rhost=221.194.44.211 user=root
Aug 13 08:38:00 dlsprod sshd[28912]: Received disconnect from 122.226.181.166 port 59224:11: [preauth]
Aug 13 08:38:00 dlsprod sshd[28912]: Disconnected from 122.226.181.166 port 59224 [preauth]
Aug 13 08:38:00 dlsprod sshd[28912]: PAM 2 more authentication failures; logname= uid=0 euid=0 tty=ssh ruser= rhost=122.226.181.166 user=root
Aug 13 08:38:02 dlsprod sshd[28916]: pam_unix(sshd:auth): authentication failure; logname= uid=0 euid=0 tty=ssh ruser= rhost=221.194.44.211 user=root
Aug 13 08:38:05 dlsprod sshd[28916]: Failed password for root from 221.194.44.211 port 52563 ssh2
Aug 13 08:38:06 dlsprod sshd[28918]: pam_unix(sshd:auth): authentication failure; logname= uid=0 euid=0 tty=ssh ruser= rhost=122.226.181.166 user=root
Aug 13 08:38:08 dlsprod sshd[28916]: Failed password for root from 221.194.44.211 port 52563 ssh2
Aug 13 08:38:09 dlsprod sshd[28918]: Failed password for root from 122.226.181.166 port 38676 ssh2
Aug 13 08:38:11 dlsprod sshd[28918]: Failed password for root from 122.226.181.166 port 38676 ssh2
Aug 13 08:38:11 dlsprod sshd[28916]: Failed password for root from 221.194.44.211 port 52563 ssh2
Aug 13 08:38:11 dlsprod sshd[28916]: Received disconnect from 221.194.44.211 port 52563:11: [preauth]
Aug 13 08:38:11 dlsprod sshd[28916]: Disconnected from 221.194.44.211 port 52563 [preauth]
Aug 13 08:38:11 dlsprod sshd[28916]: PAM 2 more authentication failures; logname= uid=0 euid=0 tty=ssh ruser= rhost=221.194.44.211 user=root
Aug 13 08:38:13 dlsprod sshd[28918]: Failed password for root from 122.226.181.166 port 38676 ssh2
Aug 13 08:38:13 dlsprod sshd[28920]: pam_unix(sshd:auth): authentication failure; logname= uid=0 euid=0 tty=ssh ruser= rhost=221.194.44.211 user=root
Aug 13 08:38:13 dlsprod sshd[28918]: Received disconnect from 122.226.181.166 port 38676:11: [preauth]
Aug 13 08:38:13 dlsprod sshd[28918]: Disconnected from 122.226.181.166 port 38676 [preauth]
Aug 13 08:38:13 dlsprod sshd[28918]: PAM 2 more authentication failures; logname= uid=0 euid=0 tty=ssh ruser= rhost=122.226.181.166 user=root
Aug 13 08:38:16 dlsprod sshd[28920]: Failed password for root from 221.194.44.211 port 40325 ssh2
Aug 13 08:38:18 dlsprod sshd[28922]: pam_unix(sshd:auth): authentication failure; logname= uid=0 euid=0 tty=ssh ruser= rhost=122.226.181.166 user=root
Aug 13 08:38:18 dlsprod sshd[28920]: Failed password for root from 221.194.44.211 port 40325 ssh2
Aug 13 08:38:20 dlsprod sshd[28922]: Failed password for root from 122.226.181.166 port 39460 ssh2
Aug 13 08:38:21 dlsprod sshd[28920]: Failed password for root from 221.194.44.211 port 40325 ssh2
Aug 13 08:38:21 dlsprod sshd[28920]: Received disconnect from 221.194.44.211 port 40325:11: [preauth]
Aug 13 08:38:21 dlsprod sshd[28920]: Disconnected from 221.194.44.211 port 40325 [preauth]
Aug 13 08:38:21 dlsprod sshd[28920]: PAM 2 more authentication failures; logname= uid=0 euid=0 tty=ssh ruser= rhost=221.194.44.211 user=root
Aug 13 08:38:22 dlsprod sshd[28922]: Failed password for root from 122.226.181.166 port 39460 ssh2
Aug 13 08:38:25 dlsprod sshd[28922]: Failed password for root from 122.226.181.166 port 39460 ssh2
Aug 13 08:38:25 dlsprod sshd[28922]: Received disconnect from 122.226.181.166 port 39460:11: [preauth]
Aug 13 08:38:25 dlsprod sshd[28922]: Disconnected from 122.226.181.166 port 39460 [preauth]
Aug 13 08:38:25 dlsprod sshd[28922]: PAM 2 more authentication failures; logname= uid=0 euid=0 tty=ssh ruser= rhost=122.226.181.166 user=root
Aug 13 08:38:28 dlsprod sshd[28925]: pam_unix(sshd:auth): authentication failure; logname= uid=0 euid=0 tty=ssh ruser= rhost=221.194.44.211 user=root
Aug 13 08:38:30 dlsprod sshd[28925]: Failed password for root from 221.194.44.211 port 49163 ssh2
Aug 13 08:38:31 dlsprod sshd[28927]: pam_unix(sshd:auth): authentication failure; logname= uid=0 euid=0 tty=ssh ruser= rhost=122.226.181.166 user=root
Aug 13 08:38:33 dlsprod sshd[28925]: Failed password for root from 221.194.44.211 port 49163 ssh2
Aug 13 08:38:33 dlsprod sshd[28927]: Failed password for root from 122.226.181.166 port 59756 ssh2
Aug 13 08:38:35 dlsprod sshd[28925]: Failed password for root from 221.194.44.211 port 49163 ssh2
Aug 13 08:38:35 dlsprod sshd[28925]: Received disconnect from 221.194.44.211 port 49163:11: [preauth]
Aug 13 08:38:35 dlsprod sshd[28925]: Disconnected from 221.194.44.211 port 49163 [preauth]
Aug 13 08:38:35 dlsprod sshd[28925]: PAM 2 more authentication failures; logname= uid=0 euid=0 tty=ssh ruser= rhost=221.194.44.211 user=root
Aug 13 08:38:36 dlsprod sshd[28927]: Failed password for root from 122.226.181.166 port 59756 ssh2
Aug 13 08:38:38 dlsprod sshd[28929]: pam_unix(sshd:auth): authentication failure; logname= uid=0 euid=0 tty=ssh ruser= rhost=221.194.44.211 user=root
Aug 13 08:38:38 dlsprod sshd[28927]: Failed password for root from 122.226.181.166 port 59756 ssh2
Aug 13 08:38:39 dlsprod sshd[28927]: Received disconnect from 122.226.181.166 port 59756:11: [preauth]
Aug 13 08:38:39 dlsprod sshd[28927]: Disconnected from 122.226.181.166 port 59756 [preauth]
Aug 13 08:38:39 dlsprod sshd[28927]: PAM 2 more authentication failures; logname= uid=0 euid=0 tty=ssh ruser= rhost=122.226.181.166 user=root
Aug 13 08:38:39 dlsprod sshd[28929]: Failed password for root from 221.194.44.211 port 60904 ssh2
Aug 13 08:38:42 dlsprod sshd[28929]: Failed password for root from 221.194.44.211 port 60904 ssh2
Aug 13 08:38:43 dlsprod sshd[28932]: pam_unix(sshd:auth): authentication failure; logname= uid=0 euid=0 tty=ssh ruser= rhost=122.226.181.166 user=root
Aug 13 08:38:44 dlsprod sshd[28929]: Failed password for root from 221.194.44.211 port 60904 ssh2
Aug 13 08:38:44 dlsprod sshd[28929]: Received disconnect from 221.194.44.211 port 60904:11: [preauth]
Aug 13 08:38:44 dlsprod sshd[28929]: Disconnected from 221.194.44.211 port 60904 [preauth]
Aug 13 08:38:44 dlsprod sshd[28929]: PAM 2 more authentication failures; logname= uid=0 euid=0 tty=ssh ruser= rhost=221.194.44.211 user=root
Aug 13 08:38:46 dlsprod sshd[28932]: Failed password for root from 122.226.181.166 port 34794 ssh2
Aug 13 08:38:47 dlsprod sshd[28934]: pam_unix(sshd:auth): authentication failure; logname= uid=0 euid=0 tty=ssh ruser= rhost=221.194.44.211 user=root
Aug 13 08:38:48 dlsprod sshd[28932]: Failed password for root from 122.226.181.166 port 34794 ssh2
Aug 13 08:38:49 dlsprod sshd[28934]: Failed password for root from 221.194.44.211 port 44381 ssh2
Aug 13 08:38:51 dlsprod sshd[28932]: Failed password for root from 122.226.181.166 port 34794 ssh2
Aug 13 08:38:51 dlsprod sshd[28932]: Received disconnect from 122.226.181.166 port 34794:11: [preauth]
Aug 13 08:38:51 dlsprod sshd[28932]: Disconnected from 122.226.181.166 port 34794 [preauth]
Aug 13 08:38:51 dlsprod sshd[28932]: PAM 2 more authentication failures; logname= uid=0 euid=0 tty=ssh ruser= rhost=122.226.181.166 user=root
Aug 13 08:38:51 dlsprod sshd[28934]: Failed password for root from 221.194.44.211 port 44381 ssh2
Aug 13 08:38:54 dlsprod sshd[28934]: Failed password for root from 221.194.44.211 port 44381 ssh2
Aug 13 08:38:54 dlsprod sshd[28934]: Received disconnect from 221.194.44.211 port 44381:11: [preauth]
Aug 13 08:38:54 dlsprod sshd[28934]: Disconnected from 221.194.44.211 port 44381 [preauth]
Aug 13 08:38:54 dlsprod sshd[28934]: PAM 2 more authentication failures; logname= uid=0 euid=0 tty=ssh ruser= rhost=221.194.44.211 user=root
Aug 13 08:38:56 dlsprod sshd[28936]: pam_unix(sshd:auth): authentication failure; logname= uid=0 euid=0 tty=ssh ruser= rhost=122.226.181.166 user=root
Aug 13 08:38:57 dlsprod sshd[28938]: pam_unix(sshd:auth): authentication failure; logname= uid=0 euid=0 tty=ssh ruser= rhost=221.194.44.211 user=root
Aug 13 08:38:59 dlsprod sshd[28936]: Failed password for root from 122.226.181.166 port 60048 ssh2
Aug 13 08:38:59 dlsprod sshd[28938]: Failed password for root from 221.194.44.211 port 59495 ssh2
Aug 13 08:39:01 dlsprod CRON[28940]: pam_unix(cron:session): session opened for user root by (uid=0)
Aug 13 08:39:01 dlsprod CRON[28940]: pam_unix(cron:session): session closed for user root
Aug 13 08:39:01 dlsprod sshd[28936]: Failed password for root from 122.226.181.166 port 60048 ssh2
Aug 13 08:39:01 dlsprod sshd[28938]: Failed password for root from 221.194.44.211 port 59495 ssh2
Aug 13 08:39:03 dlsprod sshd[28936]: Failed password for root from 122.226.181.166 port 60048 ssh2
Aug 13 08:39:04 dlsprod sshd[28936]: Received disconnect from 122.226.181.166 port 60048:11: [preauth]
Aug 13 08:39:04 dlsprod sshd[28936]: Disconnected from 122.226.181.166 port 60048 [preauth]
Aug 13 08:39:04 dlsprod sshd[28936]: PAM 2 more authentication failures; logname= uid=0 euid=0 tty=ssh ruser= rhost=122.226.181.166 user=root
Aug 13 08:39:04 dlsprod sshd[28938]: Failed password for root from 221.194.44.211 port 59495 ssh2
Aug 13 08:39:05 dlsprod sshd[28938]: Received disconnect from 221.194.44.211 port 59495:11: [preauth]
Aug 13 08:39:05 dlsprod sshd[28938]: Disconnected from 221.194.44.211 port 59495 [preauth]
Aug 13 08:39:05 dlsprod sshd[28938]: PAM 2 more authentication failures; logname= uid=0 euid=0 tty=ssh ruser= rhost=221.194.44.211 user=root
Aug 13 08:39:08 dlsprod sshd[28984]: pam_unix(sshd:auth): authentication failure; logname= uid=0 euid=0 tty=ssh ruser= rhost=221.194.44.211 user=root
Aug 13 08:39:09 dlsprod sshd[28982]: pam_unix(sshd:auth): authentication failure; logname= uid=0 euid=0 tty=ssh ruser= rhost=122.226.181.166 user=root
Aug 13 08:39:11 dlsprod sshd[28984]: Failed password for root from 221.194.44.211 port 46184 ssh2
Aug 13 08:39:11 dlsprod sshd[28982]: Failed password for root from 122.226.181.166 port 58588 ssh2
Aug 13 08:39:13 dlsprod sshd[28984]: Failed password for root from 221.194.44.211 port 46184 ssh2
Aug 13 08:39:13 dlsprod sshd[28982]: Failed password for root from 122.226.181.166 port 58588 ssh2
Aug 13 08:39:15 dlsprod sshd[28984]: Failed password for root from 221.194.44.211 port 46184 ssh2
Aug 13 08:39:15 dlsprod sshd[28982]: Failed password for root from 122.226.181.166 port 58588 ssh2
Aug 13 08:39:15 dlsprod sshd[28984]: Received disconnect from 221.194.44.211 port 46184:11: [preauth]
Aug 13 08:39:15 dlsprod sshd[28984]: Disconnected from 221.194.44.211 port 46184 [preauth]
Aug 13 08:39:15 dlsprod sshd[28984]: PAM 2 more authentication failures; logname= uid=0 euid=0 tty=ssh ruser= rhost=221.194.44.211 user=root
Aug 13 08:39:15 dlsprod sshd[28982]: Received disconnect from 122.226.181.166 port 58588:11: [preauth]
Aug 13 08:39:15 dlsprod sshd[28982]: Disconnected from 122.226.181.166 port 58588 [preauth]
Aug 13 08:39:15 dlsprod sshd[28982]: PAM 2 more authentication failures; logname= uid=0 euid=0 tty=ssh ruser= rhost=122.226.181.166 user=root
Aug 13 08:39:17 dlsprod sshd[28986]: pam_unix(sshd:auth): authentication failure; logname= uid=0 euid=0 tty=ssh ruser= rhost=221.194.44.211 user=root
Aug 13 08:39:19 dlsprod sshd[28986]: Failed password for root from 221.194.44.211 port 35250 ssh2
Aug 13 08:39:22 dlsprod sshd[28986]: Failed password for root from 221.194.44.211 port 35250 ssh2
Aug 13 08:39:22 dlsprod sshd[28988]: pam_unix(sshd:auth): authentication failure; logname= uid=0 euid=0 tty=ssh ruser= rhost=122.226.181.166 user=root
Aug 13 08:39:24 dlsprod sshd[28986]: Failed password for root from 221.194.44.211 port 35250 ssh2
Aug 13 08:39:24 dlsprod sshd[28988]: Failed password for root from 122.226.181.166 port 51750 ssh2
Aug 13 08:39:27 dlsprod sshd[28988]: Failed password for root from 122.226.181.166 port 51750 ssh2
Aug 13 08:39:29 dlsprod sshd[28986]: Received disconnect from 221.194.44.211 port 35250:11: [preauth]
Aug 13 08:39:29 dlsprod sshd[28986]: Disconnected from 221.194.44.211 port 35250 [preauth]
Aug 13 08:39:29 dlsprod sshd[28986]: PAM 2 more authentication failures; logname= uid=0 euid=0 tty=ssh ruser= rhost=221.194.44.211 user=root
Aug 13 08:39:30 dlsprod sshd[28988]: Failed password for root from 122.226.181.166 port 51750 ssh2
Aug 13 08:39:31 dlsprod sshd[28988]: Received disconnect from 122.226.181.166 port 51750:11: [preauth]
Aug 13 08:39:31 dlsprod sshd[28988]: Disconnected from 122.226.181.166 port 51750 [preauth]
Aug 13 08:39:31 dlsprod sshd[28988]: PAM 2 more authentication failures; logname= uid=0 euid=0 tty=ssh ruser= rhost=122.226.181.166 user=root
Aug 13 08:39:36 dlsprod sshd[28993]: pam_unix(sshd:auth): authentication failure; logname= uid=0 euid=0 tty=ssh ruser= rhost=221.194.44.211 user=root
Aug 13 08:39:38 dlsprod sshd[28993]: Failed password for root from 221.194.44.211 port 55934 ssh2
Aug 13 08:39:40 dlsprod sshd[28991]: pam_unix(sshd:auth): authentication failure; logname= uid=0 euid=0 tty=ssh ruser= rhost=122.226.181.166 user=root
Aug 13 08:39:41 dlsprod sshd[28993]: Failed password for root from 221.194.44.211 port 55934 ssh2
Aug 13 08:39:41 dlsprod sshd[28991]: Failed password for root from 122.226.181.166 port 36160 ssh2
Aug 13 08:39:44 dlsprod sshd[28991]: Failed password for root from 122.226.181.166 port 36160 ssh2
Aug 13 08:39:44 dlsprod sshd[28993]: Failed password for root from 221.194.44.211 port 55934 ssh2
Aug 13 08:39:45 dlsprod sshd[28993]: Received disconnect from 221.194.44.211 port 55934:11: [preauth]
Aug 13 08:39:45 dlsprod sshd[28993]: Disconnected from 221.194.44.211 port 55934 [preauth]
Aug 13 08:39:45 dlsprod sshd[28993]: PAM 2 more authentication failures; logname= uid=0 euid=0 tty=ssh ruser= rhost=221.194.44.211 user=root
Aug 13 08:39:46 dlsprod sshd[28991]: Failed password for root from 122.226.181.166 port 36160 ssh2
Aug 13 08:39:47 dlsprod sshd[28991]: Received disconnect from 122.226.181.166 port 36160:11: [preauth]
Aug 13 08:39:47 dlsprod sshd[28991]: Disconnected from 122.226.181.166 port 36160 [preauth]
Aug 13 08:39:47 dlsprod sshd[28991]: PAM 2 more authentication failures; logname= uid=0 euid=0 tty=ssh ruser= rhost=122.226.181.166 user=root
Aug 13 08:39:47 dlsprod sshd[28995]: pam_unix(sshd:auth): authentication failure; logname= uid=0 euid=0 tty=ssh ruser= rhost=221.194.44.211 user=root
Aug 13 08:39:49 dlsprod sshd[28995]: Failed password for root from 221.194.44.211 port 43613 ssh2
Aug 13 08:39:51 dlsprod sshd[28997]: pam_unix(sshd:auth): authentication failure; logname= uid=0 euid=0 tty=ssh ruser= rhost=122.226.181.166 user=root
Aug 13 08:39:52 dlsprod sshd[28995]: Failed password for root from 221.194.44.211 port 43613 ssh2
Aug 13 08:39:53 dlsprod sshd[28997]: Failed password for root from 122.226.181.166 port 50260 ssh2
Aug 13 08:39:54 dlsprod sshd[28995]: Failed password for root from 221.194.44.211 port 43613 ssh2
Aug 13 08:39:55 dlsprod sshd[28997]: Failed password for root from 122.226.181.166 port 50260 ssh2
Aug 13 08:39:55 dlsprod sshd[28995]: Received disconnect from 221.194.44.211 port 43613:11: [preauth]
Aug 13 08:39:55 dlsprod sshd[28995]: Disconnected from 221.194.44.211 port 43613 [preauth]
Aug 13 08:39:55 dlsprod sshd[28995]: PAM 2 more authentication failures; logname= uid=0 euid=0 tty=ssh ruser= rhost=221.194.44.211 user=root
Aug 13 08:39:57 dlsprod sshd[28997]: Failed password for root from 122.226.181.166 port 50260 ssh2
Aug 13 08:39:58 dlsprod sshd[28997]: Received disconnect from 122.226.181.166 port 50260:11: [preauth]
Aug 13 08:39:58 dlsprod sshd[28997]: Disconnected from 122.226.181.166 port 50260 [preauth]
Aug 13 08:39:58 dlsprod sshd[28997]: PAM 2 more authentication failures; logname= uid=0 euid=0 tty=ssh ruser= rhost=122.226.181.166 user=root
Aug 13 08:39:58 dlsprod sshd[28999]: pam_unix(sshd:auth): authentication failure; logname= uid=0 euid=0 tty=ssh ruser= rhost=221.194.44.211 user=root
Aug 13 08:39:59 dlsprod sshd[28999]: Failed password for root from 221.194.44.211 port 35023 ssh2
Aug 13 08:40:05 dlsprod sshd[28999]: message repeated 2 times: [ Failed password for root from 221.194.44.211 port 35023 ssh2]
Aug 13 08:40:05 dlsprod sshd[28999]: Received disconnect from 221.194.44.211 port 35023:11: [preauth]
Aug 13 08:40:05 dlsprod sshd[28999]: Disconnected from 221.194.44.211 port 35023 [preauth]
Aug 13 08:40:05 dlsprod sshd[28999]: PAM 2 more authentication failures; logname= uid=0 euid=0 tty=ssh ruser= rhost=221.194.44.211 user=root
Aug 13 08:40:05 dlsprod sshd[29001]: pam_unix(sshd:auth): authentication failure; logname= uid=0 euid=0 tty=ssh ruser= rhost=122.226.181.166 user=root
Aug 13 08:40:07 dlsprod sshd[29001]: Failed password for root from 122.226.181.166 port 60258 ssh2
Aug 13 08:40:12 dlsprod sshd[29001]: message repeated 2 times: [ Failed password for root from 122.226.181.166 port 60258 ssh2]
Aug 13 08:40:12 dlsprod sshd[29003]: pam_unix(sshd:auth): authentication failure; logname= uid=0 euid=0 tty=ssh ruser= rhost=221.194.44.211 user=root
Aug 13 08:40:12 dlsprod sshd[29001]: Received disconnect from 122.226.181.166 port 60258:11: [preauth]
Aug 13 08:40:12 dlsprod sshd[29001]: Disconnected from 122.226.181.166 port 60258 [preauth]
Aug 13 08:40:12 dlsprod sshd[29001]: PAM 2 more authentication failures; logname= uid=0 euid=0 tty=ssh ruser= rhost=122.226.181.166 user=root
Aug 13 08:40:14 dlsprod sshd[29003]: Failed password for root from 221.194.44.211 port 43827 ssh2
Aug 13 08:40:17 dlsprod sshd[29003]: Failed password for root from 221.194.44.211 port 43827 ssh2
Aug 13 08:40:18 dlsprod sshd[29005]: pam_unix(sshd:auth): authentication failure; logname= uid=0 euid=0 tty=ssh ruser= rhost=122.226.181.166 user=root
Aug 13 08:40:19 dlsprod sshd[29003]: Failed password for root from 221.194.44.211 port 43827 ssh2
Aug 13 08:40:20 dlsprod sshd[29003]: Received disconnect from 221.194.44.211 port 43827:11: [preauth]
Aug 13 08:40:20 dlsprod sshd[29003]: Disconnected from 221.194.44.211 port 43827 [preauth]
Aug 13 08:40:20 dlsprod sshd[29003]: PAM 2 more authentication failures; logname= uid=0 euid=0 tty=ssh ruser= rhost=221.194.44.211 user=root
Aug 13 08:40:20 dlsprod sshd[29005]: Failed password for root from 122.226.181.166 port 36200 ssh2
Aug 13 08:40:23 dlsprod sshd[29005]: Failed password for root from 122.226.181.166 port 36200 ssh2
Aug 13 08:40:23 dlsprod sshd[29007]: pam_unix(sshd:auth): authentication failure; logname= uid=0 euid=0 tty=ssh ruser= rhost=221.194.44.211 user=root
Aug 13 08:40:24 dlsprod sshd[29007]: Failed password for root from 221.194.44.211 port 53293 ssh2
Aug 13 08:40:26 dlsprod sshd[29005]: Failed password for root from 122.226.181.166 port 36200 ssh2
Aug 13 08:40:27 dlsprod sshd[29005]: Received disconnect from 122.226.181.166 port 36200:11: [preauth]
Aug 13 08:40:27 dlsprod sshd[29005]: Disconnected from 122.226.181.166 port 36200 [preauth]
Aug 13 08:40:27 dlsprod sshd[29005]: PAM 2 more authentication failures; logname= uid=0 euid=0 tty=ssh ruser= rhost=122.226.181.166 user=root
Aug 13 08:40:27 dlsprod sshd[29007]: Failed password for root from 221.194.44.211 port 53293 ssh2
Aug 13 08:40:30 dlsprod sshd[29007]: Failed password for root from 221.194.44.211 port 53293 ssh2
Aug 13 08:40:30 dlsprod sshd[29009]: Connection closed by 190.15.211.78 port 36372 [preauth]
Aug 13 08:40:30 dlsprod sshd[29007]: Received disconnect from 221.194.44.211 port 53293:11: [preauth]
Aug 13 08:40:30 dlsprod sshd[29007]: Disconnected from 221.194.44.211 port 53293 [preauth]
Aug 13 08:40:30 dlsprod sshd[29007]: PAM 2 more authentication failures; logname= uid=0 euid=0 tty=ssh ruser= rhost=221.194.44.211 user=root
Aug 13 08:40:34 dlsprod sshd[29012]: pam_unix(sshd:auth): authentication failure; logname= uid=0 euid=0 tty=ssh ruser= rhost=221.194.44.211 user=root
Aug 13 08:40:35 dlsprod sshd[29012]: Failed password for root from 221.194.44.211 port 45542 ssh2
Aug 13 08:40:41 dlsprod sshd[29012]: message repeated 2 times: [ Failed password for root from 221.194.44.211 port 45542 ssh2]
Aug 13 08:40:41 dlsprod sshd[29012]: Received disconnect from 221.194.44.211 port 45542:11: [preauth]
Aug 13 08:40:41 dlsprod sshd[29012]: Disconnected from 221.194.44.211 port 45542 [preauth]
Aug 13 08:40:41 dlsprod sshd[29012]: PAM 2 more authentication failures; logname= uid=0 euid=0 tty=ssh ruser= rhost=221.194.44.211 user=root
Aug 13 08:40:44 dlsprod sshd[29014]: pam_unix(sshd:auth): authentication failure; logname= uid=0 euid=0 tty=ssh ruser= rhost=221.194.44.211 user=root
Aug 13 08:40:46 dlsprod sshd[29014]: Failed password for root from 221.194.44.211 port 37750 ssh2
Aug 13 08:40:51 dlsprod sshd[29014]: message repeated 2 times: [ Failed password for root from 221.194.44.211 port 37750 ssh2]
Aug 13 08:40:51 dlsprod sshd[29014]: Received disconnect from 221.194.44.211 port 37750:11: [preauth]
Aug 13 08:40:51 dlsprod sshd[29014]: Disconnected from 221.194.44.211 port 37750 [preauth]
Aug 13 08:40:51 dlsprod sshd[29014]: PAM 2 more authentication failures; logname= uid=0 euid=0 tty=ssh ruser= rhost=221.194.44.211 user=root
Aug 13 08:40:54 dlsprod sshd[29017]: pam_unix(sshd:auth): authentication failure; logname= uid=0 euid=0 tty=ssh ruser= rhost=221.194.44.211 user=root
Aug 13 08:40:56 dlsprod sshd[29017]: Failed password for root from 221.194.44.211 port 56208 ssh2
Aug 13 08:41:00 dlsprod sshd[29017]: message repeated 2 times: [ Failed password for root from 221.194.44.211 port 56208 ssh2]
Aug 13 08:41:01 dlsprod sshd[29017]: Received disconnect from 221.194.44.211 port 56208:11: [preauth]
Aug 13 08:41:01 dlsprod sshd[29017]: Disconnected from 221.194.44.211 port 56208 [preauth]
Aug 13 08:41:01 dlsprod sshd[29017]: PAM 2 more authentication failures; logname= uid=0 euid=0 tty=ssh ruser= rhost=221.194.44.211 user=root
Aug 13 08:41:04 dlsprod sshd[29019]: pam_unix(sshd:auth): authentication failure; logname= uid=0 euid=0 tty=ssh ruser= rhost=221.194.44.211 user=root
Aug 13 08:41:05 dlsprod sshd[29019]: Failed password for root from 221.194.44.211 port 42233 ssh2
Aug 13 08:41:09 dlsprod sshd[29019]: message repeated 2 times: [ Failed password for root from 221.194.44.211 port 42233 ssh2]
Aug 13 08:41:10 dlsprod sshd[29019]: Received disconnect from 221.194.44.211 port 42233:11: [preauth]
Aug 13 08:41:10 dlsprod sshd[29019]: Disconnected from 221.194.44.211 port 42233 [preauth]
Aug 13 08:41:10 dlsprod sshd[29019]: PAM 2 more authentication failures; logname= uid=0 euid=0 tty=ssh ruser= rhost=221.194.44.211 user=root
Aug 13 08:41:41 dlsprod sshd[29022]: Invalid user soporte from 190.202.114.106
Aug 13 08:41:41 dlsprod sshd[29022]: input_userauth_request: invalid user soporte [preauth]
Aug 13 08:41:41 dlsprod sshd[29022]: pam_unix(sshd:auth): check pass; user unknown
Aug 13 08:41:41 dlsprod sshd[29022]: pam_unix(sshd:auth): authentication failure; logname= uid=0 euid=0 tty=ssh ruser= rhost=190.202.114.106
Aug 13 08:41:43 dlsprod sshd[29022]: Failed password for invalid user soporte from 190.202.114.106 port 47258 ssh2
Aug 13 08:41:43 dlsprod sshd[29022]: Connection closed by 190.202.114.106 port 47258 [preauth]
Aug 13 08:45:01 dlsprod CRON[29028]: pam_unix(cron:session): session opened for user root by (uid=0)
Aug 13 08:45:01 dlsprod CRON[29028]: pam_unix(cron:session): session closed for user root
Aug 13 08:49:45 dlsprod sshd[29040]: Invalid user ejabberd from 91.121.89.86
Aug 13 08:49:45 dlsprod sshd[29040]: input_userauth_request: invalid user ejabberd [preauth]
Aug 13 08:49:45 dlsprod sshd[29040]: pam_unix(sshd:auth): check pass; user unknown
Aug 13 08:49:45 dlsprod sshd[29040]: pam_unix(sshd:auth): authentication failure; logname= uid=0 euid=0 tty=ssh ruser= rhost=91.121.89.86
Aug 13 08:49:47 dlsprod sshd[29040]: Failed password for invalid user ejabberd from 91.121.89.86 port 42618 ssh2
Aug 13 08:49:47 dlsprod sshd[29040]: Connection closed by 91.121.89.86 port 42618 [preauth]
Aug 13 08:52:38 dlsprod sshd[29046]: Invalid user info from 119.29.58.239
Aug 13 08:52:38 dlsprod sshd[29046]: input_userauth_request: invalid user info [preauth]
Aug 13 08:52:38 dlsprod sshd[29046]: pam_unix(sshd:auth): check pass; user unknown
Aug 13 08:52:38 dlsprod sshd[29046]: pam_unix(sshd:auth): authentication failure; logname= uid=0 euid=0 tty=ssh ruser= rhost=119.29.58.239
Aug 13 08:52:40 dlsprod sshd[29046]: Failed password for invalid user info from 119.29.58.239 port 33908 ssh2
Aug 13 08:52:40 dlsprod sshd[29046]: Connection closed by 119.29.58.239 port 33908 [preauth]
Aug 13 08:55:01 dlsprod CRON[29050]: pam_unix(cron:session): session opened for user root by (uid=0)
Aug 13 08:55:01 dlsprod CRON[29050]: pam_unix(cron:session): session closed for user root
Aug 13 08:59:04 dlsprod sshd[29059]: Invalid user test1 from 121.78.144.178
Aug 13 08:59:04 dlsprod sshd[29059]: input_userauth_request: invalid user test1 [preauth]
Aug 13 08:59:04 dlsprod sshd[29059]: pam_unix(sshd:auth): check pass; user unknown
Aug 13 08:59:04 dlsprod sshd[29059]: pam_unix(sshd:auth): authentication failure; logname= uid=0 euid=0 tty=ssh ruser= rhost=121.78.144.178
Aug 13 08:59:06 dlsprod sshd[29059]: Failed password for invalid user test1 from 121.78.144.178 port 59106 ssh2
Aug 13 08:59:06 dlsprod sshd[29059]: Connection closed by 121.78.144.178 port 59106 [preauth]
Aug 13 09:01:15 dlsprod sshd[29064]: Invalid user nexus from 118.33.115.106
Aug 13 09:01:15 dlsprod sshd[29064]: input_userauth_request: invalid user nexus [preauth]
Aug 13 09:01:15 dlsprod sshd[29064]: pam_unix(sshd:auth): check pass; user unknown
Aug 13 09:01:15 dlsprod sshd[29064]: pam_unix(sshd:auth): authentication failure; logname= uid=0 euid=0 tty=ssh ruser= rhost=118.33.115.106
Aug 13 09:01:17 dlsprod sshd[29064]: Failed password for invalid user nexus from 118.33.115.106 port 43614 ssh2
Aug 13 09:01:17 dlsprod sshd[29064]: Connection closed by 118.33.115.106 port 43614 [preauth]
Aug 13 09:03:33 dlsprod sshd[29077]: Invalid user admin from 177.43.119.246
Aug 13 09:03:33 dlsprod sshd[29077]: input_userauth_request: invalid user admin [preauth]
Aug 13 09:03:33 dlsprod sshd[29077]: pam_unix(sshd:auth): check pass; user unknown
Aug 13 09:03:33 dlsprod sshd[29077]: pam_unix(sshd:auth): authentication failure; logname= uid=0 euid=0 tty=ssh ruser= rhost=177.43.119.246
Aug 13 09:03:35 dlsprod sshd[29077]: Failed password for invalid user admin from 177.43.119.246 port 53794 ssh2
Aug 13 09:03:35 dlsprod sshd[29077]: Connection closed by 177.43.119.246 port 53794 [preauth]
Aug 13 09:03:57 dlsprod sshd[29074]: Connection closed by 80.70.102.134 port 23048 [preauth]
Aug 13 09:05:01 dlsprod CRON[29082]: pam_unix(cron:session): session opened for user root by (uid=0)
Aug 13 09:05:01 dlsprod CRON[29082]: pam_unix(cron:session): session closed for user root
Aug 13 09:05:01 dlsprod sshd[29081]: Did not receive identification string from 109.195.17.143
Aug 13 09:08:36 dlsprod sshd[29089]: Did not receive identification string from 154.127.249.12
Aug 13 09:08:37 dlsprod sshd[29090]: fatal: Unable to negotiate with 154.127.249.12 port 22940: no matching cipher found. Their offer: aes128-cbc,3des-cbc,aes256-cbc,aes192-cbc [preauth]
Aug 13 09:09:01 dlsprod CRON[29092]: pam_unix(cron:session): session opened for user root by (uid=0)
Aug 13 09:09:01 dlsprod CRON[29092]: pam_unix(cron:session): session closed for user root
Aug 13 09:14:35 dlsprod sshd[29142]: Invalid user mc from 190.202.114.106
Aug 13 09:14:35 dlsprod sshd[29142]: input_userauth_request: invalid user mc [preauth]
Aug 13 09:14:35 dlsprod sshd[29142]: pam_unix(sshd:auth): check pass; user unknown
Aug 13 09:14:35 dlsprod sshd[29142]: pam_unix(sshd:auth): authentication failure; logname= uid=0 euid=0 tty=ssh ruser= rhost=190.202.114.106
Aug 13 09:14:37 dlsprod sshd[29142]: Failed password for invalid user mc from 190.202.114.106 port 42177 ssh2
Aug 13 09:14:37 dlsprod sshd[29142]: Connection closed by 190.202.114.106 port 42177 [preauth]
Aug 13 09:15:01 dlsprod CRON[29144]: pam_unix(cron:session): session opened for user root by (uid=0)
Aug 13 09:15:01 dlsprod CRON[29144]: pam_unix(cron:session): session closed for user root
Aug 13 09:17:00 dlsprod sshd[29153]: Invalid user oracle from 91.121.89.86
Aug 13 09:17:00 dlsprod sshd[29153]: input_userauth_request: invalid user oracle [preauth]
Aug 13 09:17:00 dlsprod sshd[29153]: pam_unix(sshd:auth): check pass; user unknown
Aug 13 09:17:00 dlsprod sshd[29153]: pam_unix(sshd:auth): authentication failure; logname= uid=0 euid=0 tty=ssh ruser= rhost=91.121.89.86
Aug 13 09:17:01 dlsprod CRON[29155]: pam_unix(cron:session): session opened for user root by (uid=0)
Aug 13 09:17:01 dlsprod CRON[29155]: pam_unix(cron:session): session closed for user root
Aug 13 09:17:02 dlsprod sshd[29153]: Failed password for invalid user oracle from 91.121.89.86 port 33690 ssh2
Aug 13 09:17:02 dlsprod sshd[29153]: Connection closed by 91.121.89.86 port 33690 [preauth]
Aug 13 09:19:31 dlsprod sshd[29162]: pam_unix(sshd:auth): authentication failure; logname= uid=0 euid=0 tty=ssh ruser= rhost=221.194.47.236 user=root
Aug 13 09:19:33 dlsprod sshd[29162]: Failed password for root from 221.194.47.236 port 47519 ssh2
Aug 13 09:19:37 dlsprod sshd[29162]: message repeated 2 times: [ Failed password for root from 221.194.47.236 port 47519 ssh2]
Aug 13 09:19:37 dlsprod sshd[29162]: Received disconnect from 221.194.47.236 port 47519:11: [preauth]
Aug 13 09:19:37 dlsprod sshd[29162]: Disconnected from 221.194.47.236 port 47519 [preauth]
Aug 13 09:19:37 dlsprod sshd[29162]: PAM 2 more authentication failures; logname= uid=0 euid=0 tty=ssh ruser= rhost=221.194.47.236 user=root
Aug 13 09:19:40 dlsprod sshd[29164]: pam_unix(sshd:auth): authentication failure; logname= uid=0 euid=0 tty=ssh ruser= rhost=221.194.47.236 user=root
Aug 13 09:19:41 dlsprod sshd[29164]: Failed password for root from 221.194.47.236 port 33855 ssh2
Aug 13 09:19:47 dlsprod sshd[29164]: message repeated 2 times: [ Failed password for root from 221.194.47.236 port 33855 ssh2]
Aug 13 09:19:47 dlsprod sshd[29164]: Received disconnect from 221.194.47.236 port 33855:11: [preauth]
Aug 13 09:19:47 dlsprod sshd[29164]: Disconnected from 221.194.47.236 port 33855 [preauth]
Aug 13 09:19:47 dlsprod sshd[29164]: PAM 2 more authentication failures; logname= uid=0 euid=0 tty=ssh ruser= rhost=221.194.47.236 user=root
Aug 13 09:19:49 dlsprod sshd[29166]: pam_unix(sshd:auth): authentication failure; logname= uid=0 euid=0 tty=ssh ruser= rhost=221.194.47.236 user=root
Aug 13 09:19:51 dlsprod sshd[29166]: Failed password for root from 221.194.47.236 port 51956 ssh2
Aug 13 09:19:56 dlsprod sshd[29166]: message repeated 2 times: [ Failed password for root from 221.194.47.236 port 51956 ssh2]
Aug 13 09:19:56 dlsprod sshd[29166]: Received disconnect from 221.194.47.236 port 51956:11: [preauth]
Aug 13 09:19:56 dlsprod sshd[29166]: Disconnected from 221.194.47.236 port 51956 [preauth]
Aug 13 09:19:56 dlsprod sshd[29166]: PAM 2 more authentication failures; logname= uid=0 euid=0 tty=ssh ruser= rhost=221.194.47.236 user=root
Aug 13 09:20:00 dlsprod sshd[29168]: pam_unix(sshd:auth): authentication failure; logname= uid=0 euid=0 tty=ssh ruser= rhost=221.194.47.236 user=root
Aug 13 09:20:02 dlsprod sshd[29168]: Failed password for root from 221.194.47.236 port 36088 ssh2
Aug 13 09:20:06 dlsprod sshd[29168]: message repeated 2 times: [ Failed password for root from 221.194.47.236 port 36088 ssh2]
Aug 13 09:20:07 dlsprod sshd[29168]: Received disconnect from 221.194.47.236 port 36088:11: [preauth]
Aug 13 09:20:07 dlsprod sshd[29168]: Disconnected from 221.194.47.236 port 36088 [preauth]
Aug 13 09:20:07 dlsprod sshd[29168]: PAM 2 more authentication failures; logname= uid=0 euid=0 tty=ssh ruser= rhost=221.194.47.236 user=root
Aug 13 09:20:12 dlsprod sshd[29170]: pam_unix(sshd:auth): authentication failure; logname= uid=0 euid=0 tty=ssh ruser= rhost=221.194.47.236 user=root
Aug 13 09:20:14 dlsprod sshd[29170]: Failed password for root from 221.194.47.236 port 56881 ssh2
Aug 13 09:20:18 dlsprod sshd[29170]: message repeated 2 times: [ Failed password for root from 221.194.47.236 port 56881 ssh2]
Aug 13 09:20:18 dlsprod sshd[29170]: Received disconnect from 221.194.47.236 port 56881:11: [preauth]
Aug 13 09:20:18 dlsprod sshd[29170]: Disconnected from 221.194.47.236 port 56881 [preauth]
Aug 13 09:20:18 dlsprod sshd[29170]: PAM 2 more authentication failures; logname= uid=0 euid=0 tty=ssh ruser= rhost=221.194.47.236 user=root
Aug 13 09:20:22 dlsprod sshd[29172]: pam_unix(sshd:auth): authentication failure; logname= uid=0 euid=0 tty=ssh ruser= rhost=221.194.47.236 user=root
Aug 13 09:20:24 dlsprod sshd[29172]: Failed password for root from 221.194.47.236 port 55288 ssh2
Aug 13 09:20:28 dlsprod sshd[29172]: message repeated 2 times: [ Failed password for root from 221.194.47.236 port 55288 ssh2]
Aug 13 09:20:29 dlsprod sshd[29172]: Received disconnect from 221.194.47.236 port 55288:11: [preauth]
Aug 13 09:20:29 dlsprod sshd[29172]: Disconnected from 221.194.47.236 port 55288 [preauth]
Aug 13 09:20:29 dlsprod sshd[29172]: PAM 2 more authentication failures; logname= uid=0 euid=0 tty=ssh ruser= rhost=221.194.47.236 user=root
Aug 13 09:20:31 dlsprod sshd[29175]: pam_unix(sshd:auth): authentication failure; logname= uid=0 euid=0 tty=ssh ruser= rhost=221.194.47.236 user=root
Aug 13 09:20:33 dlsprod sshd[29175]: Failed password for root from 221.194.47.236 port 43821 ssh2
Aug 13 09:20:38 dlsprod sshd[29175]: message repeated 2 times: [ Failed password for root from 221.194.47.236 port 43821 ssh2]
Aug 13 09:20:38 dlsprod sshd[29175]: Received disconnect from 221.194.47.236 port 43821:11: [preauth]
Aug 13 09:20:38 dlsprod sshd[29175]: Disconnected from 221.194.47.236 port 43821 [preauth]
Aug 13 09:20:38 dlsprod sshd[29175]: PAM 2 more authentication failures; logname= uid=0 euid=0 tty=ssh ruser= rhost=221.194.47.236 user=root
Aug 13 09:20:43 dlsprod sshd[29177]: pam_unix(sshd:auth): authentication failure; logname= uid=0 euid=0 tty=ssh ruser= rhost=187.237.57.34 user=root
Aug 13 09:20:43 dlsprod sshd[29179]: pam_unix(sshd:auth): authentication failure; logname= uid=0 euid=0 tty=ssh ruser= rhost=221.194.47.236 user=root
Aug 13 09:20:45 dlsprod sshd[29177]: Failed password for root from 187.237.57.34 port 15276 ssh2
Aug 13 09:20:46 dlsprod sshd[29179]: Failed password for root from 221.194.47.236 port 55532 ssh2
Aug 13 09:20:46 dlsprod sshd[29177]: Received disconnect from 187.237.57.34 port 15276:11: Normal Shutdown, Thank you for playing [preauth]
Aug 13 09:20:46 dlsprod sshd[29177]: Disconnected from 187.237.57.34 port 15276 [preauth]
Aug 13 09:20:48 dlsprod sshd[29179]: Failed password for root from 221.194.47.236 port 55532 ssh2
Aug 13 09:20:50 dlsprod sshd[29179]: Failed password for root from 221.194.47.236 port 55532 ssh2
Aug 13 09:20:51 dlsprod sshd[29179]: Received disconnect from 221.194.47.236 port 55532:11: [preauth]
Aug 13 09:20:52 dlsprod sshd[29179]: Disconnected from 221.194.47.236 port 55532 [preauth]
Aug 13 09:20:52 dlsprod sshd[29179]: PAM 2 more authentication failures; logname= uid=0 euid=0 tty=ssh ruser= rhost=221.194.47.236 user=root
Aug 13 09:20:58 dlsprod sshd[29181]: pam_unix(sshd:auth): authentication failure; logname= uid=0 euid=0 tty=ssh ruser= rhost=221.194.47.236 user=root
Aug 13 09:21:00 dlsprod sshd[29181]: Failed password for root from 221.194.47.236 port 52936 ssh2
Aug 13 09:21:04 dlsprod sshd[29181]: message repeated 2 times: [ Failed password for root from 221.194.47.236 port 52936 ssh2]
Aug 13 09:21:04 dlsprod sshd[29181]: Received disconnect from 221.194.47.236 port 52936:11: [preauth]
Aug 13 09:21:04 dlsprod sshd[29181]: Disconnected from 221.194.47.236 port 52936 [preauth]
Aug 13 09:21:04 dlsprod sshd[29181]: PAM 2 more authentication failures; logname= uid=0 euid=0 tty=ssh ruser= rhost=221.194.47.236 user=root
Aug 13 09:21:07 dlsprod sshd[29183]: pam_unix(sshd:auth): authentication failure; logname= uid=0 euid=0 tty=ssh ruser= rhost=221.194.47.236 user=root
Aug 13 09:21:09 dlsprod sshd[29183]: Failed password for root from 221.194.47.236 port 52131 ssh2
Aug 13 09:21:13 dlsprod sshd[29183]: message repeated 2 times: [ Failed password for root from 221.194.47.236 port 52131 ssh2]
Aug 13 09:21:13 dlsprod sshd[29183]: Received disconnect from 221.194.47.236 port 52131:11: [preauth]
Aug 13 09:21:13 dlsprod sshd[29183]: Disconnected from 221.194.47.236 port 52131 [preauth]
Aug 13 09:21:13 dlsprod sshd[29183]: PAM 2 more authentication failures; logname= uid=0 euid=0 tty=ssh ruser= rhost=221.194.47.236 user=root
Aug 13 09:21:29 dlsprod sshd[29186]: pam_unix(sshd:auth): authentication failure; logname= uid=0 euid=0 tty=ssh ruser= rhost=221.194.47.236 user=root
Aug 13 09:21:32 dlsprod sshd[29186]: Failed password for root from 221.194.47.236 port 43666 ssh2
Aug 13 09:21:36 dlsprod sshd[29186]: message repeated 2 times: [ Failed password for root from 221.194.47.236 port 43666 ssh2]
Aug 13 09:21:36 dlsprod sshd[29186]: Received disconnect from 221.194.47.236 port 43666:11: [preauth]
Aug 13 09:21:36 dlsprod sshd[29186]: Disconnected from 221.194.47.236 port 43666 [preauth]
Aug 13 09:21:36 dlsprod sshd[29186]: PAM 2 more authentication failures; logname= uid=0 euid=0 tty=ssh ruser= rhost=221.194.47.236 user=root
Aug 13 09:21:39 dlsprod sshd[29188]: pam_unix(sshd:auth): authentication failure; logname= uid=0 euid=0 tty=ssh ruser= rhost=221.194.47.236 user=root
Aug 13 09:21:41 dlsprod sshd[29188]: Failed password for root from 221.194.47.236 port 35944 ssh2
Aug 13 09:21:47 dlsprod sshd[29188]: message repeated 2 times: [ Failed password for root from 221.194.47.236 port 35944 ssh2]
Aug 13 09:21:47 dlsprod sshd[29188]: Received disconnect from 221.194.47.236 port 35944:11: [preauth]
Aug 13 09:21:47 dlsprod sshd[29188]: Disconnected from 221.194.47.236 port 35944 [preauth]
Aug 13 09:21:47 dlsprod sshd[29188]: PAM 2 more authentication failures; logname= uid=0 euid=0 tty=ssh ruser= rhost=221.194.47.236 user=root
Aug 13 09:21:56 dlsprod sshd[29192]: Invalid user deployer from 119.29.58.239
Aug 13 09:21:56 dlsprod sshd[29192]: input_userauth_request: invalid user deployer [preauth]
Aug 13 09:21:56 dlsprod sshd[29192]: pam_unix(sshd:auth): check pass; user unknown
Aug 13 09:21:56 dlsprod sshd[29192]: pam_unix(sshd:auth): authentication failure; logname= uid=0 euid=0 tty=ssh ruser= rhost=119.29.58.239
Aug 13 09:21:56 dlsprod sshd[29190]: pam_unix(sshd:auth): authentication failure; logname= uid=0 euid=0 tty=ssh ruser= rhost=221.194.47.236 user=root
Aug 13 09:21:58 dlsprod sshd[29192]: Failed password for invalid user deployer from 119.29.58.239 port 58349 ssh2
Aug 13 09:21:58 dlsprod sshd[29192]: Connection closed by 119.29.58.239 port 58349 [preauth]
Aug 13 09:21:58 dlsprod sshd[29190]: Failed password for root from 221.194.47.236 port 47978 ssh2
Aug 13 09:22:04 dlsprod sshd[29190]: message repeated 2 times: [ Failed password for root from 221.194.47.236 port 47978 ssh2]
Aug 13 09:22:05 dlsprod sshd[29190]: Received disconnect from 221.194.47.236 port 47978:11: [preauth]
Aug 13 09:22:05 dlsprod sshd[29190]: Disconnected from 221.194.47.236 port 47978 [preauth]
Aug 13 09:22:05 dlsprod sshd[29190]: PAM 2 more authentication failures; logname= uid=0 euid=0 tty=ssh ruser= rhost=221.194.47.236 user=root
Aug 13 09:22:11 dlsprod sshd[29194]: pam_unix(sshd:auth): authentication failure; logname= uid=0 euid=0 tty=ssh ruser= rhost=221.194.47.236 user=root
Aug 13 09:22:13 dlsprod sshd[29194]: Failed password for root from 221.194.47.236 port 43068 ssh2
Aug 13 09:22:20 dlsprod sshd[29194]: message repeated 2 times: [ Failed password for root from 221.194.47.236 port 43068 ssh2]
Aug 13 09:22:20 dlsprod sshd[29194]: Received disconnect from 221.194.47.236 port 43068:11: [preauth]
Aug 13 09:22:20 dlsprod sshd[29194]: Disconnected from 221.194.47.236 port 43068 [preauth]
Aug 13 09:22:20 dlsprod sshd[29194]: PAM 2 more authentication failures; logname= uid=0 euid=0 tty=ssh ruser= rhost=221.194.47.236 user=root
Aug 13 09:22:24 dlsprod sshd[29196]: pam_unix(sshd:auth): authentication failure; logname= uid=0 euid=0 tty=ssh ruser= rhost=221.194.47.236 user=root
Aug 13 09:22:26 dlsprod sshd[29196]: Failed password for root from 221.194.47.236 port 50629 ssh2
Aug 13 09:22:31 dlsprod sshd[29196]: message repeated 2 times: [ Failed password for root from 221.194.47.236 port 50629 ssh2]
Aug 13 09:22:31 dlsprod sshd[29196]: Received disconnect from 221.194.47.236 port 50629:11: [preauth]
Aug 13 09:22:31 dlsprod sshd[29196]: Disconnected from 221.194.47.236 port 50629 [preauth]
Aug 13 09:22:31 dlsprod sshd[29196]: PAM 2 more authentication failures; logname= uid=0 euid=0 tty=ssh ruser= rhost=221.194.47.236 user=root
Aug 13 09:22:34 dlsprod sshd[29200]: pam_unix(sshd:auth): authentication failure; logname= uid=0 euid=0 tty=ssh ruser= rhost=221.194.47.236 user=root
Aug 13 09:22:36 dlsprod sshd[29200]: Failed password for root from 221.194.47.236 port 40291 ssh2
Aug 13 09:22:41 dlsprod sshd[29200]: message repeated 2 times: [ Failed password for root from 221.194.47.236 port 40291 ssh2]
Aug 13 09:22:42 dlsprod sshd[29200]: Received disconnect from 221.194.47.236 port 40291:11: [preauth]
Aug 13 09:22:42 dlsprod sshd[29200]: Disconnected from 221.194.47.236 port 40291 [preauth]
Aug 13 09:22:42 dlsprod sshd[29200]: PAM 2 more authentication failures; logname= uid=0 euid=0 tty=ssh ruser= rhost=221.194.47.236 user=root
Aug 13 09:22:44 dlsprod sshd[29202]: pam_unix(sshd:auth): authentication failure; logname= uid=0 euid=0 tty=ssh ruser= rhost=221.194.47.236 user=root
Aug 13 09:22:47 dlsprod sshd[29202]: Failed password for root from 221.194.47.236 port 57899 ssh2
Aug 13 09:22:52 dlsprod sshd[29202]: message repeated 2 times: [ Failed password for root from 221.194.47.236 port 57899 ssh2]
Aug 13 09:22:53 dlsprod sshd[29202]: Received disconnect from 221.194.47.236 port 57899:11: [preauth]
Aug 13 09:22:53 dlsprod sshd[29202]: Disconnected from 221.194.47.236 port 57899 [preauth]
Aug 13 09:22:53 dlsprod sshd[29202]: PAM 2 more authentication failures; logname= uid=0 euid=0 tty=ssh ruser= rhost=221.194.47.236 user=root
Aug 13 09:22:58 dlsprod sshd[29204]: pam_unix(sshd:auth): authentication failure; logname= uid=0 euid=0 tty=ssh ruser= rhost=221.194.47.236 user=root
Aug 13 09:23:00 dlsprod sshd[29204]: Failed password for root from 221.194.47.236 port 44059 ssh2
Aug 13 09:23:05 dlsprod sshd[29204]: message repeated 2 times: [ Failed password for root from 221.194.47.236 port 44059 ssh2]
Aug 13 09:23:05 dlsprod smbd: pam_unix(samba:session): session opened for user share by (uid=0)
Aug 13 09:23:06 dlsprod sshd[29204]: Received disconnect from 221.194.47.236 port 44059:11: [preauth]
Aug 13 09:23:06 dlsprod sshd[29204]: Disconnected from 221.194.47.236 port 44059 [preauth]
Aug 13 09:23:06 dlsprod sshd[29204]: PAM 2 more authentication failures; logname= uid=0 euid=0 tty=ssh ruser= rhost=221.194.47.236 user=root
Aug 13 09:23:13 dlsprod sshd[29207]: pam_unix(sshd:auth): authentication failure; logname= uid=0 euid=0 tty=ssh ruser= rhost=221.194.47.236 user=root
Aug 13 09:23:15 dlsprod sshd[29207]: Failed password for root from 221.194.47.236 port 33174 ssh2
Aug 13 09:23:19 dlsprod sshd[29207]: message repeated 2 times: [ Failed password for root from 221.194.47.236 port 33174 ssh2]
Aug 13 09:23:20 dlsprod sshd[29207]: Received disconnect from 221.194.47.236 port 33174:11: [preauth]
Aug 13 09:23:20 dlsprod sshd[29207]: Disconnected from 221.194.47.236 port 33174 [preauth]
Aug 13 09:23:20 dlsprod sshd[29207]: PAM 2 more authentication failures; logname= uid=0 euid=0 tty=ssh ruser= rhost=221.194.47.236 user=root
Aug 13 09:23:23 dlsprod sshd[29209]: pam_unix(sshd:auth): authentication failure; logname= uid=0 euid=0 tty=ssh ruser= rhost=221.194.47.236 user=root
Aug 13 09:23:25 dlsprod sshd[29211]: Invalid user ldap from 121.78.144.178
Aug 13 09:23:25 dlsprod sshd[29211]: input_userauth_request: invalid user ldap [preauth]
Aug 13 09:23:25 dlsprod sshd[29211]: pam_unix(sshd:auth): check pass; user unknown
Aug 13 09:23:25 dlsprod sshd[29211]: pam_unix(sshd:auth): authentication failure; logname= uid=0 euid=0 tty=ssh ruser= rhost=121.78.144.178
Aug 13 09:23:26 dlsprod sshd[29209]: Failed password for root from 221.194.47.236 port 43367 ssh2
Aug 13 09:23:27 dlsprod sshd[29211]: Failed password for invalid user ldap from 121.78.144.178 port 41982 ssh2
Aug 13 09:23:27 dlsprod sshd[29211]: Connection closed by 121.78.144.178 port 41982 [preauth]
Aug 13 09:23:28 dlsprod sshd[29209]: Failed password for root from 221.194.47.236 port 43367 ssh2
Aug 13 09:23:32 dlsprod sshd[29209]: Failed password for root from 221.194.47.236 port 43367 ssh2
Aug 13 09:23:33 dlsprod sshd[29209]: Received disconnect from 221.194.47.236 port 43367:11: [preauth]
Aug 13 09:23:33 dlsprod sshd[29209]: Disconnected from 221.194.47.236 port 43367 [preauth]
Aug 13 09:23:33 dlsprod sshd[29209]: PAM 2 more authentication failures; logname= uid=0 euid=0 tty=ssh ruser= rhost=221.194.47.236 user=root
Aug 13 09:23:41 dlsprod sshd[29214]: pam_unix(sshd:auth): authentication failure; logname= uid=0 euid=0 tty=ssh ruser= rhost=221.194.47.236 user=root
Aug 13 09:23:42 dlsprod sshd[29214]: Failed password for root from 221.194.47.236 port 33813 ssh2
Aug 13 09:23:47 dlsprod sshd[29214]: message repeated 2 times: [ Failed password for root from 221.194.47.236 port 33813 ssh2]
Aug 13 09:23:48 dlsprod sshd[29214]: Received disconnect from 221.194.47.236 port 33813:11: [preauth]
Aug 13 09:23:48 dlsprod sshd[29214]: Disconnected from 221.194.47.236 port 33813 [preauth]
