Aug 13 01:50:52 dlsprod sshd[25955]: pam_unix(sshd:auth): authentication failure; logname= uid=0 euid=0 tty=ssh ruser= rhost=115.238.245.14 user=root
Aug 13 01:50:54 dlsprod sshd[25955]: Failed password for root from 115.238.245.14 port 40805 ssh2
Aug 13 01:50:54 dlsprod sshd[25953]: Failed password for root from 221.194.47.233 port 33756 ssh2
Aug 13 01:50:54 dlsprod sshd[25953]: Received disconnect from 221.194.47.233 port 33756:11: [preauth]
Aug 13 01:50:54 dlsprod sshd[25953]: Disconnected from 221.194.47.233 port 33756 [preauth]
Aug 13 01:50:54 dlsprod sshd[25953]: PAM 2 more authentication failures; logname= uid=0 euid=0 tty=ssh ruser= rhost=221.194.47.233 user=root
Aug 13 01:50:57 dlsprod sshd[25957]: pam_unix(sshd:auth): authentication failure; logname= uid=0 euid=0 tty=ssh ruser= rhost=221.194.47.233 user=root
Aug 13 01:50:57 dlsprod sshd[25955]: Failed password for root from 115.238.245.14 port 40805 ssh2
Aug 13 01:50:59 dlsprod sshd[25957]: Failed password for root from 221.194.47.233 port 41808 ssh2
Aug 13 01:51:00 dlsprod sshd[25955]: Failed password for root from 115.238.245.14 port 40805 ssh2
Aug 13 01:51:01 dlsprod sshd[25955]: Received disconnect from 115.238.245.14 port 40805:11: [preauth]
Aug 13 01:51:01 dlsprod sshd[25955]: Disconnected from 115.238.245.14 port 40805 [preauth]
Aug 13 01:51:01 dlsprod sshd[25955]: PAM 2 more authentication failures; logname= uid=0 euid=0 tty=ssh ruser= rhost=115.238.245.14 user=root
Aug 13 01:51:01 dlsprod sshd[25957]: Failed password for root from 221.194.47.233 port 41808 ssh2
Aug 13 01:51:04 dlsprod sshd[25957]: Failed password for root from 221.194.47.233 port 41808 ssh2
Aug 13 01:51:04 dlsprod sshd[25957]: Received disconnect from 221.194.47.233 port 41808:11: [preauth]
Aug 13 01:51:04 dlsprod sshd[25957]: Disconnected from 221.194.47.233 port 41808 [preauth]
Aug 13 01:51:04 dlsprod sshd[25957]: PAM 2 more authentication failures; logname= uid=0 euid=0 tty=ssh ruser= rhost=221.194.47.233 user=root
Aug 13 01:51:05 dlsprod sshd[25959]: pam_unix(sshd:auth): authentication failure; logname= uid=0 euid=0 tty=ssh ruser= rhost=115.238.245.14 user=root
Aug 13 01:51:07 dlsprod sshd[25959]: Failed password for root from 115.238.245.14 port 48343 ssh2
Aug 13 01:51:08 dlsprod sshd[25962]: pam_unix(sshd:auth): authentication failure; logname= uid=0 euid=0 tty=ssh ruser= rhost=221.194.47.233 user=root
Aug 13 01:51:09 dlsprod sshd[25962]: Failed password for root from 221.194.47.233 port 50834 ssh2
Aug 13 01:51:10 dlsprod sshd[25959]: Failed password for root from 115.238.245.14 port 48343 ssh2
Aug 13 01:51:12 dlsprod sshd[25962]: Failed password for root from 221.194.47.233 port 50834 ssh2
Aug 13 01:51:12 dlsprod sshd[25959]: Failed password for root from 115.238.245.14 port 48343 ssh2
Aug 13 01:51:13 dlsprod sshd[25959]: Received disconnect from 115.238.245.14 port 48343:11: [preauth]
Aug 13 01:51:13 dlsprod sshd[25959]: Disconnected from 115.238.245.14 port 48343 [preauth]
Aug 13 01:51:13 dlsprod sshd[25959]: PAM 2 more authentication failures; logname= uid=0 euid=0 tty=ssh ruser= rhost=115.238.245.14 user=root
Aug 13 01:51:15 dlsprod sshd[25962]: Failed password for root from 221.194.47.233 port 50834 ssh2
Aug 13 01:51:15 dlsprod sshd[25962]: Received disconnect from 221.194.47.233 port 50834:11: [preauth]
Aug 13 01:51:15 dlsprod sshd[25962]: Disconnected from 221.194.47.233 port 50834 [preauth]
Aug 13 01:51:15 dlsprod sshd[25962]: PAM 2 more authentication failures; logname= uid=0 euid=0 tty=ssh ruser= rhost=221.194.47.233 user=root
Aug 13 01:51:18 dlsprod sshd[25964]: pam_unix(sshd:auth): authentication failure; logname= uid=0 euid=0 tty=ssh ruser= rhost=115.238.245.14 user=root
Aug 13 01:51:19 dlsprod sshd[25966]: pam_unix(sshd:auth): authentication failure; logname= uid=0 euid=0 tty=ssh ruser= rhost=221.194.47.233 user=root
Aug 13 01:51:20 dlsprod sshd[25964]: Failed password for root from 115.238.245.14 port 54834 ssh2
Aug 13 01:51:22 dlsprod sshd[25966]: Failed password for root from 221.194.47.233 port 37762 ssh2
Aug 13 01:51:23 dlsprod sshd[25964]: Failed password for root from 115.238.245.14 port 54834 ssh2
Aug 13 01:51:24 dlsprod sshd[25966]: Failed password for root from 221.194.47.233 port 37762 ssh2
Aug 13 01:51:25 dlsprod sshd[25964]: Failed password for root from 115.238.245.14 port 54834 ssh2
Aug 13 01:51:26 dlsprod sshd[25964]: Received disconnect from 115.238.245.14 port 54834:11: [preauth]
Aug 13 01:51:26 dlsprod sshd[25964]: Disconnected from 115.238.245.14 port 54834 [preauth]
Aug 13 01:51:26 dlsprod sshd[25964]: PAM 2 more authentication failures; logname= uid=0 euid=0 tty=ssh ruser= rhost=115.238.245.14 user=root
Aug 13 01:51:27 dlsprod sshd[25966]: Failed password for root from 221.194.47.233 port 37762 ssh2
Aug 13 01:51:27 dlsprod sshd[25966]: Received disconnect from 221.194.47.233 port 37762:11: [preauth]
Aug 13 01:51:27 dlsprod sshd[25966]: Disconnected from 221.194.47.233 port 37762 [preauth]
Aug 13 01:51:27 dlsprod sshd[25966]: PAM 2 more authentication failures; logname= uid=0 euid=0 tty=ssh ruser= rhost=221.194.47.233 user=root
Aug 13 01:51:29 dlsprod sshd[25968]: pam_unix(sshd:auth): authentication failure; logname= uid=0 euid=0 tty=ssh ruser= rhost=115.238.245.14 user=root
Aug 13 01:51:29 dlsprod sshd[25970]: pam_unix(sshd:auth): authentication failure; logname= uid=0 euid=0 tty=ssh ruser= rhost=221.194.47.233 user=root
Aug 13 01:51:32 dlsprod sshd[25968]: Failed password for root from 115.238.245.14 port 36802 ssh2
Aug 13 01:51:32 dlsprod sshd[25970]: Failed password for root from 221.194.47.233 port 57502 ssh2
Aug 13 01:51:34 dlsprod sshd[25970]: Failed password for root from 221.194.47.233 port 57502 ssh2
Aug 13 01:51:34 dlsprod sshd[25968]: Failed password for root from 115.238.245.14 port 36802 ssh2
Aug 13 01:51:36 dlsprod sshd[25970]: Failed password for root from 221.194.47.233 port 57502 ssh2
Aug 13 01:51:36 dlsprod sshd[25970]: Received disconnect from 221.194.47.233 port 57502:11: [preauth]
Aug 13 01:51:36 dlsprod sshd[25970]: Disconnected from 221.194.47.233 port 57502 [preauth]
Aug 13 01:51:36 dlsprod sshd[25970]: PAM 2 more authentication failures; logname= uid=0 euid=0 tty=ssh ruser= rhost=221.194.47.233 user=root
Aug 13 01:51:36 dlsprod sshd[25968]: Failed password for root from 115.238.245.14 port 36802 ssh2
Aug 13 01:51:37 dlsprod sshd[25968]: Received disconnect from 115.238.245.14 port 36802:11: [preauth]
Aug 13 01:51:37 dlsprod sshd[25968]: Disconnected from 115.238.245.14 port 36802 [preauth]
Aug 13 01:51:37 dlsprod sshd[25968]: PAM 2 more authentication failures; logname= uid=0 euid=0 tty=ssh ruser= rhost=115.238.245.14 user=root
Aug 13 01:51:39 dlsprod sshd[25972]: pam_unix(sshd:auth): authentication failure; logname= uid=0 euid=0 tty=ssh ruser= rhost=221.194.47.233 user=root
Aug 13 01:51:40 dlsprod sshd[25972]: Failed password for root from 221.194.47.233 port 37895 ssh2
Aug 13 01:51:46 dlsprod sshd[25974]: pam_unix(sshd:auth): authentication failure; logname= uid=0 euid=0 tty=ssh ruser= rhost=115.238.245.14 user=root
Aug 13 01:51:48 dlsprod sshd[25974]: Failed password for root from 115.238.245.14 port 45151 ssh2
Aug 13 01:51:49 dlsprod sshd[25972]: Received disconnect from 221.194.47.233 port 37895:11: [preauth]
Aug 13 01:51:49 dlsprod sshd[25972]: Disconnected from 221.194.47.233 port 37895 [preauth]
Aug 13 01:51:51 dlsprod sshd[25974]: Failed password for root from 115.238.245.14 port 45151 ssh2
Aug 13 01:51:52 dlsprod sshd[25974]: Failed password for root from 115.238.245.14 port 45151 ssh2
Aug 13 01:51:53 dlsprod sshd[25976]: pam_unix(sshd:auth): authentication failure; logname= uid=0 euid=0 tty=ssh ruser= rhost=221.194.47.233 user=root
Aug 13 01:51:53 dlsprod sshd[25974]: Received disconnect from 115.238.245.14 port 45151:11: [preauth]
Aug 13 01:51:53 dlsprod sshd[25974]: Disconnected from 115.238.245.14 port 45151 [preauth]
Aug 13 01:51:53 dlsprod sshd[25974]: PAM 2 more authentication failures; logname= uid=0 euid=0 tty=ssh ruser= rhost=115.238.245.14 user=root
Aug 13 01:51:55 dlsprod sshd[25976]: Failed password for root from 221.194.47.233 port 58352 ssh2
Aug 13 01:51:58 dlsprod sshd[25976]: Failed password for root from 221.194.47.233 port 58352 ssh2
Aug 13 01:51:59 dlsprod sshd[25978]: pam_unix(sshd:auth): authentication failure; logname= uid=0 euid=0 tty=ssh ruser= rhost=115.238.245.14 user=root
Aug 13 01:52:01 dlsprod sshd[25978]: Failed password for root from 115.238.245.14 port 38906 ssh2
Aug 13 01:52:02 dlsprod sshd[25976]: Failed password for root from 221.194.47.233 port 58352 ssh2
Aug 13 01:52:02 dlsprod sshd[25907]: Received disconnect from 192.168.0.15 port 40218:11: disconnected by user
Aug 13 01:52:02 dlsprod sshd[25907]: Disconnected from 192.168.0.15 port 40218
Aug 13 01:52:02 dlsprod sshd[25907]: pam_unix(sshd:session): session closed for user root
Aug 13 01:52:02 dlsprod systemd-logind[928]: Removed session 552.
Aug 13 01:52:02 dlsprod systemd: pam_unix(systemd-user:session): session closed for user root
Aug 13 01:52:02 dlsprod sshd[25976]: Received disconnect from 221.194.47.233 port 58352:11: [preauth]
Aug 13 01:52:02 dlsprod sshd[25976]: Disconnected from 221.194.47.233 port 58352 [preauth]
Aug 13 01:52:02 dlsprod sshd[25976]: PAM 2 more authentication failures; logname= uid=0 euid=0 tty=ssh ruser= rhost=221.194.47.233 user=root
Aug 13 01:52:02 dlsprod sshd[25990]: Accepted publickey for root from 192.168.0.15 port 40219 ssh2: RSA SHA256:j8uICx2qh5OOwjD5yTwh4Qw4W/rgEtSmZCwQ+Pvq5+w
Aug 13 01:52:02 dlsprod sshd[25990]: pam_unix(sshd:session): session opened for user root by (uid=0)
Aug 13 01:52:02 dlsprod systemd: pam_unix(systemd-user:session): session opened for user root by (uid=0)
Aug 13 01:52:02 dlsprod systemd-logind[928]: New session 553 of user root.
Aug 13 01:52:03 dlsprod sshd[25978]: Failed password for root from 115.238.245.14 port 38906 ssh2
Aug 13 01:52:05 dlsprod sshd[26010]: pam_unix(sshd:auth): authentication failure; logname= uid=0 euid=0 tty=ssh ruser= rhost=221.194.47.233 user=root
Aug 13 01:52:07 dlsprod sshd[25978]: Failed password for root from 115.238.245.14 port 38906 ssh2
Aug 13 01:52:07 dlsprod sshd[25978]: Received disconnect from 115.238.245.14 port 38906:11: [preauth]
Aug 13 01:52:07 dlsprod sshd[25978]: Disconnected from 115.238.245.14 port 38906 [preauth]
Aug 13 01:52:07 dlsprod sshd[25978]: PAM 2 more authentication failures; logname= uid=0 euid=0 tty=ssh ruser= rhost=115.238.245.14 user=root
Aug 13 01:52:07 dlsprod sshd[26010]: Failed password for root from 221.194.47.233 port 59383 ssh2
Aug 13 01:52:10 dlsprod sshd[26010]: Failed password for root from 221.194.47.233 port 59383 ssh2
Aug 13 01:52:11 dlsprod sshd[26033]: pam_unix(sshd:auth): authentication failure; logname= uid=0 euid=0 tty=ssh ruser= rhost=115.238.245.14 user=root
Aug 13 01:52:13 dlsprod sshd[26010]: Failed password for root from 221.194.47.233 port 59383 ssh2
Aug 13 01:52:13 dlsprod sshd[26033]: Failed password for root from 115.238.245.14 port 50390 ssh2
Aug 13 01:52:13 dlsprod sshd[26010]: Received disconnect from 221.194.47.233 port 59383:11: [preauth]
Aug 13 01:52:13 dlsprod sshd[26010]: Disconnected from 221.194.47.233 port 59383 [preauth]
Aug 13 01:52:13 dlsprod sshd[26010]: PAM 2 more authentication failures; logname= uid=0 euid=0 tty=ssh ruser= rhost=221.194.47.233 user=root
Aug 13 01:52:15 dlsprod sshd[26033]: Failed password for root from 115.238.245.14 port 50390 ssh2
Aug 13 01:52:15 dlsprod sshd[26035]: pam_unix(sshd:auth): authentication failure; logname= uid=0 euid=0 tty=ssh ruser= rhost=221.194.47.233 user=root
Aug 13 01:52:17 dlsprod sshd[26035]: Failed password for root from 221.194.47.233 port 49705 ssh2
Aug 13 01:52:18 dlsprod sshd[26033]: Failed password for root from 115.238.245.14 port 50390 ssh2
Aug 13 01:52:19 dlsprod sshd[26033]: Received disconnect from 115.238.245.14 port 50390:11: [preauth]
Aug 13 01:52:19 dlsprod sshd[26033]: Disconnected from 115.238.245.14 port 50390 [preauth]
Aug 13 01:52:19 dlsprod sshd[26033]: PAM 2 more authentication failures; logname= uid=0 euid=0 tty=ssh ruser= rhost=115.238.245.14 user=root
Aug 13 01:52:20 dlsprod sshd[26035]: Failed password for root from 221.194.47.233 port 49705 ssh2
Aug 13 01:52:22 dlsprod sshd[26035]: Failed password for root from 221.194.47.233 port 49705 ssh2
Aug 13 01:52:23 dlsprod sshd[26035]: Received disconnect from 221.194.47.233 port 49705:11: [preauth]
Aug 13 01:52:23 dlsprod sshd[26035]: Disconnected from 221.194.47.233 port 49705 [preauth]
Aug 13 01:52:23 dlsprod sshd[26035]: PAM 2 more authentication failures; logname= uid=0 euid=0 tty=ssh ruser= rhost=221.194.47.233 user=root
Aug 13 01:52:24 dlsprod sshd[26037]: pam_unix(sshd:auth): authentication failure; logname= uid=0 euid=0 tty=ssh ruser= rhost=115.238.245.14 user=root
Aug 13 01:52:26 dlsprod sshd[26037]: Failed password for root from 115.238.245.14 port 37409 ssh2
Aug 13 01:52:31 dlsprod sshd[26037]: message repeated 2 times: [ Failed password for root from 115.238.245.14 port 37409 ssh2]
Aug 13 01:52:31 dlsprod sshd[26039]: pam_unix(sshd:auth): authentication failure; logname= uid=0 euid=0 tty=ssh ruser= rhost=221.194.47.233 user=root
Aug 13 01:52:32 dlsprod sshd[26037]: Received disconnect from 115.238.245.14 port 37409:11: [preauth]
Aug 13 01:52:32 dlsprod sshd[26037]: Disconnected from 115.238.245.14 port 37409 [preauth]
Aug 13 01:52:32 dlsprod sshd[26037]: PAM 2 more authentication failures; logname= uid=0 euid=0 tty=ssh ruser= rhost=115.238.245.14 user=root
Aug 13 01:52:33 dlsprod sshd[26039]: Failed password for root from 221.194.47.233 port 55095 ssh2
Aug 13 01:52:35 dlsprod sshd[26041]: pam_unix(sshd:auth): authentication failure; logname= uid=0 euid=0 tty=ssh ruser= rhost=115.238.245.14 user=root
Aug 13 01:52:35 dlsprod sshd[26039]: Failed password for root from 221.194.47.233 port 55095 ssh2
Aug 13 01:52:37 dlsprod sshd[26041]: Failed password for root from 115.238.245.14 port 45208 ssh2
Aug 13 01:52:37 dlsprod sshd[25990]: Received disconnect from 192.168.0.15 port 40219:11: disconnected by user
Aug 13 01:52:37 dlsprod sshd[25990]: Disconnected from 192.168.0.15 port 40219
Aug 13 01:52:37 dlsprod sshd[25990]: pam_unix(sshd:session): session closed for user root
Aug 13 01:52:37 dlsprod systemd-logind[928]: Removed session 553.
Aug 13 01:52:37 dlsprod systemd: pam_unix(systemd-user:session): session closed for user root
Aug 13 01:52:37 dlsprod sshd[26054]: Accepted publickey for root from 192.168.0.15 port 40220 ssh2: RSA SHA256:j8uICx2qh5OOwjD5yTwh4Qw4W/rgEtSmZCwQ+Pvq5+w
Aug 13 01:52:37 dlsprod sshd[26054]: pam_unix(sshd:session): session opened for user root by (uid=0)
Aug 13 01:52:37 dlsprod systemd: pam_unix(systemd-user:session): session opened for user root by (uid=0)
Aug 13 01:52:37 dlsprod systemd-logind[928]: New session 554 of user root.
Aug 13 01:52:38 dlsprod sshd[26039]: Failed password for root from 221.194.47.233 port 55095 ssh2
Aug 13 01:52:38 dlsprod sshd[26039]: Received disconnect from 221.194.47.233 port 55095:11: [preauth]
Aug 13 01:52:38 dlsprod sshd[26039]: Disconnected from 221.194.47.233 port 55095 [preauth]
Aug 13 01:52:38 dlsprod sshd[26039]: PAM 2 more authentication failures; logname= uid=0 euid=0 tty=ssh ruser= rhost=221.194.47.233 user=root
Aug 13 01:52:39 dlsprod sshd[26041]: Failed password for root from 115.238.245.14 port 45208 ssh2
Aug 13 01:52:41 dlsprod sshd[26095]: pam_unix(sshd:auth): authentication failure; logname= uid=0 euid=0 tty=ssh ruser= rhost=221.194.47.233 user=root
Aug 13 01:52:42 dlsprod sshd[26041]: Failed password for root from 115.238.245.14 port 45208 ssh2
Aug 13 01:52:42 dlsprod sshd[26041]: Received disconnect from 115.238.245.14 port 45208:11: [preauth]
Aug 13 01:52:42 dlsprod sshd[26041]: Disconnected from 115.238.245.14 port 45208 [preauth]
Aug 13 01:52:42 dlsprod sshd[26041]: PAM 2 more authentication failures; logname= uid=0 euid=0 tty=ssh ruser= rhost=115.238.245.14 user=root
Aug 13 01:52:42 dlsprod sshd[26054]: Received disconnect from 192.168.0.15 port 40220:11: disconnected by user
Aug 13 01:52:42 dlsprod sshd[26054]: Disconnected from 192.168.0.15 port 40220
Aug 13 01:52:42 dlsprod sshd[26054]: pam_unix(sshd:session): session closed for user root
Aug 13 01:52:42 dlsprod systemd-logind[928]: Removed session 554.
Aug 13 01:52:42 dlsprod systemd: pam_unix(systemd-user:session): session closed for user root
Aug 13 01:52:44 dlsprod sshd[26095]: Failed password for root from 221.194.47.233 port 39447 ssh2
Aug 13 01:52:48 dlsprod sshd[26095]: message repeated 2 times: [ Failed password for root from 221.194.47.233 port 39447 ssh2]
Aug 13 01:52:48 dlsprod sshd[26095]: Received disconnect from 221.194.47.233 port 39447:11: [preauth]
Aug 13 01:52:48 dlsprod sshd[26095]: Disconnected from 221.194.47.233 port 39447 [preauth]
Aug 13 01:52:48 dlsprod sshd[26095]: PAM 2 more authentication failures; logname= uid=0 euid=0 tty=ssh ruser= rhost=221.194.47.233 user=root
Aug 13 01:52:52 dlsprod sshd[26097]: pam_unix(sshd:auth): authentication failure; logname= uid=0 euid=0 tty=ssh ruser= rhost=115.238.245.14 user=root
Aug 13 01:52:54 dlsprod sshd[26097]: Failed password for root from 115.238.245.14 port 45919 ssh2
Aug 13 01:52:55 dlsprod sshd[26108]: pam_unix(sshd:auth): authentication failure; logname= uid=0 euid=0 tty=ssh ruser= rhost=221.194.47.233 user=root
Aug 13 01:52:57 dlsprod sshd[26097]: Failed password for root from 115.238.245.14 port 45919 ssh2
Aug 13 01:52:57 dlsprod sshd[26108]: Failed password for root from 221.194.47.233 port 48612 ssh2
Aug 13 01:52:59 dlsprod sshd[26097]: Failed password for root from 115.238.245.14 port 45919 ssh2
Aug 13 01:53:00 dlsprod sshd[26108]: Failed password for root from 221.194.47.233 port 48612 ssh2
Aug 13 01:53:00 dlsprod sshd[26097]: Received disconnect from 115.238.245.14 port 45919:11: [preauth]
Aug 13 01:53:00 dlsprod sshd[26097]: Disconnected from 115.238.245.14 port 45919 [preauth]
Aug 13 01:53:00 dlsprod sshd[26097]: PAM 2 more authentication failures; logname= uid=0 euid=0 tty=ssh ruser= rhost=115.238.245.14 user=root
Aug 13 01:53:02 dlsprod sshd[26108]: Failed password for root from 221.194.47.233 port 48612 ssh2
Aug 13 01:53:03 dlsprod sshd[26108]: Received disconnect from 221.194.47.233 port 48612:11: [preauth]
Aug 13 01:53:03 dlsprod sshd[26108]: Disconnected from 221.194.47.233 port 48612 [preauth]
Aug 13 01:53:03 dlsprod sshd[26108]: PAM 2 more authentication failures; logname= uid=0 euid=0 tty=ssh ruser= rhost=221.194.47.233 user=root
Aug 13 01:53:06 dlsprod sshd[26111]: pam_unix(sshd:auth): authentication failure; logname= uid=0 euid=0 tty=ssh ruser= rhost=115.238.245.14 user=root
Aug 13 01:53:08 dlsprod sshd[26111]: Failed password for root from 115.238.245.14 port 48732 ssh2
Aug 13 01:53:12 dlsprod sshd[26111]: message repeated 2 times: [ Failed password for root from 115.238.245.14 port 48732 ssh2]
Aug 13 01:53:13 dlsprod sshd[26111]: Received disconnect from 115.238.245.14 port 48732:11: [preauth]
Aug 13 01:53:13 dlsprod sshd[26111]: Disconnected from 115.238.245.14 port 48732 [preauth]
Aug 13 01:53:13 dlsprod sshd[26111]: PAM 2 more authentication failures; logname= uid=0 euid=0 tty=ssh ruser= rhost=115.238.245.14 user=root
Aug 13 01:53:13 dlsprod sshd[26113]: pam_unix(sshd:auth): authentication failure; logname= uid=0 euid=0 tty=ssh ruser= rhost=221.194.47.233 user=root
Aug 13 01:53:15 dlsprod sshd[26113]: Failed password for root from 221.194.47.233 port 53643 ssh2
Aug 13 01:53:16 dlsprod sshd[26115]: pam_unix(sshd:auth): authentication failure; logname= uid=0 euid=0 tty=ssh ruser= rhost=115.238.245.14 user=root
Aug 13 01:53:18 dlsprod sshd[26113]: Failed password for root from 221.194.47.233 port 53643 ssh2
Aug 13 01:53:18 dlsprod sshd[26115]: Failed password for root from 115.238.245.14 port 49635 ssh2
Aug 13 01:53:21 dlsprod sshd[26115]: Failed password for root from 115.238.245.14 port 49635 ssh2
Aug 13 01:53:21 dlsprod sshd[26113]: Failed password for root from 221.194.47.233 port 53643 ssh2
Aug 13 01:53:22 dlsprod sshd[26113]: Received disconnect from 221.194.47.233 port 53643:11: [preauth]
Aug 13 01:53:22 dlsprod sshd[26113]: Disconnected from 221.194.47.233 port 53643 [preauth]
Aug 13 01:53:22 dlsprod sshd[26113]: PAM 2 more authentication failures; logname= uid=0 euid=0 tty=ssh ruser= rhost=221.194.47.233 user=root
Aug 13 01:53:23 dlsprod sshd[26115]: Failed password for root from 115.238.245.14 port 49635 ssh2
Aug 13 01:53:26 dlsprod sshd[26117]: pam_unix(sshd:auth): authentication failure; logname= uid=0 euid=0 tty=ssh ruser= rhost=221.194.47.233 user=root
Aug 13 01:53:26 dlsprod sshd[26115]: Received disconnect from 115.238.245.14 port 49635:11: [preauth]
Aug 13 01:53:26 dlsprod sshd[26115]: Disconnected from 115.238.245.14 port 49635 [preauth]
Aug 13 01:53:26 dlsprod sshd[26115]: PAM 2 more authentication failures; logname= uid=0 euid=0 tty=ssh ruser= rhost=115.238.245.14 user=root
Aug 13 01:53:28 dlsprod sshd[26117]: Failed password for root from 221.194.47.233 port 54582 ssh2
Aug 13 01:53:30 dlsprod sshd[26119]: pam_unix(sshd:auth): authentication failure; logname= uid=0 euid=0 tty=ssh ruser= rhost=115.238.245.14 user=root
Aug 13 01:53:30 dlsprod sshd[26117]: Failed password for root from 221.194.47.233 port 54582 ssh2
Aug 13 01:53:32 dlsprod sshd[26119]: Failed password for root from 115.238.245.14 port 60076 ssh2
Aug 13 01:53:33 dlsprod sshd[26117]: Failed password for root from 221.194.47.233 port 54582 ssh2
Aug 13 01:53:34 dlsprod sshd[26119]: Failed password for root from 115.238.245.14 port 60076 ssh2
Aug 13 01:53:34 dlsprod sshd[26117]: Received disconnect from 221.194.47.233 port 54582:11: [preauth]
Aug 13 01:53:34 dlsprod sshd[26117]: Disconnected from 221.194.47.233 port 54582 [preauth]
Aug 13 01:53:34 dlsprod sshd[26117]: PAM 2 more authentication failures; logname= uid=0 euid=0 tty=ssh ruser= rhost=221.194.47.233 user=root
Aug 13 01:53:36 dlsprod sshd[26119]: Failed password for root from 115.238.245.14 port 60076 ssh2
Aug 13 01:53:36 dlsprod sshd[26119]: Received disconnect from 115.238.245.14 port 60076:11: [preauth]
Aug 13 01:53:36 dlsprod sshd[26119]: Disconnected from 115.238.245.14 port 60076 [preauth]
Aug 13 01:53:36 dlsprod sshd[26119]: PAM 2 more authentication failures; logname= uid=0 euid=0 tty=ssh ruser= rhost=115.238.245.14 user=root
Aug 13 01:53:39 dlsprod sshd[26123]: pam_unix(sshd:auth): authentication failure; logname= uid=0 euid=0 tty=ssh ruser= rhost=115.238.245.14 user=root
Aug 13 01:53:40 dlsprod sshd[26121]: pam_unix(sshd:auth): authentication failure; logname= uid=0 euid=0 tty=ssh ruser= rhost=221.194.47.233 user=root
Aug 13 01:53:41 dlsprod sshd[26123]: Failed password for root from 115.238.245.14 port 33048 ssh2
Aug 13 01:53:42 dlsprod sshd[26121]: Failed password for root from 221.194.47.233 port 48427 ssh2
Aug 13 01:53:43 dlsprod sshd[26123]: Failed password for root from 115.238.245.14 port 33048 ssh2
Aug 13 01:53:45 dlsprod sshd[26123]: Failed password for root from 115.238.245.14 port 33048 ssh2
Aug 13 01:53:46 dlsprod sshd[26123]: Received disconnect from 115.238.245.14 port 33048:11: [preauth]
Aug 13 01:53:46 dlsprod sshd[26123]: Disconnected from 115.238.245.14 port 33048 [preauth]
Aug 13 01:53:46 dlsprod sshd[26123]: PAM 2 more authentication failures; logname= uid=0 euid=0 tty=ssh ruser= rhost=115.238.245.14 user=root
Aug 13 01:53:46 dlsprod sshd[26121]: Failed password for root from 221.194.47.233 port 48427 ssh2
Aug 13 01:53:48 dlsprod sshd[26121]: Failed password for root from 221.194.47.233 port 48427 ssh2
Aug 13 01:53:48 dlsprod sshd[26121]: Received disconnect from 221.194.47.233 port 48427:11: [preauth]
Aug 13 01:53:48 dlsprod sshd[26121]: Disconnected from 221.194.47.233 port 48427 [preauth]
Aug 13 01:53:48 dlsprod sshd[26121]: PAM 2 more authentication failures; logname= uid=0 euid=0 tty=ssh ruser= rhost=221.194.47.233 user=root
Aug 13 01:53:51 dlsprod sshd[26125]: pam_unix(sshd:auth): authentication failure; logname= uid=0 euid=0 tty=ssh ruser= rhost=221.194.47.233 user=root
Aug 13 01:53:53 dlsprod sshd[26125]: Failed password for root from 221.194.47.233 port 51914 ssh2
Aug 13 01:53:55 dlsprod sshd[26125]: Failed password for root from 221.194.47.233 port 51914 ssh2
Aug 13 01:53:55 dlsprod sshd[26125]: Received disconnect from 221.194.47.233 port 51914:11: [preauth]
Aug 13 01:53:55 dlsprod sshd[26125]: Disconnected from 221.194.47.233 port 51914 [preauth]
Aug 13 01:53:55 dlsprod sshd[26125]: PAM 1 more authentication failure; logname= uid=0 euid=0 tty=ssh ruser= rhost=221.194.47.233 user=root
Aug 13 01:54:19 dlsprod sshd[26129]: pam_unix(sshd:auth): authentication failure; logname= uid=0 euid=0 tty=ssh ruser= rhost=221.194.47.233 user=root
Aug 13 01:54:21 dlsprod sshd[26129]: Failed password for root from 221.194.47.233 port 42905 ssh2
Aug 13 01:54:26 dlsprod sshd[26129]: message repeated 2 times: [ Failed password for root from 221.194.47.233 port 42905 ssh2]
Aug 13 01:54:26 dlsprod sshd[26129]: Received disconnect from 221.194.47.233 port 42905:11: [preauth]
Aug 13 01:54:26 dlsprod sshd[26129]: Disconnected from 221.194.47.233 port 42905 [preauth]
Aug 13 01:54:26 dlsprod sshd[26129]: PAM 2 more authentication failures; logname= uid=0 euid=0 tty=ssh ruser= rhost=221.194.47.233 user=root
Aug 13 01:54:35 dlsprod sshd[26131]: pam_unix(sshd:auth): authentication failure; logname= uid=0 euid=0 tty=ssh ruser= rhost=221.194.47.233 user=root
Aug 13 01:54:37 dlsprod sshd[26131]: Failed password for root from 221.194.47.233 port 59690 ssh2
Aug 13 01:54:42 dlsprod sshd[26131]: message repeated 2 times: [ Failed password for root from 221.194.47.233 port 59690 ssh2]
Aug 13 01:54:43 dlsprod sshd[26131]: Received disconnect from 221.194.47.233 port 59690:11: [preauth]
Aug 13 01:54:43 dlsprod sshd[26131]: Disconnected from 221.194.47.233 port 59690 [preauth]
Aug 13 01:54:43 dlsprod sshd[26131]: PAM 2 more authentication failures; logname= uid=0 euid=0 tty=ssh ruser= rhost=221.194.47.233 user=root
Aug 13 01:54:46 dlsprod sshd[26133]: pam_unix(sshd:auth): authentication failure; logname= uid=0 euid=0 tty=ssh ruser= rhost=221.194.47.233 user=root
Aug 13 01:54:48 dlsprod sshd[26133]: Failed password for root from 221.194.47.233 port 46255 ssh2
Aug 13 01:54:54 dlsprod sshd[26133]: message repeated 2 times: [ Failed password for root from 221.194.47.233 port 46255 ssh2]
Aug 13 01:54:54 dlsprod sshd[26133]: Received disconnect from 221.194.47.233 port 46255:11: [preauth]
Aug 13 01:54:54 dlsprod sshd[26133]: Disconnected from 221.194.47.233 port 46255 [preauth]
Aug 13 01:54:54 dlsprod sshd[26133]: PAM 2 more authentication failures; logname= uid=0 euid=0 tty=ssh ruser= rhost=221.194.47.233 user=root
Aug 13 01:54:57 dlsprod sshd[26135]: pam_unix(sshd:auth): authentication failure; logname= uid=0 euid=0 tty=ssh ruser= rhost=221.194.47.233 user=root
Aug 13 01:54:59 dlsprod sshd[26135]: Failed password for root from 221.194.47.233 port 37937 ssh2
Aug 13 01:55:01 dlsprod sshd[26135]: Failed password for root from 221.194.47.233 port 37937 ssh2
Aug 13 01:55:01 dlsprod CRON[26138]: pam_unix(cron:session): session opened for user root by (uid=0)
Aug 13 01:55:01 dlsprod CRON[26138]: pam_unix(cron:session): session closed for user root
Aug 13 01:55:03 dlsprod sshd[26141]: Invalid user workflow from 198.245.50.98
Aug 13 01:55:03 dlsprod sshd[26141]: input_userauth_request: invalid user workflow [preauth]
Aug 13 01:55:03 dlsprod sshd[26141]: pam_unix(sshd:auth): check pass; user unknown
Aug 13 01:55:03 dlsprod sshd[26141]: pam_unix(sshd:auth): authentication failure; logname= uid=0 euid=0 tty=ssh ruser= rhost=198.245.50.98
Aug 13 01:55:03 dlsprod sshd[26135]: Failed password for root from 221.194.47.233 port 37937 ssh2
Aug 13 01:55:04 dlsprod sshd[26135]: Received disconnect from 221.194.47.233 port 37937:11: [preauth]
Aug 13 01:55:04 dlsprod sshd[26135]: Disconnected from 221.194.47.233 port 37937 [preauth]
Aug 13 01:55:04 dlsprod sshd[26135]: PAM 2 more authentication failures; logname= uid=0 euid=0 tty=ssh ruser= rhost=221.194.47.233 user=root
Aug 13 01:55:05 dlsprod sshd[26141]: Failed password for invalid user workflow from 198.245.50.98 port 53006 ssh2
Aug 13 01:55:05 dlsprod sshd[26141]: Connection closed by 198.245.50.98 port 53006 [preauth]
Aug 13 01:55:06 dlsprod sshd[26143]: pam_unix(sshd:auth): authentication failure; logname= uid=0 euid=0 tty=ssh ruser= rhost=221.194.47.233 user=root
Aug 13 01:55:08 dlsprod sshd[26143]: Failed password for root from 221.194.47.233 port 48601 ssh2
Aug 13 01:55:12 dlsprod sshd[26143]: message repeated 2 times: [ Failed password for root from 221.194.47.233 port 48601 ssh2]
Aug 13 01:55:13 dlsprod sshd[26143]: Received disconnect from 221.194.47.233 port 48601:11: [preauth]
Aug 13 01:55:13 dlsprod sshd[26143]: Disconnected from 221.194.47.233 port 48601 [preauth]
Aug 13 01:55:13 dlsprod sshd[26143]: PAM 2 more authentication failures; logname= uid=0 euid=0 tty=ssh ruser= rhost=221.194.47.233 user=root
Aug 13 01:55:23 dlsprod sshd[26145]: pam_unix(sshd:auth): authentication failure; logname= uid=0 euid=0 tty=ssh ruser= rhost=221.194.47.233 user=root
Aug 13 01:55:25 dlsprod sshd[26145]: Failed password for root from 221.194.47.233 port 44890 ssh2
Aug 13 01:55:29 dlsprod sshd[26145]: message repeated 2 times: [ Failed password for root from 221.194.47.233 port 44890 ssh2]
Aug 13 01:55:30 dlsprod sshd[26145]: Received disconnect from 221.194.47.233 port 44890:11: [preauth]
Aug 13 01:55:30 dlsprod sshd[26145]: Disconnected from 221.194.47.233 port 44890 [preauth]
Aug 13 01:55:30 dlsprod sshd[26145]: PAM 2 more authentication failures; logname= uid=0 euid=0 tty=ssh ruser= rhost=221.194.47.233 user=root
Aug 13 01:55:38 dlsprod sshd[26147]: pam_unix(sshd:auth): authentication failure; logname= uid=0 euid=0 tty=ssh ruser= rhost=221.194.47.233 user=root
Aug 13 01:55:39 dlsprod sshd[26147]: Failed password for root from 221.194.47.233 port 54060 ssh2
Aug 13 01:55:44 dlsprod sshd[26147]: message repeated 2 times: [ Failed password for root from 221.194.47.233 port 54060 ssh2]
Aug 13 01:55:44 dlsprod sshd[26147]: Received disconnect from 221.194.47.233 port 54060:11: [preauth]
Aug 13 01:55:44 dlsprod sshd[26147]: Disconnected from 221.194.47.233 port 54060 [preauth]
Aug 13 01:55:44 dlsprod sshd[26147]: PAM 2 more authentication failures; logname= uid=0 euid=0 tty=ssh ruser= rhost=221.194.47.233 user=root
Aug 13 01:55:48 dlsprod sshd[26149]: pam_unix(sshd:auth): authentication failure; logname= uid=0 euid=0 tty=ssh ruser= rhost=221.194.47.233 user=root
Aug 13 01:55:49 dlsprod sshd[26149]: Failed password for root from 221.194.47.233 port 35732 ssh2
Aug 13 01:55:54 dlsprod sshd[26149]: message repeated 2 times: [ Failed password for root from 221.194.47.233 port 35732 ssh2]
Aug 13 01:55:57 dlsprod sshd[26149]: Received disconnect from 221.194.47.233 port 35732:11: [preauth]
Aug 13 01:55:57 dlsprod sshd[26149]: Disconnected from 221.194.47.233 port 35732 [preauth]
Aug 13 01:55:57 dlsprod sshd[26149]: PAM 2 more authentication failures; logname= uid=0 euid=0 tty=ssh ruser= rhost=221.194.47.233 user=root
Aug 13 01:56:10 dlsprod sshd[26152]: pam_unix(sshd:auth): authentication failure; logname= uid=0 euid=0 tty=ssh ruser= rhost=221.194.47.233 user=root
Aug 13 01:56:12 dlsprod sshd[26152]: Failed password for root from 221.194.47.233 port 48277 ssh2
Aug 13 01:56:16 dlsprod sshd[26152]: message repeated 2 times: [ Failed password for root from 221.194.47.233 port 48277 ssh2]
Aug 13 01:56:16 dlsprod sshd[26152]: Received disconnect from 221.194.47.233 port 48277:11: [preauth]
Aug 13 01:56:16 dlsprod sshd[26152]: Disconnected from 221.194.47.233 port 48277 [preauth]
Aug 13 01:56:16 dlsprod sshd[26152]: PAM 2 more authentication failures; logname= uid=0 euid=0 tty=ssh ruser= rhost=221.194.47.233 user=root
Aug 13 01:56:20 dlsprod sshd[26154]: pam_unix(sshd:auth): authentication failure; logname= uid=0 euid=0 tty=ssh ruser= rhost=221.194.47.233 user=root
Aug 13 01:56:22 dlsprod sshd[26154]: Failed password for root from 221.194.47.233 port 32783 ssh2
Aug 13 01:56:28 dlsprod sshd[26154]: message repeated 2 times: [ Failed password for root from 221.194.47.233 port 32783 ssh2]
Aug 13 01:56:28 dlsprod sshd[26154]: Received disconnect from 221.194.47.233 port 32783:11: [preauth]
Aug 13 01:56:28 dlsprod sshd[26154]: Disconnected from 221.194.47.233 port 32783 [preauth]
Aug 13 01:56:28 dlsprod sshd[26154]: PAM 2 more authentication failures; logname= uid=0 euid=0 tty=ssh ruser= rhost=221.194.47.233 user=root
Aug 13 01:56:30 dlsprod sshd[26156]: pam_unix(sshd:auth): authentication failure; logname= uid=0 euid=0 tty=ssh ruser= rhost=221.194.47.233 user=root
Aug 13 01:56:32 dlsprod sshd[26156]: Failed password for root from 221.194.47.233 port 53638 ssh2
Aug 13 01:56:37 dlsprod sshd[26156]: message repeated 2 times: [ Failed password for root from 221.194.47.233 port 53638 ssh2]
Aug 13 01:56:37 dlsprod sshd[26156]: Received disconnect from 221.194.47.233 port 53638:11: [preauth]
Aug 13 01:56:37 dlsprod sshd[26156]: Disconnected from 221.194.47.233 port 53638 [preauth]
Aug 13 01:56:37 dlsprod sshd[26156]: PAM 2 more authentication failures; logname= uid=0 euid=0 tty=ssh ruser= rhost=221.194.47.233 user=root
Aug 13 01:56:42 dlsprod sshd[26158]: pam_unix(sshd:auth): authentication failure; logname= uid=0 euid=0 tty=ssh ruser= rhost=221.194.47.233 user=root
Aug 13 01:56:44 dlsprod sshd[26158]: Failed password for root from 221.194.47.233 port 37075 ssh2
Aug 13 01:56:48 dlsprod sshd[26158]: message repeated 2 times: [ Failed password for root from 221.194.47.233 port 37075 ssh2]
Aug 13 01:56:48 dlsprod sshd[26158]: Received disconnect from 221.194.47.233 port 37075:11: [preauth]
Aug 13 01:56:48 dlsprod sshd[26158]: Disconnected from 221.194.47.233 port 37075 [preauth]
Aug 13 01:56:48 dlsprod sshd[26158]: PAM 2 more authentication failures; logname= uid=0 euid=0 tty=ssh ruser= rhost=221.194.47.233 user=root
Aug 13 01:56:51 dlsprod sshd[26160]: pam_unix(sshd:auth): authentication failure; logname= uid=0 euid=0 tty=ssh ruser= rhost=221.194.47.233 user=root
Aug 13 01:56:53 dlsprod sshd[26160]: Failed password for root from 221.194.47.233 port 48597 ssh2
Aug 13 01:56:58 dlsprod sshd[26160]: message repeated 2 times: [ Failed password for root from 221.194.47.233 port 48597 ssh2]
Aug 13 01:56:58 dlsprod sshd[26160]: Received disconnect from 221.194.47.233 port 48597:11: [preauth]
Aug 13 01:56:58 dlsprod sshd[26160]: Disconnected from 221.194.47.233 port 48597 [preauth]
Aug 13 01:56:58 dlsprod sshd[26160]: PAM 2 more authentication failures; logname= uid=0 euid=0 tty=ssh ruser= rhost=221.194.47.233 user=root
Aug 13 01:57:03 dlsprod sshd[26162]: pam_unix(sshd:auth): authentication failure; logname= uid=0 euid=0 tty=ssh ruser= rhost=221.194.47.233 user=root
Aug 13 01:57:05 dlsprod sshd[26162]: Failed password for root from 221.194.47.233 port 55095 ssh2
Aug 13 01:57:10 dlsprod sshd[26162]: message repeated 2 times: [ Failed password for root from 221.194.47.233 port 55095 ssh2]
Aug 13 01:57:10 dlsprod sshd[26162]: Received disconnect from 221.194.47.233 port 55095:11: [preauth]
Aug 13 01:57:10 dlsprod sshd[26162]: Disconnected from 221.194.47.233 port 55095 [preauth]
Aug 13 01:57:10 dlsprod sshd[26162]: PAM 2 more authentication failures; logname= uid=0 euid=0 tty=ssh ruser= rhost=221.194.47.233 user=root
Aug 13 01:57:14 dlsprod sshd[26165]: pam_unix(sshd:auth): authentication failure; logname= uid=0 euid=0 tty=ssh ruser= rhost=221.194.47.233 user=root
Aug 13 01:57:15 dlsprod sshd[26165]: Failed password for root from 221.194.47.233 port 44283 ssh2
Aug 13 01:57:21 dlsprod sshd[26165]: message repeated 2 times: [ Failed password for root from 221.194.47.233 port 44283 ssh2]
Aug 13 01:57:21 dlsprod sshd[26165]: Received disconnect from 221.194.47.233 port 44283:11: [preauth]
Aug 13 01:57:21 dlsprod sshd[26165]: Disconnected from 221.194.47.233 port 44283 [preauth]
Aug 13 01:57:21 dlsprod sshd[26165]: PAM 2 more authentication failures; logname= uid=0 euid=0 tty=ssh ruser= rhost=221.194.47.233 user=root
Aug 13 01:57:25 dlsprod sshd[26167]: pam_unix(sshd:auth): authentication failure; logname= uid=0 euid=0 tty=ssh ruser= rhost=221.194.47.233 user=root
Aug 13 01:57:27 dlsprod sshd[26167]: Failed password for root from 221.194.47.233 port 53013 ssh2
Aug 13 01:57:33 dlsprod sshd[26167]: message repeated 2 times: [ Failed password for root from 221.194.47.233 port 53013 ssh2]
Aug 13 01:57:33 dlsprod sshd[26167]: Received disconnect from 221.194.47.233 port 53013:11: [preauth]
Aug 13 01:57:33 dlsprod sshd[26167]: Disconnected from 221.194.47.233 port 53013 [preauth]
Aug 13 01:57:33 dlsprod sshd[26167]: PAM 2 more authentication failures; logname= uid=0 euid=0 tty=ssh ruser= rhost=221.194.47.233 user=root
Aug 13 01:57:36 dlsprod sshd[26169]: pam_unix(sshd:auth): authentication failure; logname= uid=0 euid=0 tty=ssh ruser= rhost=221.194.47.233 user=root
Aug 13 01:57:39 dlsprod sshd[26169]: Failed password for root from 221.194.47.233 port 37967 ssh2
Aug 13 01:57:46 dlsprod sshd[26169]: message repeated 2 times: [ Failed password for root from 221.194.47.233 port 37967 ssh2]
Aug 13 01:57:46 dlsprod sshd[26169]: Received disconnect from 221.194.47.233 port 37967:11: [preauth]
Aug 13 01:57:46 dlsprod sshd[26169]: Disconnected from 221.194.47.233 port 37967 [preauth]
Aug 13 01:57:46 dlsprod sshd[26169]: PAM 2 more authentication failures; logname= uid=0 euid=0 tty=ssh ruser= rhost=221.194.47.233 user=root
Aug 13 02:00:27 dlsprod sshd[26188]: Invalid user anna from 188.167.160.166
Aug 13 02:00:27 dlsprod sshd[26188]: input_userauth_request: invalid user anna [preauth]
Aug 13 02:00:27 dlsprod sshd[26188]: pam_unix(sshd:auth): check pass; user unknown
Aug 13 02:00:27 dlsprod sshd[26188]: pam_unix(sshd:auth): authentication failure; logname= uid=0 euid=0 tty=ssh ruser= rhost=188.167.160.166
Aug 13 02:00:29 dlsprod sshd[26188]: Failed password for invalid user anna from 188.167.160.166 port 57206 ssh2
Aug 13 02:00:29 dlsprod sshd[26188]: Connection closed by 188.167.160.166 port 57206 [preauth]
Aug 13 02:01:05 dlsprod sshd[26192]: Invalid user guest from 184.181.118.130
Aug 13 02:01:05 dlsprod sshd[26192]: input_userauth_request: invalid user guest [preauth]
Aug 13 02:01:05 dlsprod sshd[26192]: pam_unix(sshd:auth): check pass; user unknown
Aug 13 02:01:05 dlsprod sshd[26192]: pam_unix(sshd:auth): authentication failure; logname= uid=0 euid=0 tty=ssh ruser= rhost=184.181.118.130
Aug 13 02:01:07 dlsprod sshd[26192]: Failed password for invalid user guest from 184.181.118.130 port 35532 ssh2
Aug 13 02:01:07 dlsprod sshd[26192]: Connection closed by 184.181.118.130 port 35532 [preauth]
Aug 13 02:02:34 dlsprod sshd[26200]: pam_unix(sshd:auth): authentication failure; logname= uid=0 euid=0 tty=ssh ruser= rhost=221.194.44.232 user=root
Aug 13 02:02:36 dlsprod sshd[26200]: Failed password for root from 221.194.44.232 port 56192 ssh2
Aug 13 02:02:42 dlsprod sshd[26200]: message repeated 2 times: [ Failed password for root from 221.194.44.232 port 56192 ssh2]
Aug 13 02:02:43 dlsprod sshd[26200]: Received disconnect from 221.194.44.232 port 56192:11: [preauth]
Aug 13 02:02:43 dlsprod sshd[26200]: Disconnected from 221.194.44.232 port 56192 [preauth]
Aug 13 02:02:43 dlsprod sshd[26200]: PAM 2 more authentication failures; logname= uid=0 euid=0 tty=ssh ruser= rhost=221.194.44.232 user=root
Aug 13 02:02:46 dlsprod sshd[26202]: pam_unix(sshd:auth): authentication failure; logname= uid=0 euid=0 tty=ssh ruser= rhost=221.194.44.232 user=root
Aug 13 02:02:48 dlsprod sshd[26202]: Failed password for root from 221.194.44.232 port 58552 ssh2
Aug 13 02:02:51 dlsprod sshd[26202]: Failed password for root from 221.194.44.232 port 58552 ssh2
Aug 13 02:02:52 dlsprod sshd[26204]: Invalid user bitnami from 163.178.170.17
Aug 13 02:02:52 dlsprod sshd[26204]: input_userauth_request: invalid user bitnami [preauth]
Aug 13 02:02:52 dlsprod sshd[26204]: pam_unix(sshd:auth): check pass; user unknown
Aug 13 02:02:52 dlsprod sshd[26204]: pam_unix(sshd:auth): authentication failure; logname= uid=0 euid=0 tty=ssh ruser= rhost=163.178.170.17
Aug 13 02:02:54 dlsprod sshd[26202]: Failed password for root from 221.194.44.232 port 58552 ssh2
Aug 13 02:02:54 dlsprod sshd[26202]: Received disconnect from 221.194.44.232 port 58552:11: [preauth]
Aug 13 02:02:54 dlsprod sshd[26202]: Disconnected from 221.194.44.232 port 58552 [preauth]
Aug 13 02:02:54 dlsprod sshd[26202]: PAM 2 more authentication failures; logname= uid=0 euid=0 tty=ssh ruser= rhost=221.194.44.232 user=root
Aug 13 02:02:54 dlsprod sshd[26204]: Failed password for invalid user bitnami from 163.178.170.17 port 48592 ssh2
Aug 13 02:02:54 dlsprod sshd[26204]: Connection closed by 163.178.170.17 port 48592 [preauth]
Aug 13 02:02:58 dlsprod sshd[26206]: pam_unix(sshd:auth): authentication failure; logname= uid=0 euid=0 tty=ssh ruser= rhost=221.194.44.232 user=root
Aug 13 02:03:00 dlsprod sshd[26206]: Failed password for root from 221.194.44.232 port 49063 ssh2
Aug 13 02:03:05 dlsprod sshd[26206]: message repeated 2 times: [ Failed password for root from 221.194.44.232 port 49063 ssh2]
Aug 13 02:03:06 dlsprod sshd[26206]: Received disconnect from 221.194.44.232 port 49063:11: [preauth]
Aug 13 02:03:06 dlsprod sshd[26206]: Disconnected from 221.194.44.232 port 49063 [preauth]
Aug 13 02:03:06 dlsprod sshd[26206]: PAM 2 more authentication failures; logname= uid=0 euid=0 tty=ssh ruser= rhost=221.194.44.232 user=root
Aug 13 02:03:10 dlsprod sshd[26209]: Invalid user gambam from 190.144.14.170
Aug 13 02:03:10 dlsprod sshd[26209]: input_userauth_request: invalid user gambam [preauth]
Aug 13 02:03:10 dlsprod sshd[26209]: pam_unix(sshd:auth): check pass; user unknown
Aug 13 02:03:10 dlsprod sshd[26209]: pam_unix(sshd:auth): authentication failure; logname= uid=0 euid=0 tty=ssh ruser= rhost=190.144.14.170
Aug 13 02:03:12 dlsprod sshd[26209]: Failed password for invalid user gambam from 190.144.14.170 port 40344 ssh2
Aug 13 02:03:12 dlsprod sshd[26209]: Received disconnect from 190.144.14.170 port 40344:11: Normal Shutdown, Thank you for playing [preauth]
Aug 13 02:03:12 dlsprod sshd[26209]: Disconnected from 190.144.14.170 port 40344 [preauth]
Aug 13 02:03:13 dlsprod sshd[26211]: pam_unix(sshd:auth): authentication failure; logname= uid=0 euid=0 tty=ssh ruser= rhost=221.194.44.232 user=root
Aug 13 02:03:15 dlsprod sshd[26211]: Failed password for root from 221.194.44.232 port 34543 ssh2
Aug 13 02:03:20 dlsprod sshd[26211]: message repeated 2 times: [ Failed password for root from 221.194.44.232 port 34543 ssh2]
Aug 13 02:03:20 dlsprod sshd[26211]: Received disconnect from 221.194.44.232 port 34543:11: [preauth]
Aug 13 02:03:20 dlsprod sshd[26211]: Disconnected from 221.194.44.232 port 34543 [preauth]
Aug 13 02:03:20 dlsprod sshd[26211]: PAM 2 more authentication failures; logname= uid=0 euid=0 tty=ssh ruser= rhost=221.194.44.232 user=root
Aug 13 02:05:01 dlsprod CRON[26214]: pam_unix(cron:session): session opened for user root by (uid=0)
Aug 13 02:05:01 dlsprod CRON[26214]: pam_unix(cron:session): session closed for user root
Aug 13 02:09:01 dlsprod CRON[26222]: pam_unix(cron:session): session opened for user root by (uid=0)
Aug 13 02:09:01 dlsprod CRON[26222]: pam_unix(cron:session): session closed for user root
Aug 13 02:13:06 dlsprod sshd[26270]: Invalid user frappe from 139.199.188.19
Aug 13 02:13:06 dlsprod sshd[26270]: input_userauth_request: invalid user frappe [preauth]
Aug 13 02:13:06 dlsprod sshd[26270]: pam_unix(sshd:auth): check pass; user unknown
Aug 13 02:13:06 dlsprod sshd[26270]: pam_unix(sshd:auth): authentication failure; logname= uid=0 euid=0 tty=ssh ruser= rhost=139.199.188.19
Aug 13 02:13:07 dlsprod sshd[26270]: Failed password for invalid user frappe from 139.199.188.19 port 58082 ssh2
Aug 13 02:13:07 dlsprod sshd[26270]: Received disconnect from 139.199.188.19 port 58082:11: Normal Shutdown, Thank you for playing [preauth]
Aug 13 02:13:07 dlsprod sshd[26270]: Disconnected from 139.199.188.19 port 58082 [preauth]
Aug 13 02:15:01 dlsprod CRON[26275]: pam_unix(cron:session): session opened for user root by (uid=0)
Aug 13 02:15:01 dlsprod CRON[26275]: pam_unix(cron:session): session closed for user root
Aug 13 02:15:42 dlsprod sshd[26279]: Did not receive identification string from 178.209.71.59
Aug 13 02:15:43 dlsprod sshd[26280]: fatal: Unable to negotiate with 178.209.71.59 port 54306: no matching cipher found. Their offer: aes128-cbc,3des-cbc,aes256-cbc,aes192-cbc [preauth]
Aug 13 02:17:01 dlsprod CRON[26286]: pam_unix(cron:session): session opened for user root by (uid=0)
Aug 13 02:17:01 dlsprod CRON[26286]: pam_unix(cron:session): session closed for user root
Aug 13 02:18:34 dlsprod sshd[26291]: Connection closed by 190.15.211.78 port 55110 [preauth]
Aug 13 02:21:40 dlsprod sshd[26298]: Invalid user jimmy from 188.167.160.166
Aug 13 02:21:40 dlsprod sshd[26298]: input_userauth_request: invalid user jimmy [preauth]
Aug 13 02:21:40 dlsprod sshd[26298]: pam_unix(sshd:auth): check pass; user unknown
Aug 13 02:21:40 dlsprod sshd[26298]: pam_unix(sshd:auth): authentication failure; logname= uid=0 euid=0 tty=ssh ruser= rhost=188.167.160.166
Aug 13 02:21:42 dlsprod sshd[26298]: Failed password for invalid user jimmy from 188.167.160.166 port 53726 ssh2
Aug 13 02:21:42 dlsprod sshd[26298]: Connection closed by 188.167.160.166 port 53726 [preauth]
Aug 13 02:22:35 dlsprod sshd[26301]: Invalid user test1 from 91.121.147.228
Aug 13 02:22:35 dlsprod sshd[26301]: input_userauth_request: invalid user test1 [preauth]
Aug 13 02:22:35 dlsprod sshd[26301]: pam_unix(sshd:auth): check pass; user unknown
Aug 13 02:22:35 dlsprod sshd[26301]: pam_unix(sshd:auth): authentication failure; logname= uid=0 euid=0 tty=ssh ruser= rhost=91.121.147.228
Aug 13 02:22:37 dlsprod sshd[26303]: Invalid user test1 from 91.121.147.228
Aug 13 02:22:37 dlsprod sshd[26303]: input_userauth_request: invalid user test1 [preauth]
Aug 13 02:22:37 dlsprod sshd[26303]: pam_unix(sshd:auth): check pass; user unknown
Aug 13 02:22:37 dlsprod sshd[26303]: pam_unix(sshd:auth): authentication failure; logname= uid=0 euid=0 tty=ssh ruser= rhost=91.121.147.228
Aug 13 02:22:37 dlsprod sshd[26301]: Failed password for invalid user test1 from 91.121.147.228 port 42300 ssh2
Aug 13 02:22:37 dlsprod sshd[26301]: Connection closed by 91.121.147.228 port 42300 [preauth]
Aug 13 02:22:39 dlsprod sshd[26303]: Failed password for invalid user test1 from 91.121.147.228 port 42354 ssh2
Aug 13 02:22:39 dlsprod sshd[26303]: Connection closed by 91.121.147.228 port 42354 [preauth]
Aug 13 02:25:01 dlsprod CRON[26307]: pam_unix(cron:session): session opened for user root by (uid=0)
Aug 13 02:25:01 dlsprod CRON[26307]: pam_unix(cron:session): session closed for user root
Aug 13 02:30:01 dlsprod CRON[26317]: pam_unix(cron:session): session opened for user root by (uid=0)
Aug 13 02:30:02 dlsprod CRON[26317]: pam_unix(cron:session): session closed for user root
Aug 13 02:33:01 dlsprod CRON[26329]: pam_unix(cron:session): session opened for user crufo by (uid=0)
Aug 13 02:33:08 dlsprod CRON[26329]: pam_unix(cron:session): session closed for user crufo
Aug 13 02:35:01 dlsprod CRON[26337]: pam_unix(cron:session): session opened for user root by (uid=0)
Aug 13 02:35:01 dlsprod CRON[26337]: pam_unix(cron:session): session closed for user root
Aug 13 02:39:01 dlsprod CRON[26344]: pam_unix(cron:session): session opened for user root by (uid=0)
Aug 13 02:39:01 dlsprod CRON[26344]: pam_unix(cron:session): session closed for user root
Aug 13 02:40:34 dlsprod sshd[26390]: Connection closed by 139.99.157.78 port 53770 [preauth]
Aug 13 02:42:57 dlsprod sshd[26395]: Invalid user git from 188.167.160.166
Aug 13 02:42:57 dlsprod sshd[26395]: input_userauth_request: invalid user git [preauth]
Aug 13 02:42:57 dlsprod sshd[26395]: pam_unix(sshd:auth): check pass; user unknown
Aug 13 02:42:57 dlsprod sshd[26395]: pam_unix(sshd:auth): authentication failure; logname= uid=0 euid=0 tty=ssh ruser= rhost=188.167.160.166
Aug 13 02:42:59 dlsprod sshd[26395]: Failed password for invalid user git from 188.167.160.166 port 50540 ssh2
Aug 13 02:42:59 dlsprod sshd[26395]: Connection closed by 188.167.160.166 port 50540 [preauth]
Aug 13 02:45:01 dlsprod CRON[26399]: pam_unix(cron:session): session opened for user root by (uid=0)
Aug 13 02:45:01 dlsprod CRON[26399]: pam_unix(cron:session): session closed for user root
Aug 13 02:46:52 dlsprod sshd[26407]: Invalid user ark from 163.178.170.17
Aug 13 02:46:52 dlsprod sshd[26407]: input_userauth_request: invalid user ark [preauth]
Aug 13 02:46:52 dlsprod sshd[26407]: pam_unix(sshd:auth): check pass; user unknown
Aug 13 02:46:52 dlsprod sshd[26407]: pam_unix(sshd:auth): authentication failure; logname= uid=0 euid=0 tty=ssh ruser= rhost=163.178.170.17
Aug 13 02:46:54 dlsprod sshd[26407]: Failed password for invalid user ark from 163.178.170.17 port 42120 ssh2
Aug 13 02:46:54 dlsprod sshd[26407]: Connection closed by 163.178.170.17 port 42120 [preauth]
Aug 13 02:51:42 dlsprod sshd[26428]: Connection closed by 193.248.206.81 port 34418 [preauth]
Aug 13 02:52:26 dlsprod sshd[26432]: pam_unix(sshd:auth): authentication failure; logname= uid=0 euid=0 tty=ssh ruser= rhost=121.18.238.123 user=root
Aug 13 02:52:28 dlsprod sshd[26432]: Failed password for root from 121.18.238.123 port 34907 ssh2
Aug 13 02:52:33 dlsprod sshd[26432]: message repeated 2 times: [ Failed password for root from 121.18.238.123 port 34907 ssh2]
Aug 13 02:52:33 dlsprod sshd[26432]: Received disconnect from 121.18.238.123 port 34907:11: [preauth]
Aug 13 02:52:33 dlsprod sshd[26432]: Disconnected from 121.18.238.123 port 34907 [preauth]
Aug 13 02:52:33 dlsprod sshd[26432]: PAM 2 more authentication failures; logname= uid=0 euid=0 tty=ssh ruser= rhost=121.18.238.123 user=root
Aug 13 02:52:37 dlsprod sshd[26434]: pam_unix(sshd:auth): authentication failure; logname= uid=0 euid=0 tty=ssh ruser= rhost=121.18.238.123 user=root
