Aug 12 10:25:56 dlsprod sshd[18715]: PAM 2 more authentication failures; logname= uid=0 euid=0 tty=ssh ruser= rhost=119.249.54.217 user=root
Aug 12 10:25:57 dlsprod sshd[18717]: Connection closed by 115.238.245.4 port 53797 [preauth]
Aug 12 10:26:00 dlsprod sshd[18720]: pam_unix(sshd:auth): authentication failure; logname= uid=0 euid=0 tty=ssh ruser= rhost=119.249.54.217 user=root
Aug 12 10:26:02 dlsprod sshd[18720]: Failed password for root from 119.249.54.217 port 36089 ssh2
Aug 12 10:26:06 dlsprod sshd[18720]: message repeated 2 times: [ Failed password for root from 119.249.54.217 port 36089 ssh2]
Aug 12 10:26:14 dlsprod sshd[18720]: Received disconnect from 119.249.54.217 port 36089:11: [preauth]
Aug 12 10:26:14 dlsprod sshd[18720]: Disconnected from 119.249.54.217 port 36089 [preauth]
Aug 12 10:26:14 dlsprod sshd[18720]: PAM 2 more authentication failures; logname= uid=0 euid=0 tty=ssh ruser= rhost=119.249.54.217 user=root
Aug 12 10:26:16 dlsprod sshd[18722]: pam_unix(sshd:auth): authentication failure; logname= uid=0 euid=0 tty=ssh ruser= rhost=119.249.54.217 user=root
Aug 12 10:26:18 dlsprod sshd[18722]: Failed password for root from 119.249.54.217 port 43688 ssh2
Aug 12 10:26:23 dlsprod sshd[18722]: message repeated 2 times: [ Failed password for root from 119.249.54.217 port 43688 ssh2]
Aug 12 10:26:31 dlsprod sshd[18722]: Received disconnect from 119.249.54.217 port 43688:11: [preauth]
Aug 12 10:26:31 dlsprod sshd[18722]: Disconnected from 119.249.54.217 port 43688 [preauth]
Aug 12 10:26:31 dlsprod sshd[18722]: PAM 2 more authentication failures; logname= uid=0 euid=0 tty=ssh ruser= rhost=119.249.54.217 user=root
Aug 12 10:26:33 dlsprod sshd[18725]: pam_unix(sshd:auth): authentication failure; logname= uid=0 euid=0 tty=ssh ruser= rhost=119.249.54.217 user=root
Aug 12 10:26:36 dlsprod sshd[18725]: Failed password for root from 119.249.54.217 port 44027 ssh2
Aug 12 10:26:43 dlsprod sshd[18725]: Received disconnect from 119.249.54.217 port 44027:11: [preauth]
Aug 12 10:26:43 dlsprod sshd[18725]: Disconnected from 119.249.54.217 port 44027 [preauth]
Aug 12 10:26:48 dlsprod sshd[18727]: pam_unix(sshd:auth): authentication failure; logname= uid=0 euid=0 tty=ssh ruser= rhost=119.249.54.217 user=root
Aug 12 10:26:49 dlsprod sshd[18727]: Failed password for root from 119.249.54.217 port 56095 ssh2
Aug 12 10:26:51 dlsprod sshd[18727]: Failed password for root from 119.249.54.217 port 56095 ssh2
Aug 12 10:26:59 dlsprod sshd[18727]: Received disconnect from 119.249.54.217 port 56095:11: [preauth]
Aug 12 10:26:59 dlsprod sshd[18727]: Disconnected from 119.249.54.217 port 56095 [preauth]
Aug 12 10:26:59 dlsprod sshd[18727]: PAM 1 more authentication failure; logname= uid=0 euid=0 tty=ssh ruser= rhost=119.249.54.217 user=root
Aug 12 10:27:02 dlsprod sshd[18729]: pam_unix(sshd:auth): authentication failure; logname= uid=0 euid=0 tty=ssh ruser= rhost=119.249.54.217 user=root
Aug 12 10:27:04 dlsprod sshd[18729]: Failed password for root from 119.249.54.217 port 54268 ssh2
Aug 12 10:27:07 dlsprod sshd[18729]: Failed password for root from 119.249.54.217 port 54268 ssh2
Aug 12 10:27:15 dlsprod sshd[18729]: Received disconnect from 119.249.54.217 port 54268:11: [preauth]
Aug 12 10:27:15 dlsprod sshd[18729]: Disconnected from 119.249.54.217 port 54268 [preauth]
Aug 12 10:27:15 dlsprod sshd[18729]: PAM 1 more authentication failure; logname= uid=0 euid=0 tty=ssh ruser= rhost=119.249.54.217 user=root
Aug 12 10:27:17 dlsprod sshd[18731]: pam_unix(sshd:auth): authentication failure; logname= uid=0 euid=0 tty=ssh ruser= rhost=119.249.54.217 user=root
Aug 12 10:27:19 dlsprod sshd[18731]: Failed password for root from 119.249.54.217 port 53883 ssh2
Aug 12 10:27:23 dlsprod sshd[18731]: Failed password for root from 119.249.54.217 port 53883 ssh2
Aug 12 10:27:31 dlsprod sshd[18731]: Received disconnect from 119.249.54.217 port 53883:11: [preauth]
Aug 12 10:27:31 dlsprod sshd[18731]: Disconnected from 119.249.54.217 port 53883 [preauth]
Aug 12 10:27:31 dlsprod sshd[18731]: PAM 1 more authentication failure; logname= uid=0 euid=0 tty=ssh ruser= rhost=119.249.54.217 user=root
Aug 12 10:27:32 dlsprod sshd[18734]: pam_unix(sshd:auth): authentication failure; logname= uid=0 euid=0 tty=ssh ruser= rhost=221.194.47.236 user=root
Aug 12 10:27:34 dlsprod sshd[18734]: Failed password for root from 221.194.47.236 port 40952 ssh2
Aug 12 10:27:36 dlsprod sshd[18736]: pam_unix(sshd:auth): authentication failure; logname= uid=0 euid=0 tty=ssh ruser= rhost=119.249.54.217 user=root
Aug 12 10:27:38 dlsprod sshd[18734]: Failed password for root from 221.194.47.236 port 40952 ssh2
Aug 12 10:27:38 dlsprod sshd[18736]: Failed password for root from 119.249.54.217 port 57251 ssh2
Aug 12 10:27:41 dlsprod sshd[18734]: Failed password for root from 221.194.47.236 port 40952 ssh2
Aug 12 10:27:41 dlsprod sshd[18736]: Failed password for root from 119.249.54.217 port 57251 ssh2
Aug 12 10:27:43 dlsprod sshd[18734]: Received disconnect from 221.194.47.236 port 40952:11: [preauth]
Aug 12 10:27:43 dlsprod sshd[18734]: Disconnected from 221.194.47.236 port 40952 [preauth]
Aug 12 10:27:43 dlsprod sshd[18734]: PAM 2 more authentication failures; logname= uid=0 euid=0 tty=ssh ruser= rhost=221.194.47.236 user=root
Aug 12 10:27:47 dlsprod sshd[18738]: pam_unix(sshd:auth): authentication failure; logname= uid=0 euid=0 tty=ssh ruser= rhost=221.194.47.236 user=root
Aug 12 10:27:49 dlsprod sshd[18736]: Received disconnect from 119.249.54.217 port 57251:11: [preauth]
Aug 12 10:27:49 dlsprod sshd[18736]: Disconnected from 119.249.54.217 port 57251 [preauth]
Aug 12 10:27:49 dlsprod sshd[18736]: PAM 1 more authentication failure; logname= uid=0 euid=0 tty=ssh ruser= rhost=119.249.54.217 user=root
Aug 12 10:27:50 dlsprod sshd[18738]: Failed password for root from 221.194.47.236 port 40298 ssh2
Aug 12 10:27:53 dlsprod sshd[18738]: Failed password for root from 221.194.47.236 port 40298 ssh2
Aug 12 10:27:55 dlsprod sshd[18740]: pam_unix(sshd:auth): authentication failure; logname= uid=0 euid=0 tty=ssh ruser= rhost=119.249.54.217 user=root
Aug 12 10:27:56 dlsprod sshd[18738]: Failed password for root from 221.194.47.236 port 40298 ssh2
Aug 12 10:27:56 dlsprod sshd[18738]: Received disconnect from 221.194.47.236 port 40298:11: [preauth]
Aug 12 10:27:56 dlsprod sshd[18738]: Disconnected from 221.194.47.236 port 40298 [preauth]
Aug 12 10:27:56 dlsprod sshd[18738]: PAM 2 more authentication failures; logname= uid=0 euid=0 tty=ssh ruser= rhost=221.194.47.236 user=root
Aug 12 10:27:57 dlsprod sshd[18740]: Failed password for root from 119.249.54.217 port 40375 ssh2
Aug 12 10:27:59 dlsprod sshd[18744]: pam_unix(sshd:auth): authentication failure; logname= uid=0 euid=0 tty=ssh ruser= rhost=221.194.47.236 user=root
Aug 12 10:27:59 dlsprod sshd[18742]: pam_unix(sshd:auth): authentication failure; logname= uid=0 euid=0 tty=ssh ruser= rhost=115.238.245.8 user=root
Aug 12 10:28:01 dlsprod sshd[18744]: Failed password for root from 221.194.47.236 port 36976 ssh2
Aug 12 10:28:02 dlsprod sshd[18742]: Failed password for root from 115.238.245.8 port 51829 ssh2
Aug 12 10:28:04 dlsprod sshd[18742]: Failed password for root from 115.238.245.8 port 51829 ssh2
Aug 12 10:28:04 dlsprod sshd[18744]: Failed password for root from 221.194.47.236 port 36976 ssh2
Aug 12 10:28:05 dlsprod sshd[18740]: Received disconnect from 119.249.54.217 port 40375:11: [preauth]
Aug 12 10:28:05 dlsprod sshd[18740]: Disconnected from 119.249.54.217 port 40375 [preauth]
Aug 12 10:28:06 dlsprod sshd[18742]: Failed password for root from 115.238.245.8 port 51829 ssh2
Aug 12 10:28:07 dlsprod sshd[18742]: Received disconnect from 115.238.245.8 port 51829:11: [preauth]
Aug 12 10:28:07 dlsprod sshd[18742]: Disconnected from 115.238.245.8 port 51829 [preauth]
Aug 12 10:28:07 dlsprod sshd[18742]: PAM 2 more authentication failures; logname= uid=0 euid=0 tty=ssh ruser= rhost=115.238.245.8 user=root
Aug 12 10:28:08 dlsprod sshd[18744]: Failed password for root from 221.194.47.236 port 36976 ssh2
Aug 12 10:28:08 dlsprod sshd[18744]: Received disconnect from 221.194.47.236 port 36976:11: [preauth]
Aug 12 10:28:08 dlsprod sshd[18744]: Disconnected from 221.194.47.236 port 36976 [preauth]
Aug 12 10:28:08 dlsprod sshd[18744]: PAM 2 more authentication failures; logname= uid=0 euid=0 tty=ssh ruser= rhost=221.194.47.236 user=root
Aug 12 10:28:11 dlsprod sshd[18748]: pam_unix(sshd:auth): authentication failure; logname= uid=0 euid=0 tty=ssh ruser= rhost=115.238.245.8 user=root
Aug 12 10:28:11 dlsprod sshd[18750]: pam_unix(sshd:auth): authentication failure; logname= uid=0 euid=0 tty=ssh ruser= rhost=221.194.47.236 user=root
Aug 12 10:28:13 dlsprod sshd[18748]: Failed password for root from 115.238.245.8 port 54454 ssh2
Aug 12 10:28:14 dlsprod sshd[18750]: Failed password for root from 221.194.47.236 port 59099 ssh2
Aug 12 10:28:16 dlsprod sshd[18750]: Failed password for root from 221.194.47.236 port 59099 ssh2
Aug 12 10:28:17 dlsprod sshd[18748]: Failed password for root from 115.238.245.8 port 54454 ssh2
Aug 12 10:28:18 dlsprod sshd[18750]: Failed password for root from 221.194.47.236 port 59099 ssh2
Aug 12 10:28:19 dlsprod sshd[18750]: Received disconnect from 221.194.47.236 port 59099:11: [preauth]
Aug 12 10:28:19 dlsprod sshd[18750]: Disconnected from 221.194.47.236 port 59099 [preauth]
Aug 12 10:28:19 dlsprod sshd[18750]: PAM 2 more authentication failures; logname= uid=0 euid=0 tty=ssh ruser= rhost=221.194.47.236 user=root
Aug 12 10:28:23 dlsprod sshd[18746]: Received disconnect from 119.249.54.217 port 42773:11: [preauth]
Aug 12 10:28:23 dlsprod sshd[18746]: Disconnected from 119.249.54.217 port 42773 [preauth]
Aug 12 10:28:23 dlsprod sshd[18753]: pam_unix(sshd:auth): authentication failure; logname= uid=0 euid=0 tty=ssh ruser= rhost=221.194.47.236 user=root
Aug 12 10:28:24 dlsprod sshd[18748]: Received disconnect from 115.238.245.8 port 54454:11: [preauth]
Aug 12 10:28:24 dlsprod sshd[18748]: Disconnected from 115.238.245.8 port 54454 [preauth]
Aug 12 10:28:24 dlsprod sshd[18748]: PAM 1 more authentication failure; logname= uid=0 euid=0 tty=ssh ruser= rhost=115.238.245.8 user=root
Aug 12 10:28:26 dlsprod sshd[18753]: Failed password for root from 221.194.47.236 port 45557 ssh2
Aug 12 10:28:31 dlsprod sshd[18753]: message repeated 2 times: [ Failed password for root from 221.194.47.236 port 45557 ssh2]
Aug 12 10:28:31 dlsprod sshd[18753]: Received disconnect from 221.194.47.236 port 45557:11: [preauth]
Aug 12 10:28:31 dlsprod sshd[18753]: Disconnected from 221.194.47.236 port 45557 [preauth]
Aug 12 10:28:31 dlsprod sshd[18753]: PAM 2 more authentication failures; logname= uid=0 euid=0 tty=ssh ruser= rhost=221.194.47.236 user=root
Aug 12 10:28:32 dlsprod sshd[18755]: pam_unix(sshd:auth): authentication failure; logname= uid=0 euid=0 tty=ssh ruser= rhost=115.238.245.8 user=root
Aug 12 10:28:34 dlsprod sshd[18755]: Failed password for root from 115.238.245.8 port 36797 ssh2
Aug 12 10:28:34 dlsprod sshd[18757]: pam_unix(sshd:auth): authentication failure; logname= uid=0 euid=0 tty=ssh ruser= rhost=221.194.47.236 user=root
Aug 12 10:28:36 dlsprod sshd[18757]: Failed password for root from 221.194.47.236 port 35965 ssh2
Aug 12 10:28:36 dlsprod sshd[18755]: Failed password for root from 115.238.245.8 port 36797 ssh2
Aug 12 10:28:39 dlsprod sshd[18757]: Failed password for root from 221.194.47.236 port 35965 ssh2
Aug 12 10:28:39 dlsprod sshd[18755]: Failed password for root from 115.238.245.8 port 36797 ssh2
Aug 12 10:28:41 dlsprod sshd[18757]: Failed password for root from 221.194.47.236 port 35965 ssh2
Aug 12 10:28:42 dlsprod sshd[18757]: Received disconnect from 221.194.47.236 port 35965:11: [preauth]
Aug 12 10:28:42 dlsprod sshd[18757]: Disconnected from 221.194.47.236 port 35965 [preauth]
Aug 12 10:28:42 dlsprod sshd[18757]: PAM 2 more authentication failures; logname= uid=0 euid=0 tty=ssh ruser= rhost=221.194.47.236 user=root
Aug 12 10:28:47 dlsprod sshd[18755]: Received disconnect from 115.238.245.8 port 36797:11: [preauth]
Aug 12 10:28:47 dlsprod sshd[18755]: Disconnected from 115.238.245.8 port 36797 [preauth]
Aug 12 10:28:47 dlsprod sshd[18755]: PAM 2 more authentication failures; logname= uid=0 euid=0 tty=ssh ruser= rhost=115.238.245.8 user=root
Aug 12 10:28:47 dlsprod sshd[18759]: pam_unix(sshd:auth): authentication failure; logname= uid=0 euid=0 tty=ssh ruser= rhost=221.194.47.236 user=root
Aug 12 10:28:50 dlsprod sshd[18759]: Failed password for root from 221.194.47.236 port 51025 ssh2
Aug 12 10:28:50 dlsprod sshd[18761]: pam_unix(sshd:auth): authentication failure; logname= uid=0 euid=0 tty=ssh ruser= rhost=115.238.245.8 user=root
Aug 12 10:28:52 dlsprod sshd[18759]: Failed password for root from 221.194.47.236 port 51025 ssh2
Aug 12 10:28:52 dlsprod sshd[18761]: Failed password for root from 115.238.245.8 port 39170 ssh2
Aug 12 10:28:54 dlsprod sshd[18759]: Failed password for root from 221.194.47.236 port 51025 ssh2
Aug 12 10:28:54 dlsprod sshd[18761]: Failed password for root from 115.238.245.8 port 39170 ssh2
Aug 12 10:28:55 dlsprod sshd[18759]: Received disconnect from 221.194.47.236 port 51025:11: [preauth]
Aug 12 10:28:55 dlsprod sshd[18759]: Disconnected from 221.194.47.236 port 51025 [preauth]
Aug 12 10:28:55 dlsprod sshd[18759]: PAM 2 more authentication failures; logname= uid=0 euid=0 tty=ssh ruser= rhost=221.194.47.236 user=root
Aug 12 10:28:56 dlsprod sshd[18761]: Failed password for root from 115.238.245.8 port 39170 ssh2
Aug 12 10:28:57 dlsprod sshd[18761]: Received disconnect from 115.238.245.8 port 39170:11: [preauth]
Aug 12 10:28:57 dlsprod sshd[18761]: Disconnected from 115.238.245.8 port 39170 [preauth]
Aug 12 10:28:57 dlsprod sshd[18761]: PAM 2 more authentication failures; logname= uid=0 euid=0 tty=ssh ruser= rhost=115.238.245.8 user=root
Aug 12 10:28:59 dlsprod sshd[18763]: pam_unix(sshd:auth): authentication failure; logname= uid=0 euid=0 tty=ssh ruser= rhost=221.194.47.236 user=root
Aug 12 10:29:02 dlsprod sshd[18763]: Failed password for root from 221.194.47.236 port 42578 ssh2
Aug 12 10:29:02 dlsprod sshd[18765]: pam_unix(sshd:auth): authentication failure; logname= uid=0 euid=0 tty=ssh ruser= rhost=115.238.245.8 user=root
Aug 12 10:29:03 dlsprod sshd[18765]: Failed password for root from 115.238.245.8 port 50186 ssh2
Aug 12 10:29:03 dlsprod sshd[18763]: Failed password for root from 221.194.47.236 port 42578 ssh2
Aug 12 10:29:03 dlsprod sshd[18765]: Received disconnect from 115.238.245.8 port 50186:11: [preauth]
Aug 12 10:29:03 dlsprod sshd[18765]: Disconnected from 115.238.245.8 port 50186 [preauth]
Aug 12 10:29:06 dlsprod sshd[18763]: Failed password for root from 221.194.47.236 port 42578 ssh2
Aug 12 10:29:07 dlsprod sshd[18763]: Received disconnect from 221.194.47.236 port 42578:11: [preauth]
Aug 12 10:29:07 dlsprod sshd[18763]: Disconnected from 221.194.47.236 port 42578 [preauth]
Aug 12 10:29:07 dlsprod sshd[18763]: PAM 2 more authentication failures; logname= uid=0 euid=0 tty=ssh ruser= rhost=221.194.47.236 user=root
Aug 12 10:29:15 dlsprod sshd[18767]: pam_unix(sshd:auth): authentication failure; logname= uid=0 euid=0 tty=ssh ruser= rhost=221.194.47.236 user=root
Aug 12 10:29:17 dlsprod sshd[18767]: Failed password for root from 221.194.47.236 port 43760 ssh2
Aug 12 10:29:22 dlsprod sshd[18767]: message repeated 2 times: [ Failed password for root from 221.194.47.236 port 43760 ssh2]
Aug 12 10:29:22 dlsprod sshd[18767]: Received disconnect from 221.194.47.236 port 43760:11: [preauth]
Aug 12 10:29:22 dlsprod sshd[18767]: Disconnected from 221.194.47.236 port 43760 [preauth]
Aug 12 10:29:22 dlsprod sshd[18767]: PAM 2 more authentication failures; logname= uid=0 euid=0 tty=ssh ruser= rhost=221.194.47.236 user=root
Aug 12 10:29:25 dlsprod sshd[18772]: pam_unix(sshd:auth): authentication failure; logname= uid=0 euid=0 tty=ssh ruser= rhost=221.194.47.236 user=root
Aug 12 10:29:27 dlsprod sshd[18772]: Failed password for root from 221.194.47.236 port 34138 ssh2
Aug 12 10:29:33 dlsprod sshd[18772]: message repeated 2 times: [ Failed password for root from 221.194.47.236 port 34138 ssh2]
Aug 12 10:29:33 dlsprod sshd[18770]: Received disconnect from 115.238.245.8 port 54835:11: [preauth]
Aug 12 10:29:33 dlsprod sshd[18770]: Disconnected from 115.238.245.8 port 54835 [preauth]
Aug 12 10:29:33 dlsprod sshd[18772]: Received disconnect from 221.194.47.236 port 34138:11: [preauth]
Aug 12 10:29:33 dlsprod sshd[18772]: Disconnected from 221.194.47.236 port 34138 [preauth]
Aug 12 10:29:33 dlsprod sshd[18772]: PAM 2 more authentication failures; logname= uid=0 euid=0 tty=ssh ruser= rhost=221.194.47.236 user=root
Aug 12 10:29:40 dlsprod sshd[18774]: pam_unix(sshd:auth): authentication failure; logname= uid=0 euid=0 tty=ssh ruser= rhost=221.194.47.236 user=root
Aug 12 10:29:42 dlsprod sshd[18774]: Failed password for root from 221.194.47.236 port 57075 ssh2
Aug 12 10:29:47 dlsprod sshd[18774]: message repeated 2 times: [ Failed password for root from 221.194.47.236 port 57075 ssh2]
Aug 12 10:29:47 dlsprod sshd[18774]: Received disconnect from 221.194.47.236 port 57075:11: [preauth]
Aug 12 10:29:47 dlsprod sshd[18774]: Disconnected from 221.194.47.236 port 57075 [preauth]
Aug 12 10:29:47 dlsprod sshd[18774]: PAM 2 more authentication failures; logname= uid=0 euid=0 tty=ssh ruser= rhost=221.194.47.236 user=root
Aug 12 10:29:49 dlsprod sshd[18776]: pam_unix(sshd:auth): authentication failure; logname= uid=0 euid=0 tty=ssh ruser= rhost=221.194.47.236 user=root
Aug 12 10:29:51 dlsprod sshd[18776]: Failed password for root from 221.194.47.236 port 34840 ssh2
Aug 12 10:29:56 dlsprod sshd[18776]: message repeated 2 times: [ Failed password for root from 221.194.47.236 port 34840 ssh2]
Aug 12 10:29:57 dlsprod sshd[18776]: Received disconnect from 221.194.47.236 port 34840:11: [preauth]
Aug 12 10:29:57 dlsprod sshd[18776]: Disconnected from 221.194.47.236 port 34840 [preauth]
Aug 12 10:29:57 dlsprod sshd[18776]: PAM 2 more authentication failures; logname= uid=0 euid=0 tty=ssh ruser= rhost=221.194.47.236 user=root
Aug 12 10:29:59 dlsprod sshd[18778]: pam_unix(sshd:auth): authentication failure; logname= uid=0 euid=0 tty=ssh ruser= rhost=221.194.47.236 user=root
Aug 12 10:30:01 dlsprod sshd[18778]: Failed password for root from 221.194.47.236 port 46255 ssh2
Aug 12 10:30:06 dlsprod sshd[18778]: message repeated 2 times: [ Failed password for root from 221.194.47.236 port 46255 ssh2]
Aug 12 10:30:06 dlsprod sshd[18778]: Received disconnect from 221.194.47.236 port 46255:11: [preauth]
Aug 12 10:30:06 dlsprod sshd[18778]: Disconnected from 221.194.47.236 port 46255 [preauth]
Aug 12 10:30:06 dlsprod sshd[18778]: PAM 2 more authentication failures; logname= uid=0 euid=0 tty=ssh ruser= rhost=221.194.47.236 user=root
Aug 12 10:30:10 dlsprod sshd[18780]: pam_unix(sshd:auth): authentication failure; logname= uid=0 euid=0 tty=ssh ruser= rhost=221.194.47.236 user=root
Aug 12 10:30:12 dlsprod sshd[18780]: Failed password for root from 221.194.47.236 port 56799 ssh2
Aug 12 10:30:19 dlsprod sshd[18780]: message repeated 2 times: [ Failed password for root from 221.194.47.236 port 56799 ssh2]
Aug 12 10:30:20 dlsprod sshd[18780]: Received disconnect from 221.194.47.236 port 56799:11: [preauth]
Aug 12 10:30:20 dlsprod sshd[18780]: Disconnected from 221.194.47.236 port 56799 [preauth]
Aug 12 10:30:20 dlsprod sshd[18780]: PAM 2 more authentication failures; logname= uid=0 euid=0 tty=ssh ruser= rhost=221.194.47.236 user=root
Aug 12 10:30:33 dlsprod sshd[18783]: pam_unix(sshd:auth): authentication failure; logname= uid=0 euid=0 tty=ssh ruser= rhost=221.194.47.236 user=root
Aug 12 10:30:35 dlsprod sshd[18783]: Failed password for root from 221.194.47.236 port 51737 ssh2
Aug 12 10:30:40 dlsprod sshd[18783]: message repeated 2 times: [ Failed password for root from 221.194.47.236 port 51737 ssh2]
Aug 12 10:30:40 dlsprod sshd[18783]: Received disconnect from 221.194.47.236 port 51737:11: [preauth]
Aug 12 10:30:40 dlsprod sshd[18783]: Disconnected from 221.194.47.236 port 51737 [preauth]
Aug 12 10:30:40 dlsprod sshd[18783]: PAM 2 more authentication failures; logname= uid=0 euid=0 tty=ssh ruser= rhost=221.194.47.236 user=root
Aug 12 10:33:01 dlsprod CRON[18795]: pam_unix(cron:session): session opened for user crufo by (uid=0)
Aug 12 10:33:08 dlsprod CRON[18795]: pam_unix(cron:session): session closed for user crufo
Aug 12 10:35:01 dlsprod CRON[18802]: pam_unix(cron:session): session opened for user root by (uid=0)
Aug 12 10:35:01 dlsprod CRON[18802]: pam_unix(cron:session): session closed for user root
Aug 12 10:35:24 dlsprod sshd[18805]: pam_unix(sshd:auth): authentication failure; logname= uid=0 euid=0 tty=ssh ruser= rhost=122.226.181.167 user=root
Aug 12 10:35:27 dlsprod sshd[18805]: Failed password for root from 122.226.181.167 port 37000 ssh2
Aug 12 10:35:39 dlsprod sshd[18805]: message repeated 2 times: [ Failed password for root from 122.226.181.167 port 37000 ssh2]
Aug 12 10:35:39 dlsprod sshd[18805]: Received disconnect from 122.226.181.167 port 37000:11: [preauth]
Aug 12 10:35:39 dlsprod sshd[18805]: Disconnected from 122.226.181.167 port 37000 [preauth]
Aug 12 10:35:39 dlsprod sshd[18805]: PAM 2 more authentication failures; logname= uid=0 euid=0 tty=ssh ruser= rhost=122.226.181.167 user=root
Aug 12 10:35:48 dlsprod sshd[18810]: pam_unix(sshd:auth): authentication failure; logname= uid=0 euid=0 tty=ssh ruser= rhost=221.194.47.205 user=root
Aug 12 10:35:50 dlsprod sshd[18810]: Failed password for root from 221.194.47.205 port 57794 ssh2
Aug 12 10:35:51 dlsprod sshd[18808]: pam_unix(sshd:auth): authentication failure; logname= uid=0 euid=0 tty=ssh ruser= rhost=122.226.181.167 user=root
Aug 12 10:35:53 dlsprod sshd[18808]: Failed password for root from 122.226.181.167 port 53294 ssh2
Aug 12 10:35:53 dlsprod sshd[18810]: Failed password for root from 221.194.47.205 port 57794 ssh2
Aug 12 10:35:55 dlsprod sshd[18808]: Failed password for root from 122.226.181.167 port 53294 ssh2
Aug 12 10:35:55 dlsprod sshd[18810]: Failed password for root from 221.194.47.205 port 57794 ssh2
Aug 12 10:35:55 dlsprod sshd[18810]: Received disconnect from 221.194.47.205 port 57794:11: [preauth]
Aug 12 10:35:55 dlsprod sshd[18810]: Disconnected from 221.194.47.205 port 57794 [preauth]
Aug 12 10:35:55 dlsprod sshd[18810]: PAM 2 more authentication failures; logname= uid=0 euid=0 tty=ssh ruser= rhost=221.194.47.205 user=root
Aug 12 10:35:57 dlsprod sshd[18808]: Failed password for root from 122.226.181.167 port 53294 ssh2
Aug 12 10:35:58 dlsprod sshd[18808]: Received disconnect from 122.226.181.167 port 53294:11: [preauth]
Aug 12 10:35:58 dlsprod sshd[18808]: Disconnected from 122.226.181.167 port 53294 [preauth]
Aug 12 10:35:58 dlsprod sshd[18808]: PAM 2 more authentication failures; logname= uid=0 euid=0 tty=ssh ruser= rhost=122.226.181.167 user=root
Aug 12 10:36:00 dlsprod sshd[18812]: pam_unix(sshd:auth): authentication failure; logname= uid=0 euid=0 tty=ssh ruser= rhost=122.226.181.167 user=root
Aug 12 10:36:03 dlsprod sshd[18812]: Failed password for root from 122.226.181.167 port 35678 ssh2
Aug 12 10:36:07 dlsprod sshd[18812]: message repeated 2 times: [ Failed password for root from 122.226.181.167 port 35678 ssh2]
Aug 12 10:36:07 dlsprod sshd[18812]: Received disconnect from 122.226.181.167 port 35678:11: [preauth]
Aug 12 10:36:07 dlsprod sshd[18812]: Disconnected from 122.226.181.167 port 35678 [preauth]
Aug 12 10:36:07 dlsprod sshd[18812]: PAM 2 more authentication failures; logname= uid=0 euid=0 tty=ssh ruser= rhost=122.226.181.167 user=root
Aug 12 10:36:09 dlsprod sshd[18814]: pam_unix(sshd:auth): authentication failure; logname= uid=0 euid=0 tty=ssh ruser= rhost=221.194.47.205 user=root
Aug 12 10:36:10 dlsprod sshd[18816]: pam_unix(sshd:auth): authentication failure; logname= uid=0 euid=0 tty=ssh ruser= rhost=122.226.181.167 user=root
Aug 12 10:36:11 dlsprod sshd[18814]: Failed password for root from 221.194.47.205 port 56330 ssh2
Aug 12 10:36:13 dlsprod sshd[18816]: Failed password for root from 122.226.181.167 port 41402 ssh2
Aug 12 10:36:14 dlsprod sshd[18814]: Failed password for root from 221.194.47.205 port 56330 ssh2
Aug 12 10:36:14 dlsprod sshd[18816]: Failed password for root from 122.226.181.167 port 41402 ssh2
Aug 12 10:36:16 dlsprod sshd[18814]: Failed password for root from 221.194.47.205 port 56330 ssh2
Aug 12 10:36:17 dlsprod sshd[18814]: Received disconnect from 221.194.47.205 port 56330:11: [preauth]
Aug 12 10:36:17 dlsprod sshd[18814]: Disconnected from 221.194.47.205 port 56330 [preauth]
Aug 12 10:36:17 dlsprod sshd[18814]: PAM 2 more authentication failures; logname= uid=0 euid=0 tty=ssh ruser= rhost=221.194.47.205 user=root
Aug 12 10:36:17 dlsprod sshd[18816]: Failed password for root from 122.226.181.167 port 41402 ssh2
Aug 12 10:36:17 dlsprod sshd[18816]: Received disconnect from 122.226.181.167 port 41402:11: [preauth]
Aug 12 10:36:17 dlsprod sshd[18816]: Disconnected from 122.226.181.167 port 41402 [preauth]
Aug 12 10:36:17 dlsprod sshd[18816]: PAM 2 more authentication failures; logname= uid=0 euid=0 tty=ssh ruser= rhost=122.226.181.167 user=root
Aug 12 10:36:19 dlsprod sshd[18820]: pam_unix(sshd:auth): authentication failure; logname= uid=0 euid=0 tty=ssh ruser= rhost=122.226.181.167 user=root
Aug 12 10:36:20 dlsprod sshd[18818]: pam_unix(sshd:auth): authentication failure; logname= uid=0 euid=0 tty=ssh ruser= rhost=221.194.47.205 user=root
Aug 12 10:36:21 dlsprod sshd[18820]: Failed password for root from 122.226.181.167 port 44636 ssh2
Aug 12 10:36:22 dlsprod sshd[18818]: Failed password for root from 221.194.47.205 port 36740 ssh2
Aug 12 10:36:23 dlsprod sshd[18820]: Failed password for root from 122.226.181.167 port 44636 ssh2
Aug 12 10:36:25 dlsprod sshd[18818]: Failed password for root from 221.194.47.205 port 36740 ssh2
Aug 12 10:36:25 dlsprod sshd[18820]: Failed password for root from 122.226.181.167 port 44636 ssh2
Aug 12 10:36:26 dlsprod sshd[18820]: Received disconnect from 122.226.181.167 port 44636:11: [preauth]
Aug 12 10:36:26 dlsprod sshd[18820]: Disconnected from 122.226.181.167 port 44636 [preauth]
Aug 12 10:36:26 dlsprod sshd[18820]: PAM 2 more authentication failures; logname= uid=0 euid=0 tty=ssh ruser= rhost=122.226.181.167 user=root
Aug 12 10:36:26 dlsprod sshd[18818]: Failed password for root from 221.194.47.205 port 36740 ssh2
Aug 12 10:36:27 dlsprod sshd[18818]: Received disconnect from 221.194.47.205 port 36740:11: [preauth]
Aug 12 10:36:27 dlsprod sshd[18818]: Disconnected from 221.194.47.205 port 36740 [preauth]
Aug 12 10:36:27 dlsprod sshd[18818]: PAM 2 more authentication failures; logname= uid=0 euid=0 tty=ssh ruser= rhost=221.194.47.205 user=root
Aug 12 10:36:30 dlsprod sshd[18824]: pam_unix(sshd:auth): authentication failure; logname= uid=0 euid=0 tty=ssh ruser= rhost=122.226.181.167 user=root
Aug 12 10:36:32 dlsprod sshd[18824]: Failed password for root from 122.226.181.167 port 46000 ssh2
Aug 12 10:36:36 dlsprod sshd[18826]: pam_unix(sshd:auth): authentication failure; logname= uid=0 euid=0 tty=ssh ruser= rhost=221.194.47.205 user=root
Aug 12 10:36:36 dlsprod sshd[18828]: Invalid user admin from 219.65.65.195
Aug 12 10:36:36 dlsprod sshd[18828]: input_userauth_request: invalid user admin [preauth]
Aug 12 10:36:36 dlsprod sshd[18828]: pam_unix(sshd:auth): check pass; user unknown
Aug 12 10:36:36 dlsprod sshd[18828]: pam_unix(sshd:auth): authentication failure; logname= uid=0 euid=0 tty=ssh ruser= rhost=219.65.65.195
Aug 12 10:36:36 dlsprod sshd[18824]: Failed password for root from 122.226.181.167 port 46000 ssh2
Aug 12 10:36:38 dlsprod sshd[18826]: Failed password for root from 221.194.47.205 port 36094 ssh2
Aug 12 10:36:38 dlsprod sshd[18824]: Failed password for root from 122.226.181.167 port 46000 ssh2
Aug 12 10:36:39 dlsprod sshd[18828]: Failed password for invalid user admin from 219.65.65.195 port 60382 ssh2
Aug 12 10:36:39 dlsprod sshd[18824]: Received disconnect from 122.226.181.167 port 46000:11: [preauth]
Aug 12 10:36:39 dlsprod sshd[18824]: Disconnected from 122.226.181.167 port 46000 [preauth]
Aug 12 10:36:39 dlsprod sshd[18824]: PAM 2 more authentication failures; logname= uid=0 euid=0 tty=ssh ruser= rhost=122.226.181.167 user=root
Aug 12 10:36:39 dlsprod sshd[18828]: Connection closed by 219.65.65.195 port 60382 [preauth]
Aug 12 10:36:41 dlsprod sshd[18826]: Failed password for root from 221.194.47.205 port 36094 ssh2
Aug 12 10:36:44 dlsprod sshd[18826]: Failed password for root from 221.194.47.205 port 36094 ssh2
Aug 12 10:36:45 dlsprod sshd[18826]: Received disconnect from 221.194.47.205 port 36094:11: [preauth]
Aug 12 10:36:45 dlsprod sshd[18826]: Disconnected from 221.194.47.205 port 36094 [preauth]
Aug 12 10:36:45 dlsprod sshd[18826]: PAM 2 more authentication failures; logname= uid=0 euid=0 tty=ssh ruser= rhost=221.194.47.205 user=root
Aug 12 10:36:45 dlsprod sshd[18830]: pam_unix(sshd:auth): authentication failure; logname= uid=0 euid=0 tty=ssh ruser= rhost=122.226.181.167 user=root
Aug 12 10:36:47 dlsprod sshd[18830]: Failed password for root from 122.226.181.167 port 42862 ssh2
Aug 12 10:36:50 dlsprod sshd[18830]: Failed password for root from 122.226.181.167 port 42862 ssh2
Aug 12 10:36:50 dlsprod sshd[18832]: pam_unix(sshd:auth): authentication failure; logname= uid=0 euid=0 tty=ssh ruser= rhost=221.194.47.205 user=root
Aug 12 10:36:52 dlsprod sshd[18832]: Failed password for root from 221.194.47.205 port 37258 ssh2
Aug 12 10:36:52 dlsprod sshd[18830]: Failed password for root from 122.226.181.167 port 42862 ssh2
Aug 12 10:36:52 dlsprod sshd[18830]: Received disconnect from 122.226.181.167 port 42862:11: [preauth]
Aug 12 10:36:52 dlsprod sshd[18830]: Disconnected from 122.226.181.167 port 42862 [preauth]
Aug 12 10:36:52 dlsprod sshd[18830]: PAM 2 more authentication failures; logname= uid=0 euid=0 tty=ssh ruser= rhost=122.226.181.167 user=root
Aug 12 10:36:55 dlsprod sshd[18832]: Failed password for root from 221.194.47.205 port 37258 ssh2
Aug 12 10:36:57 dlsprod sshd[18832]: Failed password for root from 221.194.47.205 port 37258 ssh2
Aug 12 10:36:58 dlsprod sshd[18832]: Received disconnect from 221.194.47.205 port 37258:11: [preauth]
Aug 12 10:36:58 dlsprod sshd[18832]: Disconnected from 221.194.47.205 port 37258 [preauth]
Aug 12 10:36:58 dlsprod sshd[18832]: PAM 2 more authentication failures; logname= uid=0 euid=0 tty=ssh ruser= rhost=221.194.47.205 user=root
Aug 12 10:36:59 dlsprod sshd[18834]: pam_unix(sshd:auth): authentication failure; logname= uid=0 euid=0 tty=ssh ruser= rhost=122.226.181.167 user=root
Aug 12 10:37:01 dlsprod sshd[18836]: pam_unix(sshd:auth): authentication failure; logname= uid=0 euid=0 tty=ssh ruser= rhost=221.194.47.205 user=root
Aug 12 10:37:01 dlsprod sshd[18834]: Failed password for root from 122.226.181.167 port 44280 ssh2
Aug 12 10:37:02 dlsprod sshd[18836]: Failed password for root from 221.194.47.205 port 59088 ssh2
Aug 12 10:37:04 dlsprod sshd[18834]: Failed password for root from 122.226.181.167 port 44280 ssh2
Aug 12 10:37:05 dlsprod sshd[18836]: Failed password for root from 221.194.47.205 port 59088 ssh2
Aug 12 10:37:07 dlsprod sshd[18834]: Failed password for root from 122.226.181.167 port 44280 ssh2
Aug 12 10:37:07 dlsprod sshd[18834]: Received disconnect from 122.226.181.167 port 44280:11: [preauth]
Aug 12 10:37:07 dlsprod sshd[18834]: Disconnected from 122.226.181.167 port 44280 [preauth]
Aug 12 10:37:07 dlsprod sshd[18834]: PAM 2 more authentication failures; logname= uid=0 euid=0 tty=ssh ruser= rhost=122.226.181.167 user=root
Aug 12 10:37:07 dlsprod sshd[18836]: Failed password for root from 221.194.47.205 port 59088 ssh2
Aug 12 10:37:08 dlsprod sshd[18836]: Received disconnect from 221.194.47.205 port 59088:11: [preauth]
Aug 12 10:37:08 dlsprod sshd[18836]: Disconnected from 221.194.47.205 port 59088 [preauth]
Aug 12 10:37:08 dlsprod sshd[18836]: PAM 2 more authentication failures; logname= uid=0 euid=0 tty=ssh ruser= rhost=221.194.47.205 user=root
Aug 12 10:37:09 dlsprod sshd[18838]: pam_unix(sshd:auth): authentication failure; logname= uid=0 euid=0 tty=ssh ruser= rhost=122.226.181.167 user=root
Aug 12 10:37:11 dlsprod sshd[18838]: Failed password for root from 122.226.181.167 port 48176 ssh2
Aug 12 10:37:14 dlsprod sshd[18838]: Failed password for root from 122.226.181.167 port 48176 ssh2
Aug 12 10:37:15 dlsprod sshd[18840]: pam_unix(sshd:auth): authentication failure; logname= uid=0 euid=0 tty=ssh ruser= rhost=221.194.47.205 user=root
Aug 12 10:37:16 dlsprod sshd[18838]: Failed password for root from 122.226.181.167 port 48176 ssh2
Aug 12 10:37:16 dlsprod sshd[18842]: pam_unix(sshd:auth): authentication failure; logname= uid=0 euid=0 tty=ssh ruser= rhost=96.76.166.105 user=root
Aug 12 10:37:16 dlsprod sshd[18840]: Failed password for root from 221.194.47.205 port 38178 ssh2
Aug 12 10:37:16 dlsprod sshd[18838]: Received disconnect from 122.226.181.167 port 48176:11: [preauth]
Aug 12 10:37:16 dlsprod sshd[18838]: Disconnected from 122.226.181.167 port 48176 [preauth]
Aug 12 10:37:16 dlsprod sshd[18838]: PAM 2 more authentication failures; logname= uid=0 euid=0 tty=ssh ruser= rhost=122.226.181.167 user=root
Aug 12 10:37:19 dlsprod sshd[18842]: Failed password for root from 96.76.166.105 port 55746 ssh2
Aug 12 10:37:19 dlsprod sshd[18842]: Received disconnect from 96.76.166.105 port 55746:11: Normal Shutdown, Thank you for playing [preauth]
Aug 12 10:37:19 dlsprod sshd[18842]: Disconnected from 96.76.166.105 port 55746 [preauth]
Aug 12 10:37:19 dlsprod sshd[18840]: Failed password for root from 221.194.47.205 port 38178 ssh2
Aug 12 10:37:23 dlsprod sshd[18840]: Failed password for root from 221.194.47.205 port 38178 ssh2
Aug 12 10:37:23 dlsprod sshd[18840]: Received disconnect from 221.194.47.205 port 38178:11: [preauth]
Aug 12 10:37:23 dlsprod sshd[18840]: Disconnected from 221.194.47.205 port 38178 [preauth]
Aug 12 10:37:23 dlsprod sshd[18840]: PAM 2 more authentication failures; logname= uid=0 euid=0 tty=ssh ruser= rhost=221.194.47.205 user=root
Aug 12 10:37:28 dlsprod sshd[18847]: pam_unix(sshd:auth): authentication failure; logname= uid=0 euid=0 tty=ssh ruser= rhost=221.194.47.205 user=root
Aug 12 10:37:30 dlsprod sshd[18847]: Failed password for root from 221.194.47.205 port 40660 ssh2
Aug 12 10:37:30 dlsprod sshd[18844]: pam_unix(sshd:auth): authentication failure; logname= uid=0 euid=0 tty=ssh ruser= rhost=122.226.181.167 user=root
Aug 12 10:37:32 dlsprod sshd[18847]: Failed password for root from 221.194.47.205 port 40660 ssh2
Aug 12 10:37:33 dlsprod sshd[18844]: Failed password for root from 122.226.181.167 port 47718 ssh2
Aug 12 10:37:33 dlsprod sshd[18849]: pam_unix(sshd:auth): authentication failure; logname= uid=0 euid=0 tty=ssh ruser= rhost=221.194.44.232 user=root
Aug 12 10:37:35 dlsprod sshd[18847]: Failed password for root from 221.194.47.205 port 40660 ssh2
Aug 12 10:37:35 dlsprod sshd[18849]: Failed password for root from 221.194.44.232 port 44584 ssh2
Aug 12 10:37:35 dlsprod sshd[18844]: Failed password for root from 122.226.181.167 port 47718 ssh2
Aug 12 10:37:36 dlsprod sshd[18847]: Received disconnect from 221.194.47.205 port 40660:11: [preauth]
Aug 12 10:37:36 dlsprod sshd[18847]: Disconnected from 221.194.47.205 port 40660 [preauth]
Aug 12 10:37:36 dlsprod sshd[18847]: PAM 2 more authentication failures; logname= uid=0 euid=0 tty=ssh ruser= rhost=221.194.47.205 user=root
Aug 12 10:37:37 dlsprod sshd[18844]: Failed password for root from 122.226.181.167 port 47718 ssh2
Aug 12 10:37:37 dlsprod sshd[18849]: Failed password for root from 221.194.44.232 port 44584 ssh2
Aug 12 10:37:38 dlsprod sshd[18844]: Received disconnect from 122.226.181.167 port 47718:11: [preauth]
Aug 12 10:37:38 dlsprod sshd[18844]: Disconnected from 122.226.181.167 port 47718 [preauth]
Aug 12 10:37:38 dlsprod sshd[18844]: PAM 2 more authentication failures; logname= uid=0 euid=0 tty=ssh ruser= rhost=122.226.181.167 user=root
Aug 12 10:37:38 dlsprod sshd[18851]: pam_unix(sshd:auth): authentication failure; logname= uid=0 euid=0 tty=ssh ruser= rhost=221.194.47.205 user=root
Aug 12 10:37:39 dlsprod sshd[18849]: Failed password for root from 221.194.44.232 port 44584 ssh2
Aug 12 10:37:39 dlsprod sshd[18849]: Received disconnect from 221.194.44.232 port 44584:11: [preauth]
Aug 12 10:37:39 dlsprod sshd[18849]: Disconnected from 221.194.44.232 port 44584 [preauth]
Aug 12 10:37:39 dlsprod sshd[18849]: PAM 2 more authentication failures; logname= uid=0 euid=0 tty=ssh ruser= rhost=221.194.44.232 user=root
Aug 12 10:37:40 dlsprod sshd[18851]: Failed password for root from 221.194.47.205 port 45218 ssh2
Aug 12 10:37:41 dlsprod sshd[18853]: pam_unix(sshd:auth): authentication failure; logname= uid=0 euid=0 tty=ssh ruser= rhost=122.226.181.167 user=root
Aug 12 10:37:43 dlsprod sshd[18851]: Failed password for root from 221.194.47.205 port 45218 ssh2
Aug 12 10:37:43 dlsprod sshd[18853]: Failed password for root from 122.226.181.167 port 52860 ssh2
Aug 12 10:37:43 dlsprod sshd[18855]: pam_unix(sshd:auth): authentication failure; logname= uid=0 euid=0 tty=ssh ruser= rhost=221.194.44.232 user=root
Aug 12 10:37:44 dlsprod sshd[18855]: Failed password for root from 221.194.44.232 port 60230 ssh2
Aug 12 10:37:44 dlsprod sshd[18853]: Failed password for root from 122.226.181.167 port 52860 ssh2
Aug 12 10:37:45 dlsprod sshd[18851]: Failed password for root from 221.194.47.205 port 45218 ssh2
Aug 12 10:37:45 dlsprod sshd[18851]: Received disconnect from 221.194.47.205 port 45218:11: [preauth]
Aug 12 10:37:45 dlsprod sshd[18851]: Disconnected from 221.194.47.205 port 45218 [preauth]
Aug 12 10:37:45 dlsprod sshd[18851]: PAM 2 more authentication failures; logname= uid=0 euid=0 tty=ssh ruser= rhost=221.194.47.205 user=root
Aug 12 10:37:46 dlsprod sshd[18853]: Failed password for root from 122.226.181.167 port 52860 ssh2
Aug 12 10:37:46 dlsprod sshd[18855]: Failed password for root from 221.194.44.232 port 60230 ssh2
Aug 12 10:37:46 dlsprod sshd[18853]: Received disconnect from 122.226.181.167 port 52860:11: [preauth]
Aug 12 10:37:46 dlsprod sshd[18853]: Disconnected from 122.226.181.167 port 52860 [preauth]
Aug 12 10:37:46 dlsprod sshd[18853]: PAM 2 more authentication failures; logname= uid=0 euid=0 tty=ssh ruser= rhost=122.226.181.167 user=root
Aug 12 10:37:48 dlsprod sshd[18859]: pam_unix(sshd:auth): authentication failure; logname= uid=0 euid=0 tty=ssh ruser= rhost=122.226.181.167 user=root
Aug 12 10:37:48 dlsprod sshd[18857]: pam_unix(sshd:auth): authentication failure; logname= uid=0 euid=0 tty=ssh ruser= rhost=221.194.47.205 user=root
Aug 12 10:37:49 dlsprod sshd[18855]: Failed password for root from 221.194.44.232 port 60230 ssh2
Aug 12 10:37:50 dlsprod sshd[18855]: Received disconnect from 221.194.44.232 port 60230:11: [preauth]
Aug 12 10:37:50 dlsprod sshd[18855]: Disconnected from 221.194.44.232 port 60230 [preauth]
Aug 12 10:37:50 dlsprod sshd[18855]: PAM 2 more authentication failures; logname= uid=0 euid=0 tty=ssh ruser= rhost=221.194.44.232 user=root
Aug 12 10:37:50 dlsprod sshd[18859]: Failed password for root from 122.226.181.167 port 47802 ssh2
Aug 12 10:37:50 dlsprod sshd[18857]: Failed password for root from 221.194.47.205 port 42836 ssh2
Aug 12 10:37:52 dlsprod sshd[18861]: pam_unix(sshd:auth): authentication failure; logname= uid=0 euid=0 tty=ssh ruser= rhost=221.194.44.232 user=root
Aug 12 10:37:52 dlsprod sshd[18857]: Received disconnect from 221.194.47.205 port 42836:11: [preauth]
Aug 12 10:37:52 dlsprod sshd[18857]: Disconnected from 221.194.47.205 port 42836 [preauth]
Aug 12 10:37:52 dlsprod sshd[18859]: Failed password for root from 122.226.181.167 port 47802 ssh2
Aug 12 10:37:54 dlsprod sshd[18861]: Failed password for root from 221.194.44.232 port 45571 ssh2
Aug 12 10:37:55 dlsprod sshd[18859]: Failed password for root from 122.226.181.167 port 47802 ssh2
Aug 12 10:37:55 dlsprod sshd[18859]: Received disconnect from 122.226.181.167 port 47802:11: [preauth]
Aug 12 10:37:55 dlsprod sshd[18859]: Disconnected from 122.226.181.167 port 47802 [preauth]
Aug 12 10:37:55 dlsprod sshd[18859]: PAM 2 more authentication failures; logname= uid=0 euid=0 tty=ssh ruser= rhost=122.226.181.167 user=root
Aug 12 10:37:56 dlsprod sshd[18861]: Failed password for root from 221.194.44.232 port 45571 ssh2
Aug 12 10:37:57 dlsprod sshd[18863]: pam_unix(sshd:auth): authentication failure; logname= uid=0 euid=0 tty=ssh ruser= rhost=122.226.181.167 user=root
Aug 12 10:37:58 dlsprod sshd[18861]: Failed password for root from 221.194.44.232 port 45571 ssh2
Aug 12 10:37:58 dlsprod sshd[18863]: Failed password for root from 122.226.181.167 port 44176 ssh2
Aug 12 10:38:00 dlsprod sshd[18861]: Received disconnect from 221.194.44.232 port 45571:11: [preauth]
Aug 12 10:38:00 dlsprod sshd[18861]: Disconnected from 221.194.44.232 port 45571 [preauth]
Aug 12 10:38:00 dlsprod sshd[18861]: PAM 2 more authentication failures; logname= uid=0 euid=0 tty=ssh ruser= rhost=221.194.44.232 user=root
Aug 12 10:38:00 dlsprod sshd[18863]: Failed password for root from 122.226.181.167 port 44176 ssh2
Aug 12 10:38:02 dlsprod sshd[18863]: Failed password for root from 122.226.181.167 port 44176 ssh2
Aug 12 10:38:03 dlsprod sshd[18863]: Received disconnect from 122.226.181.167 port 44176:11: [preauth]
Aug 12 10:38:03 dlsprod sshd[18863]: Disconnected from 122.226.181.167 port 44176 [preauth]
Aug 12 10:38:03 dlsprod sshd[18863]: PAM 2 more authentication failures; logname= uid=0 euid=0 tty=ssh ruser= rhost=122.226.181.167 user=root
Aug 12 10:38:03 dlsprod sshd[18865]: pam_unix(sshd:auth): authentication failure; logname= uid=0 euid=0 tty=ssh ruser= rhost=221.194.44.232 user=root
Aug 12 10:38:04 dlsprod sshd[18867]: pam_unix(sshd:auth): authentication failure; logname= uid=0 euid=0 tty=ssh ruser= rhost=122.226.181.167 user=root
Aug 12 10:38:05 dlsprod sshd[18865]: Failed password for root from 221.194.44.232 port 59497 ssh2
Aug 12 10:38:06 dlsprod sshd[18867]: Failed password for root from 122.226.181.167 port 36738 ssh2
Aug 12 10:38:07 dlsprod sshd[18865]: Failed password for root from 221.194.44.232 port 59497 ssh2
Aug 12 10:38:09 dlsprod sshd[18867]: Failed password for root from 122.226.181.167 port 36738 ssh2
Aug 12 10:38:10 dlsprod sshd[18865]: Failed password for root from 221.194.44.232 port 59497 ssh2
Aug 12 10:38:10 dlsprod sshd[18865]: Received disconnect from 221.194.44.232 port 59497:11: [preauth]
Aug 12 10:38:10 dlsprod sshd[18865]: Disconnected from 221.194.44.232 port 59497 [preauth]
Aug 12 10:38:10 dlsprod sshd[18865]: PAM 2 more authentication failures; logname= uid=0 euid=0 tty=ssh ruser= rhost=221.194.44.232 user=root
Aug 12 10:38:11 dlsprod sshd[18867]: Failed password for root from 122.226.181.167 port 36738 ssh2
Aug 12 10:38:11 dlsprod sshd[18867]: Received disconnect from 122.226.181.167 port 36738:11: [preauth]
Aug 12 10:38:11 dlsprod sshd[18867]: Disconnected from 122.226.181.167 port 36738 [preauth]
Aug 12 10:38:11 dlsprod sshd[18867]: PAM 2 more authentication failures; logname= uid=0 euid=0 tty=ssh ruser= rhost=122.226.181.167 user=root
Aug 12 10:38:11 dlsprod sshd[18869]: pam_unix(sshd:auth): authentication failure; logname= uid=0 euid=0 tty=ssh ruser= rhost=221.194.47.205 user=root
Aug 12 10:38:13 dlsprod sshd[18869]: Failed password for root from 221.194.47.205 port 50986 ssh2
Aug 12 10:38:13 dlsprod sshd[18871]: pam_unix(sshd:auth): authentication failure; logname= uid=0 euid=0 tty=ssh ruser= rhost=221.194.44.232 user=root
Aug 12 10:38:13 dlsprod sshd[18873]: pam_unix(sshd:auth): authentication failure; logname= uid=0 euid=0 tty=ssh ruser= rhost=122.226.181.167 user=root
Aug 12 10:38:15 dlsprod sshd[18871]: Failed password for root from 221.194.44.232 port 44325 ssh2
Aug 12 10:38:15 dlsprod sshd[18869]: Failed password for root from 221.194.47.205 port 50986 ssh2
Aug 12 10:38:15 dlsprod sshd[18873]: Failed password for root from 122.226.181.167 port 56898 ssh2
Aug 12 10:38:17 dlsprod sshd[18873]: Failed password for root from 122.226.181.167 port 56898 ssh2
Aug 12 10:38:17 dlsprod sshd[18869]: Failed password for root from 221.194.47.205 port 50986 ssh2
Aug 12 10:38:18 dlsprod sshd[18869]: Received disconnect from 221.194.47.205 port 50986:11: [preauth]
Aug 12 10:38:18 dlsprod sshd[18869]: Disconnected from 221.194.47.205 port 50986 [preauth]
Aug 12 10:38:18 dlsprod sshd[18869]: PAM 2 more authentication failures; logname= uid=0 euid=0 tty=ssh ruser= rhost=221.194.47.205 user=root
Aug 12 10:38:19 dlsprod sshd[18871]: Failed password for root from 221.194.44.232 port 44325 ssh2
Aug 12 10:38:20 dlsprod sshd[18873]: Failed password for root from 122.226.181.167 port 56898 ssh2
Aug 12 10:38:20 dlsprod sshd[18873]: Received disconnect from 122.226.181.167 port 56898:11: [preauth]
Aug 12 10:38:20 dlsprod sshd[18873]: Disconnected from 122.226.181.167 port 56898 [preauth]
Aug 12 10:38:20 dlsprod sshd[18873]: PAM 2 more authentication failures; logname= uid=0 euid=0 tty=ssh ruser= rhost=122.226.181.167 user=root
Aug 12 10:38:21 dlsprod sshd[18876]: pam_unix(sshd:auth): authentication failure; logname= uid=0 euid=0 tty=ssh ruser= rhost=221.194.47.205 user=root
Aug 12 10:38:22 dlsprod sshd[18871]: Failed password for root from 221.194.44.232 port 44325 ssh2
Aug 12 10:38:22 dlsprod sshd[18876]: Failed password for root from 221.194.47.205 port 48218 ssh2
Aug 12 10:38:23 dlsprod sshd[18871]: Received disconnect from 221.194.44.232 port 44325:11: [preauth]
Aug 12 10:38:23 dlsprod sshd[18871]: Disconnected from 221.194.44.232 port 44325 [preauth]
Aug 12 10:38:23 dlsprod sshd[18871]: PAM 2 more authentication failures; logname= uid=0 euid=0 tty=ssh ruser= rhost=221.194.44.232 user=root
Aug 12 10:38:24 dlsprod sshd[18876]: Failed password for root from 221.194.47.205 port 48218 ssh2
Aug 12 10:38:27 dlsprod sshd[18876]: Failed password for root from 221.194.47.205 port 48218 ssh2
Aug 12 10:38:27 dlsprod sshd[18876]: Received disconnect from 221.194.47.205 port 48218:11: [preauth]
Aug 12 10:38:27 dlsprod sshd[18876]: Disconnected from 221.194.47.205 port 48218 [preauth]
Aug 12 10:38:27 dlsprod sshd[18876]: PAM 2 more authentication failures; logname= uid=0 euid=0 tty=ssh ruser= rhost=221.194.47.205 user=root
Aug 12 10:38:29 dlsprod sshd[18881]: pam_unix(sshd:auth): authentication failure; logname= uid=0 euid=0 tty=ssh ruser= rhost=221.194.44.232 user=root
Aug 12 10:38:31 dlsprod sshd[18881]: Failed password for root from 221.194.44.232 port 41965 ssh2
Aug 12 10:38:32 dlsprod sshd[18883]: pam_unix(sshd:auth): authentication failure; logname= uid=0 euid=0 tty=ssh ruser= rhost=221.194.47.205 user=root
Aug 12 10:38:34 dlsprod sshd[18883]: Failed password for root from 221.194.47.205 port 46626 ssh2
Aug 12 10:38:34 dlsprod sshd[18881]: Failed password for root from 221.194.44.232 port 41965 ssh2
Aug 12 10:38:37 dlsprod sshd[18883]: Failed password for root from 221.194.47.205 port 46626 ssh2
Aug 12 10:38:37 dlsprod sshd[18881]: Failed password for root from 221.194.44.232 port 41965 ssh2
Aug 12 10:38:37 dlsprod sshd[18881]: Received disconnect from 221.194.44.232 port 41965:11: [preauth]
Aug 12 10:38:37 dlsprod sshd[18881]: Disconnected from 221.194.44.232 port 41965 [preauth]
Aug 12 10:38:37 dlsprod sshd[18881]: PAM 2 more authentication failures; logname= uid=0 euid=0 tty=ssh ruser= rhost=221.194.44.232 user=root
Aug 12 10:38:38 dlsprod sshd[18878]: Received disconnect from 122.226.181.167 port 54756:11: [preauth]
Aug 12 10:38:38 dlsprod sshd[18878]: Disconnected from 122.226.181.167 port 54756 [preauth]
Aug 12 10:38:39 dlsprod sshd[18883]: Failed password for root from 221.194.47.205 port 46626 ssh2
Aug 12 10:38:39 dlsprod sshd[18883]: Received disconnect from 221.194.47.205 port 46626:11: [preauth]
Aug 12 10:38:39 dlsprod sshd[18883]: Disconnected from 221.194.47.205 port 46626 [preauth]
Aug 12 10:38:39 dlsprod sshd[18883]: PAM 2 more authentication failures; logname= uid=0 euid=0 tty=ssh ruser= rhost=221.194.47.205 user=root
Aug 12 10:38:41 dlsprod sshd[18887]: pam_unix(sshd:auth): authentication failure; logname= uid=0 euid=0 tty=ssh ruser= rhost=221.194.47.205 user=root
Aug 12 10:38:43 dlsprod sshd[18887]: Failed password for root from 221.194.47.205 port 38804 ssh2
Aug 12 10:38:44 dlsprod sshd[18885]: pam_unix(sshd:auth): authentication failure; logname= uid=0 euid=0 tty=ssh ruser= rhost=221.194.44.232 user=root
Aug 12 10:38:46 dlsprod sshd[18885]: Failed password for root from 221.194.44.232 port 44696 ssh2
Aug 12 10:38:46 dlsprod sshd[18887]: Failed password for root from 221.194.47.205 port 38804 ssh2
Aug 12 10:38:48 dlsprod sshd[18885]: Failed password for root from 221.194.44.232 port 44696 ssh2
Aug 12 10:38:48 dlsprod sshd[18887]: Failed password for root from 221.194.47.205 port 38804 ssh2
Aug 12 10:38:48 dlsprod sshd[18887]: Received disconnect from 221.194.47.205 port 38804:11: [preauth]
Aug 12 10:38:48 dlsprod sshd[18887]: Disconnected from 221.194.47.205 port 38804 [preauth]
Aug 12 10:38:48 dlsprod sshd[18887]: PAM 2 more authentication failures; logname= uid=0 euid=0 tty=ssh ruser= rhost=221.194.47.205 user=root
Aug 12 10:38:51 dlsprod sshd[18885]: Failed password for root from 221.194.44.232 port 44696 ssh2
Aug 12 10:38:51 dlsprod sshd[18885]: Received disconnect from 221.194.44.232 port 44696:11: [preauth]
Aug 12 10:38:51 dlsprod sshd[18885]: Disconnected from 221.194.44.232 port 44696 [preauth]
Aug 12 10:38:51 dlsprod sshd[18885]: PAM 2 more authentication failures; logname= uid=0 euid=0 tty=ssh ruser= rhost=221.194.44.232 user=root
Aug 12 10:38:51 dlsprod sshd[18889]: pam_unix(sshd:auth): authentication failure; logname= uid=0 euid=0 tty=ssh ruser= rhost=221.194.47.205 user=root
Aug 12 10:38:53 dlsprod sshd[18889]: Failed password for root from 221.194.47.205 port 33174 ssh2
Aug 12 10:38:54 dlsprod sshd[18891]: pam_unix(sshd:auth): authentication failure; logname= uid=0 euid=0 tty=ssh ruser= rhost=221.194.44.232 user=root
Aug 12 10:38:56 dlsprod sshd[18889]: Failed password for root from 221.194.47.205 port 33174 ssh2
