Aug 13 11:55:53 dlsprod sshd[30044]: Failed password for invalid user rstudio from 206.189.127.6 port 33978 ssh2
Aug 13 11:55:54 dlsprod sshd[30044]: Connection closed by 206.189.127.6 port 33978 [preauth]
Aug 13 12:05:01 dlsprod CRON[30063]: pam_unix(cron:session): session opened for user root by (uid=0)
Aug 13 12:05:01 dlsprod CRON[30063]: pam_unix(cron:session): session closed for user root
Aug 13 12:06:05 dlsprod sshd[30067]: Invalid user facturacion from 89.216.45.50
Aug 13 12:06:05 dlsprod sshd[30067]: input_userauth_request: invalid user facturacion [preauth]
Aug 13 12:06:05 dlsprod sshd[30067]: pam_unix(sshd:auth): check pass; user unknown
Aug 13 12:06:05 dlsprod sshd[30067]: pam_unix(sshd:auth): authentication failure; logname= uid=0 euid=0 tty=ssh ruser= rhost=89.216.45.50
Aug 13 12:06:06 dlsprod sshd[30067]: Failed password for invalid user facturacion from 89.216.45.50 port 8699 ssh2
Aug 13 12:06:07 dlsprod sshd[30067]: Connection closed by 89.216.45.50 port 8699 [preauth]
Aug 13 12:06:08 dlsprod sshd[30069]: Invalid user xiaojie from 91.121.136.47
Aug 13 12:06:08 dlsprod sshd[30069]: input_userauth_request: invalid user xiaojie [preauth]
Aug 13 12:06:08 dlsprod sshd[30069]: pam_unix(sshd:auth): check pass; user unknown
Aug 13 12:06:08 dlsprod sshd[30069]: pam_unix(sshd:auth): authentication failure; logname= uid=0 euid=0 tty=ssh ruser= rhost=91.121.136.47
Aug 13 12:06:10 dlsprod sshd[30069]: Failed password for invalid user xiaojie from 91.121.136.47 port 36460 ssh2
Aug 13 12:06:10 dlsprod sshd[30069]: Connection closed by 91.121.136.47 port 36460 [preauth]
Aug 13 12:09:01 dlsprod CRON[30076]: pam_unix(cron:session): session opened for user root by (uid=0)
Aug 13 12:09:01 dlsprod CRON[30076]: pam_unix(cron:session): session closed for user root
Aug 13 12:15:01 dlsprod CRON[30137]: pam_unix(cron:session): session opened for user root by (uid=0)
Aug 13 12:15:01 dlsprod CRON[30137]: pam_unix(cron:session): session closed for user root
Aug 13 12:17:01 dlsprod CRON[30146]: pam_unix(cron:session): session opened for user root by (uid=0)
Aug 13 12:17:01 dlsprod CRON[30146]: pam_unix(cron:session): session closed for user root
Aug 13 12:18:53 dlsprod sshd[30151]: Invalid user kafka from 210.147.174.19
Aug 13 12:18:53 dlsprod sshd[30151]: input_userauth_request: invalid user kafka [preauth]
Aug 13 12:18:53 dlsprod sshd[30151]: pam_unix(sshd:auth): check pass; user unknown
Aug 13 12:18:53 dlsprod sshd[30151]: pam_unix(sshd:auth): authentication failure; logname= uid=0 euid=0 tty=ssh ruser= rhost=210.147.174.19
Aug 13 12:18:54 dlsprod sshd[30151]: Failed password for invalid user kafka from 210.147.174.19 port 43186 ssh2
Aug 13 12:18:54 dlsprod sshd[30151]: Connection closed by 210.147.174.19 port 43186 [preauth]
Aug 13 12:21:36 dlsprod sshd[30156]: Invalid user jay from 182.76.41.154
Aug 13 12:21:36 dlsprod sshd[30156]: input_userauth_request: invalid user jay [preauth]
Aug 13 12:21:36 dlsprod sshd[30156]: pam_unix(sshd:auth): check pass; user unknown
Aug 13 12:21:36 dlsprod sshd[30156]: pam_unix(sshd:auth): authentication failure; logname= uid=0 euid=0 tty=ssh ruser= rhost=182.76.41.154
Aug 13 12:21:37 dlsprod sshd[30156]: Failed password for invalid user jay from 182.76.41.154 port 52940 ssh2
Aug 13 12:21:38 dlsprod sshd[30156]: Connection closed by 182.76.41.154 port 52940 [preauth]
Aug 13 12:25:01 dlsprod CRON[30163]: pam_unix(cron:session): session opened for user root by (uid=0)
Aug 13 12:25:01 dlsprod CRON[30163]: pam_unix(cron:session): session closed for user root
Aug 13 12:33:01 dlsprod CRON[30183]: pam_unix(cron:session): session opened for user crufo by (uid=0)
Aug 13 12:33:09 dlsprod CRON[30183]: pam_unix(cron:session): session closed for user crufo
Aug 13 12:34:22 dlsprod sshd[30190]: Invalid user support from 89.216.45.50
Aug 13 12:34:22 dlsprod sshd[30190]: input_userauth_request: invalid user support [preauth]
Aug 13 12:34:22 dlsprod sshd[30190]: pam_unix(sshd:auth): check pass; user unknown
Aug 13 12:34:22 dlsprod sshd[30190]: pam_unix(sshd:auth): authentication failure; logname= uid=0 euid=0 tty=ssh ruser= rhost=89.216.45.50
Aug 13 12:34:24 dlsprod sshd[30190]: Failed password for invalid user support from 89.216.45.50 port 27739 ssh2
Aug 13 12:34:24 dlsprod sshd[30190]: Connection closed by 89.216.45.50 port 27739 [preauth]
Aug 13 12:35:01 dlsprod CRON[30193]: pam_unix(cron:session): session opened for user root by (uid=0)
Aug 13 12:35:01 dlsprod CRON[30193]: pam_unix(cron:session): session closed for user root
Aug 13 12:35:29 dlsprod sshd[30196]: Invalid user ubuntu from 124.194.44.219
Aug 13 12:35:29 dlsprod sshd[30196]: input_userauth_request: invalid user ubuntu [preauth]
Aug 13 12:35:29 dlsprod sshd[30196]: pam_unix(sshd:auth): check pass; user unknown
Aug 13 12:35:29 dlsprod sshd[30196]: pam_unix(sshd:auth): authentication failure; logname= uid=0 euid=0 tty=ssh ruser= rhost=124.194.44.219
Aug 13 12:35:32 dlsprod sshd[30196]: Failed password for invalid user ubuntu from 124.194.44.219 port 55780 ssh2
Aug 13 12:35:32 dlsprod sshd[30196]: Connection closed by 124.194.44.219 port 55780 [preauth]
Aug 13 12:36:07 dlsprod sshd[30199]: Invalid user cisco from 91.121.136.47
Aug 13 12:36:07 dlsprod sshd[30199]: input_userauth_request: invalid user cisco [preauth]
Aug 13 12:36:07 dlsprod sshd[30199]: pam_unix(sshd:auth): check pass; user unknown
Aug 13 12:36:07 dlsprod sshd[30199]: pam_unix(sshd:auth): authentication failure; logname= uid=0 euid=0 tty=ssh ruser= rhost=91.121.136.47
Aug 13 12:36:09 dlsprod sshd[30199]: Failed password for invalid user cisco from 91.121.136.47 port 56550 ssh2
Aug 13 12:36:09 dlsprod sshd[30199]: Connection closed by 91.121.136.47 port 56550 [preauth]
Aug 13 12:39:01 dlsprod CRON[30206]: pam_unix(cron:session): session opened for user root by (uid=0)
Aug 13 12:39:01 dlsprod CRON[30206]: pam_unix(cron:session): session closed for user root
Aug 13 12:41:40 dlsprod sshd[30252]: Invalid user radio from 37.187.0.20
Aug 13 12:41:40 dlsprod sshd[30252]: input_userauth_request: invalid user radio [preauth]
Aug 13 12:41:40 dlsprod sshd[30252]: pam_unix(sshd:auth): check pass; user unknown
Aug 13 12:41:40 dlsprod sshd[30252]: pam_unix(sshd:auth): authentication failure; logname= uid=0 euid=0 tty=ssh ruser= rhost=37.187.0.20
Aug 13 12:41:43 dlsprod sshd[30252]: Failed password for invalid user radio from 37.187.0.20 port 42930 ssh2
Aug 13 12:41:43 dlsprod sshd[30252]: Connection closed by 37.187.0.20 port 42930 [preauth]
Aug 13 12:45:01 dlsprod CRON[30260]: pam_unix(cron:session): session opened for user root by (uid=0)
Aug 13 12:45:01 dlsprod CRON[30260]: pam_unix(cron:session): session closed for user root
Aug 13 12:49:31 dlsprod sshd[30282]: Invalid user admin from 118.89.22.94
Aug 13 12:49:31 dlsprod sshd[30282]: input_userauth_request: invalid user admin [preauth]
Aug 13 12:49:31 dlsprod sshd[30282]: pam_unix(sshd:auth): check pass; user unknown
Aug 13 12:49:31 dlsprod sshd[30282]: pam_unix(sshd:auth): authentication failure; logname= uid=0 euid=0 tty=ssh ruser= rhost=118.89.22.94
Aug 13 12:49:32 dlsprod sshd[30282]: Failed password for invalid user admin from 118.89.22.94 port 53190 ssh2
Aug 13 12:49:33 dlsprod sshd[30282]: Received disconnect from 118.89.22.94 port 53190:11: Normal Shutdown, Thank you for playing [preauth]
Aug 13 12:49:33 dlsprod sshd[30282]: Disconnected from 118.89.22.94 port 53190 [preauth]
Aug 13 12:50:27 dlsprod sshd[30285]: pam_unix(sshd:auth): authentication failure; logname= uid=0 euid=0 tty=ssh ruser= rhost=221.194.47.236 user=root
Aug 13 12:50:30 dlsprod sshd[30285]: Failed password for root from 221.194.47.236 port 49824 ssh2
Aug 13 12:50:34 dlsprod sshd[30285]: message repeated 2 times: [ Failed password for root from 221.194.47.236 port 49824 ssh2]
Aug 13 12:50:34 dlsprod sshd[30285]: Received disconnect from 221.194.47.236 port 49824:11: [preauth]
Aug 13 12:50:34 dlsprod sshd[30285]: Disconnected from 221.194.47.236 port 49824 [preauth]
Aug 13 12:50:34 dlsprod sshd[30285]: PAM 2 more authentication failures; logname= uid=0 euid=0 tty=ssh ruser= rhost=221.194.47.236 user=root
Aug 13 12:50:37 dlsprod sshd[30288]: pam_unix(sshd:auth): authentication failure; logname= uid=0 euid=0 tty=ssh ruser= rhost=221.194.47.236 user=root
Aug 13 12:50:39 dlsprod sshd[30288]: Failed password for root from 221.194.47.236 port 42015 ssh2
Aug 13 12:50:40 dlsprod sshd[30291]: Invalid user george from 113.105.123.114
Aug 13 12:50:40 dlsprod sshd[30291]: input_userauth_request: invalid user george [preauth]
Aug 13 12:50:40 dlsprod sshd[30291]: pam_unix(sshd:auth): check pass; user unknown
Aug 13 12:50:40 dlsprod sshd[30291]: pam_unix(sshd:auth): authentication failure; logname= uid=0 euid=0 tty=ssh ruser= rhost=113.105.123.114
Aug 13 12:50:41 dlsprod sshd[30288]: Failed password for root from 221.194.47.236 port 42015 ssh2
Aug 13 12:50:42 dlsprod sshd[30291]: Failed password for invalid user george from 113.105.123.114 port 20413 ssh2
Aug 13 12:50:42 dlsprod sshd[30291]: Connection closed by 113.105.123.114 port 20413 [preauth]
Aug 13 12:50:44 dlsprod sshd[30288]: Failed password for root from 221.194.47.236 port 42015 ssh2
Aug 13 12:50:44 dlsprod sshd[30288]: Received disconnect from 221.194.47.236 port 42015:11: [preauth]
Aug 13 12:50:44 dlsprod sshd[30288]: Disconnected from 221.194.47.236 port 42015 [preauth]
Aug 13 12:50:44 dlsprod sshd[30288]: PAM 2 more authentication failures; logname= uid=0 euid=0 tty=ssh ruser= rhost=221.194.47.236 user=root
Aug 13 12:50:47 dlsprod sshd[30294]: pam_unix(sshd:auth): authentication failure; logname= uid=0 euid=0 tty=ssh ruser= rhost=221.194.47.236 user=root
Aug 13 12:50:49 dlsprod sshd[30294]: Failed password for root from 221.194.47.236 port 55969 ssh2
Aug 13 12:50:53 dlsprod sshd[30294]: message repeated 2 times: [ Failed password for root from 221.194.47.236 port 55969 ssh2]
Aug 13 12:50:54 dlsprod sshd[30294]: Received disconnect from 221.194.47.236 port 55969:11: [preauth]
Aug 13 12:50:54 dlsprod sshd[30294]: Disconnected from 221.194.47.236 port 55969 [preauth]
Aug 13 12:50:54 dlsprod sshd[30294]: PAM 2 more authentication failures; logname= uid=0 euid=0 tty=ssh ruser= rhost=221.194.47.236 user=root
Aug 13 12:50:56 dlsprod sshd[30296]: pam_unix(sshd:auth): authentication failure; logname= uid=0 euid=0 tty=ssh ruser= rhost=221.194.47.236 user=root
Aug 13 12:50:59 dlsprod sshd[30296]: Failed password for root from 221.194.47.236 port 42811 ssh2
Aug 13 12:51:05 dlsprod sshd[30296]: message repeated 2 times: [ Failed password for root from 221.194.47.236 port 42811 ssh2]
Aug 13 12:51:06 dlsprod sshd[30296]: Received disconnect from 221.194.47.236 port 42811:11: [preauth]
Aug 13 12:51:06 dlsprod sshd[30296]: Disconnected from 221.194.47.236 port 42811 [preauth]
Aug 13 12:51:06 dlsprod sshd[30296]: PAM 2 more authentication failures; logname= uid=0 euid=0 tty=ssh ruser= rhost=221.194.47.236 user=root
Aug 13 12:51:08 dlsprod sshd[30298]: pam_unix(sshd:auth): authentication failure; logname= uid=0 euid=0 tty=ssh ruser= rhost=221.194.47.236 user=root
Aug 13 12:51:10 dlsprod sshd[30298]: Failed password for root from 221.194.47.236 port 39659 ssh2
Aug 13 12:51:15 dlsprod sshd[30298]: message repeated 2 times: [ Failed password for root from 221.194.47.236 port 39659 ssh2]
Aug 13 12:51:15 dlsprod sshd[30298]: Received disconnect from 221.194.47.236 port 39659:11: [preauth]
Aug 13 12:51:15 dlsprod sshd[30298]: Disconnected from 221.194.47.236 port 39659 [preauth]
Aug 13 12:51:15 dlsprod sshd[30298]: PAM 2 more authentication failures; logname= uid=0 euid=0 tty=ssh ruser= rhost=221.194.47.236 user=root
Aug 13 12:51:18 dlsprod sshd[30300]: pam_unix(sshd:auth): authentication failure; logname= uid=0 euid=0 tty=ssh ruser= rhost=221.194.47.236 user=root
Aug 13 12:51:20 dlsprod sshd[30300]: Failed password for root from 221.194.47.236 port 50079 ssh2
Aug 13 12:51:25 dlsprod sshd[30300]: message repeated 2 times: [ Failed password for root from 221.194.47.236 port 50079 ssh2]
Aug 13 12:51:25 dlsprod sshd[30300]: Received disconnect from 221.194.47.236 port 50079:11: [preauth]
Aug 13 12:51:25 dlsprod sshd[30300]: Disconnected from 221.194.47.236 port 50079 [preauth]
Aug 13 12:51:25 dlsprod sshd[30300]: PAM 2 more authentication failures; logname= uid=0 euid=0 tty=ssh ruser= rhost=221.194.47.236 user=root
Aug 13 12:51:27 dlsprod sshd[30302]: Invalid user ruby from 182.76.41.154
Aug 13 12:51:27 dlsprod sshd[30302]: input_userauth_request: invalid user ruby [preauth]
Aug 13 12:51:27 dlsprod sshd[30302]: pam_unix(sshd:auth): check pass; user unknown
Aug 13 12:51:27 dlsprod sshd[30302]: pam_unix(sshd:auth): authentication failure; logname= uid=0 euid=0 tty=ssh ruser= rhost=182.76.41.154
Aug 13 12:51:29 dlsprod sshd[30302]: Failed password for invalid user ruby from 182.76.41.154 port 44134 ssh2
Aug 13 12:51:29 dlsprod sshd[30302]: Connection closed by 182.76.41.154 port 44134 [preauth]
Aug 13 12:51:33 dlsprod sshd[30304]: pam_unix(sshd:auth): authentication failure; logname= uid=0 euid=0 tty=ssh ruser= rhost=221.194.47.236 user=root
Aug 13 12:51:35 dlsprod sshd[30304]: Failed password for root from 221.194.47.236 port 33204 ssh2
Aug 13 12:51:40 dlsprod sshd[30304]: message repeated 2 times: [ Failed password for root from 221.194.47.236 port 33204 ssh2]
Aug 13 12:51:40 dlsprod sshd[30304]: Received disconnect from 221.194.47.236 port 33204:11: [preauth]
Aug 13 12:51:40 dlsprod sshd[30304]: Disconnected from 221.194.47.236 port 33204 [preauth]
Aug 13 12:51:40 dlsprod sshd[30304]: PAM 2 more authentication failures; logname= uid=0 euid=0 tty=ssh ruser= rhost=221.194.47.236 user=root
Aug 13 12:51:45 dlsprod sshd[30307]: pam_unix(sshd:auth): authentication failure; logname= uid=0 euid=0 tty=ssh ruser= rhost=221.194.47.236 user=root
Aug 13 12:51:48 dlsprod sshd[30307]: Failed password for root from 221.194.47.236 port 46496 ssh2
Aug 13 12:51:52 dlsprod sshd[30307]: message repeated 2 times: [ Failed password for root from 221.194.47.236 port 46496 ssh2]
Aug 13 12:51:52 dlsprod sshd[30307]: Received disconnect from 221.194.47.236 port 46496:11: [preauth]
Aug 13 12:51:52 dlsprod sshd[30307]: Disconnected from 221.194.47.236 port 46496 [preauth]
Aug 13 12:51:52 dlsprod sshd[30307]: PAM 2 more authentication failures; logname= uid=0 euid=0 tty=ssh ruser= rhost=221.194.47.236 user=root
Aug 13 12:52:01 dlsprod sshd[30309]: pam_unix(sshd:auth): authentication failure; logname= uid=0 euid=0 tty=ssh ruser= rhost=221.194.47.236 user=root
Aug 13 12:52:03 dlsprod sshd[30309]: Failed password for root from 221.194.47.236 port 34466 ssh2
Aug 13 12:52:08 dlsprod sshd[30309]: message repeated 2 times: [ Failed password for root from 221.194.47.236 port 34466 ssh2]
Aug 13 12:52:09 dlsprod sshd[30309]: Received disconnect from 221.194.47.236 port 34466:11: [preauth]
Aug 13 12:52:09 dlsprod sshd[30309]: Disconnected from 221.194.47.236 port 34466 [preauth]
Aug 13 12:52:09 dlsprod sshd[30309]: PAM 2 more authentication failures; logname= uid=0 euid=0 tty=ssh ruser= rhost=221.194.47.236 user=root
Aug 13 12:52:11 dlsprod sshd[30312]: pam_unix(sshd:auth): authentication failure; logname= uid=0 euid=0 tty=ssh ruser= rhost=221.194.47.236 user=root
Aug 13 12:52:13 dlsprod sshd[30312]: Failed password for root from 221.194.47.236 port 58677 ssh2
Aug 13 12:52:18 dlsprod sshd[30312]: message repeated 2 times: [ Failed password for root from 221.194.47.236 port 58677 ssh2]
Aug 13 12:52:19 dlsprod sshd[30312]: Received disconnect from 221.194.47.236 port 58677:11: [preauth]
Aug 13 12:52:19 dlsprod sshd[30312]: Disconnected from 221.194.47.236 port 58677 [preauth]
Aug 13 12:52:19 dlsprod sshd[30312]: PAM 2 more authentication failures; logname= uid=0 euid=0 tty=ssh ruser= rhost=221.194.47.236 user=root
Aug 13 12:52:21 dlsprod sshd[30314]: pam_unix(sshd:auth): authentication failure; logname= uid=0 euid=0 tty=ssh ruser= rhost=221.194.47.236 user=root
Aug 13 12:52:23 dlsprod sshd[30314]: Failed password for root from 221.194.47.236 port 46608 ssh2
Aug 13 12:52:29 dlsprod sshd[30314]: message repeated 2 times: [ Failed password for root from 221.194.47.236 port 46608 ssh2]
Aug 13 12:52:29 dlsprod sshd[30314]: Received disconnect from 221.194.47.236 port 46608:11: [preauth]
Aug 13 12:52:29 dlsprod sshd[30314]: Disconnected from 221.194.47.236 port 46608 [preauth]
Aug 13 12:52:29 dlsprod sshd[30314]: PAM 2 more authentication failures; logname= uid=0 euid=0 tty=ssh ruser= rhost=221.194.47.236 user=root
Aug 13 12:52:34 dlsprod sshd[30316]: Invalid user panda from 206.189.127.6
Aug 13 12:52:34 dlsprod sshd[30316]: input_userauth_request: invalid user panda [preauth]
Aug 13 12:52:34 dlsprod sshd[30316]: pam_unix(sshd:auth): check pass; user unknown
Aug 13 12:52:34 dlsprod sshd[30316]: pam_unix(sshd:auth): authentication failure; logname= uid=0 euid=0 tty=ssh ruser= rhost=206.189.127.6
Aug 13 12:52:36 dlsprod sshd[30316]: Failed password for invalid user panda from 206.189.127.6 port 53308 ssh2
Aug 13 12:52:36 dlsprod sshd[30316]: Connection closed by 206.189.127.6 port 53308 [preauth]
Aug 13 12:52:47 dlsprod sshd[30319]: pam_unix(sshd:auth): authentication failure; logname= uid=0 euid=0 tty=ssh ruser= rhost=221.194.47.236 user=root
Aug 13 12:52:49 dlsprod sshd[30319]: Failed password for root from 221.194.47.236 port 55843 ssh2
Aug 13 12:52:54 dlsprod sshd[30319]: message repeated 2 times: [ Failed password for root from 221.194.47.236 port 55843 ssh2]
Aug 13 12:52:54 dlsprod sshd[30319]: Received disconnect from 221.194.47.236 port 55843:11: [preauth]
Aug 13 12:52:54 dlsprod sshd[30319]: Disconnected from 221.194.47.236 port 55843 [preauth]
Aug 13 12:52:54 dlsprod sshd[30319]: PAM 2 more authentication failures; logname= uid=0 euid=0 tty=ssh ruser= rhost=221.194.47.236 user=root
Aug 13 12:52:58 dlsprod sshd[30321]: pam_unix(sshd:auth): authentication failure; logname= uid=0 euid=0 tty=ssh ruser= rhost=221.194.47.236 user=root
Aug 13 12:53:00 dlsprod sshd[30321]: Failed password for root from 221.194.47.236 port 54507 ssh2
Aug 13 12:53:05 dlsprod sshd[30321]: message repeated 2 times: [ Failed password for root from 221.194.47.236 port 54507 ssh2]
Aug 13 12:53:05 dlsprod sshd[30321]: Received disconnect from 221.194.47.236 port 54507:11: [preauth]
Aug 13 12:53:05 dlsprod sshd[30321]: Disconnected from 221.194.47.236 port 54507 [preauth]
Aug 13 12:53:05 dlsprod sshd[30321]: PAM 2 more authentication failures; logname= uid=0 euid=0 tty=ssh ruser= rhost=221.194.47.236 user=root
Aug 13 12:53:08 dlsprod sshd[30323]: pam_unix(sshd:auth): authentication failure; logname= uid=0 euid=0 tty=ssh ruser= rhost=221.194.47.236 user=root
Aug 13 12:53:11 dlsprod sshd[30323]: Failed password for root from 221.194.47.236 port 43210 ssh2
Aug 13 12:53:16 dlsprod sshd[30323]: message repeated 2 times: [ Failed password for root from 221.194.47.236 port 43210 ssh2]
Aug 13 12:53:17 dlsprod sshd[30323]: Received disconnect from 221.194.47.236 port 43210:11: [preauth]
Aug 13 12:53:17 dlsprod sshd[30323]: Disconnected from 221.194.47.236 port 43210 [preauth]
Aug 13 12:53:17 dlsprod sshd[30323]: PAM 2 more authentication failures; logname= uid=0 euid=0 tty=ssh ruser= rhost=221.194.47.236 user=root
Aug 13 12:53:20 dlsprod sshd[30325]: pam_unix(sshd:auth): authentication failure; logname= uid=0 euid=0 tty=ssh ruser= rhost=221.194.47.236 user=root
Aug 13 12:53:22 dlsprod sshd[30325]: Failed password for root from 221.194.47.236 port 35753 ssh2
Aug 13 12:53:28 dlsprod sshd[30325]: message repeated 2 times: [ Failed password for root from 221.194.47.236 port 35753 ssh2]
Aug 13 12:53:28 dlsprod sshd[30325]: Received disconnect from 221.194.47.236 port 35753:11: [preauth]
Aug 13 12:53:28 dlsprod sshd[30325]: Disconnected from 221.194.47.236 port 35753 [preauth]
Aug 13 12:53:28 dlsprod sshd[30325]: PAM 2 more authentication failures; logname= uid=0 euid=0 tty=ssh ruser= rhost=221.194.47.236 user=root
Aug 13 12:53:41 dlsprod sshd[30328]: pam_unix(sshd:auth): authentication failure; logname= uid=0 euid=0 tty=ssh ruser= rhost=221.194.47.236 user=root
Aug 13 12:53:42 dlsprod sshd[30328]: Failed password for root from 221.194.47.236 port 48153 ssh2
Aug 13 12:53:47 dlsprod sshd[30328]: message repeated 2 times: [ Failed password for root from 221.194.47.236 port 48153 ssh2]
Aug 13 12:53:47 dlsprod sshd[30328]: Received disconnect from 221.194.47.236 port 48153:11: [preauth]
Aug 13 12:53:47 dlsprod sshd[30328]: Disconnected from 221.194.47.236 port 48153 [preauth]
Aug 13 12:53:47 dlsprod sshd[30328]: PAM 2 more authentication failures; logname= uid=0 euid=0 tty=ssh ruser= rhost=221.194.47.236 user=root
Aug 13 12:55:01 dlsprod CRON[30331]: pam_unix(cron:session): session opened for user root by (uid=0)
Aug 13 12:55:01 dlsprod CRON[30331]: pam_unix(cron:session): session closed for user root
Aug 13 12:56:03 dlsprod sshd[30335]: pam_unix(sshd:auth): authentication failure; logname= uid=0 euid=0 tty=ssh ruser= rhost=112.85.42.196 user=root
Aug 13 12:56:05 dlsprod sshd[30335]: Failed password for root from 112.85.42.196 port 17014 ssh2
Aug 13 12:56:19 dlsprod sshd[30335]: message repeated 5 times: [ Failed password for root from 112.85.42.196 port 17014 ssh2]
Aug 13 12:56:19 dlsprod sshd[30335]: error: maximum authentication attempts exceeded for root from 112.85.42.196 port 17014 ssh2 [preauth]
Aug 13 12:56:19 dlsprod sshd[30335]: Disconnecting: Too many authentication failures [preauth]
Aug 13 12:56:19 dlsprod sshd[30335]: PAM 5 more authentication failures; logname= uid=0 euid=0 tty=ssh ruser= rhost=112.85.42.196 user=root
Aug 13 12:56:19 dlsprod sshd[30335]: PAM service(sshd) ignoring max retries; 6 > 3
Aug 13 12:56:25 dlsprod sshd[30338]: pam_unix(sshd:auth): authentication failure; logname= uid=0 euid=0 tty=ssh ruser= rhost=112.85.42.196 user=root
Aug 13 12:56:27 dlsprod sshd[30338]: Failed password for root from 112.85.42.196 port 40679 ssh2
Aug 13 12:56:31 dlsprod sshd[30338]: Failed password for root from 112.85.42.196 port 40679 ssh2
Aug 13 12:56:31 dlsprod sshd[30337]: Did not receive identification string from 192.99.77.193
Aug 13 12:56:34 dlsprod sshd[30338]: Failed password for root from 112.85.42.196 port 40679 ssh2
Aug 13 12:56:42 dlsprod sshd[30338]: message repeated 3 times: [ Failed password for root from 112.85.42.196 port 40679 ssh2]
Aug 13 12:56:42 dlsprod sshd[30338]: error: maximum authentication attempts exceeded for root from 112.85.42.196 port 40679 ssh2 [preauth]
Aug 13 12:56:42 dlsprod sshd[30338]: Disconnecting: Too many authentication failures [preauth]
Aug 13 12:56:42 dlsprod sshd[30338]: PAM 5 more authentication failures; logname= uid=0 euid=0 tty=ssh ruser= rhost=112.85.42.196 user=root
Aug 13 12:56:42 dlsprod sshd[30338]: PAM service(sshd) ignoring max retries; 6 > 3
Aug 13 12:56:49 dlsprod sshd[30341]: pam_unix(sshd:auth): authentication failure; logname= uid=0 euid=0 tty=ssh ruser= rhost=112.85.42.196 user=root
Aug 13 12:56:51 dlsprod sshd[30341]: Failed password for root from 112.85.42.196 port 59998 ssh2
Aug 13 12:57:06 dlsprod sshd[30341]: message repeated 5 times: [ Failed password for root from 112.85.42.196 port 59998 ssh2]
Aug 13 12:57:06 dlsprod sshd[30341]: error: maximum authentication attempts exceeded for root from 112.85.42.196 port 59998 ssh2 [preauth]
Aug 13 12:57:06 dlsprod sshd[30341]: Disconnecting: Too many authentication failures [preauth]
Aug 13 12:57:06 dlsprod sshd[30341]: PAM 5 more authentication failures; logname= uid=0 euid=0 tty=ssh ruser= rhost=112.85.42.196 user=root
Aug 13 12:57:06 dlsprod sshd[30341]: PAM service(sshd) ignoring max retries; 6 > 3
Aug 13 12:57:11 dlsprod sshd[30343]: pam_unix(sshd:auth): authentication failure; logname= uid=0 euid=0 tty=ssh ruser= rhost=112.85.42.196 user=root
Aug 13 12:57:12 dlsprod sshd[30343]: Failed password for root from 112.85.42.196 port 12657 ssh2
Aug 13 12:57:15 dlsprod sshd[30343]: Failed password for root from 112.85.42.196 port 12657 ssh2
Aug 13 12:57:16 dlsprod sshd[30345]: pam_unix(sshd:auth): authentication failure; logname= uid=0 euid=0 tty=ssh ruser= rhost=221.194.44.211 user=root
Aug 13 12:57:18 dlsprod sshd[30343]: Failed password for root from 112.85.42.196 port 12657 ssh2
Aug 13 12:57:18 dlsprod sshd[30345]: Failed password for root from 221.194.44.211 port 55893 ssh2
Aug 13 12:57:21 dlsprod sshd[30345]: Failed password for root from 221.194.44.211 port 55893 ssh2
Aug 13 12:57:21 dlsprod sshd[30343]: Failed password for root from 112.85.42.196 port 12657 ssh2
Aug 13 12:57:24 dlsprod sshd[30345]: Failed password for root from 221.194.44.211 port 55893 ssh2
Aug 13 12:57:24 dlsprod sshd[30345]: Received disconnect from 221.194.44.211 port 55893:11: [preauth]
Aug 13 12:57:24 dlsprod sshd[30345]: Disconnected from 221.194.44.211 port 55893 [preauth]
Aug 13 12:57:24 dlsprod sshd[30345]: PAM 2 more authentication failures; logname= uid=0 euid=0 tty=ssh ruser= rhost=221.194.44.211 user=root
Aug 13 12:57:25 dlsprod sshd[30343]: Failed password for root from 112.85.42.196 port 12657 ssh2
Aug 13 12:57:28 dlsprod sshd[30343]: Failed password for root from 112.85.42.196 port 12657 ssh2
Aug 13 12:57:28 dlsprod sshd[30343]: error: maximum authentication attempts exceeded for root from 112.85.42.196 port 12657 ssh2 [preauth]
Aug 13 12:57:28 dlsprod sshd[30343]: Disconnecting: Too many authentication failures [preauth]
Aug 13 12:57:28 dlsprod sshd[30343]: PAM 5 more authentication failures; logname= uid=0 euid=0 tty=ssh ruser= rhost=112.85.42.196 user=root
Aug 13 12:57:28 dlsprod sshd[30343]: PAM service(sshd) ignoring max retries; 6 > 3
Aug 13 12:57:30 dlsprod sshd[30348]: pam_unix(sshd:auth): authentication failure; logname= uid=0 euid=0 tty=ssh ruser= rhost=221.194.44.211 user=root
Aug 13 12:57:31 dlsprod sshd[30350]: pam_unix(sshd:auth): authentication failure; logname= uid=0 euid=0 tty=ssh ruser= rhost=112.85.42.196 user=root
Aug 13 12:57:32 dlsprod sshd[30348]: Failed password for root from 221.194.44.211 port 44974 ssh2
Aug 13 12:57:33 dlsprod sshd[30350]: Failed password for root from 112.85.42.196 port 28399 ssh2
Aug 13 12:57:34 dlsprod sshd[30348]: Failed password for root from 221.194.44.211 port 44974 ssh2
Aug 13 12:57:37 dlsprod sshd[30350]: Failed password for root from 112.85.42.196 port 28399 ssh2
Aug 13 12:57:37 dlsprod sshd[30348]: Failed password for root from 221.194.44.211 port 44974 ssh2
Aug 13 12:57:37 dlsprod sshd[30348]: Received disconnect from 221.194.44.211 port 44974:11: [preauth]
Aug 13 12:57:37 dlsprod sshd[30348]: Disconnected from 221.194.44.211 port 44974 [preauth]
Aug 13 12:57:37 dlsprod sshd[30348]: PAM 2 more authentication failures; logname= uid=0 euid=0 tty=ssh ruser= rhost=221.194.44.211 user=root
Aug 13 12:57:39 dlsprod sshd[30353]: pam_unix(sshd:auth): authentication failure; logname= uid=0 euid=0 tty=ssh ruser= rhost=221.194.44.211 user=root
Aug 13 12:57:39 dlsprod sshd[30350]: Failed password for root from 112.85.42.196 port 28399 ssh2
Aug 13 12:57:41 dlsprod sshd[30353]: Failed password for root from 221.194.44.211 port 43900 ssh2
Aug 13 12:57:42 dlsprod sshd[30350]: Failed password for root from 112.85.42.196 port 28399 ssh2
Aug 13 12:57:44 dlsprod sshd[30353]: Failed password for root from 221.194.44.211 port 43900 ssh2
Aug 13 12:57:45 dlsprod sshd[30350]: Failed password for root from 112.85.42.196 port 28399 ssh2
Aug 13 12:57:46 dlsprod sshd[30353]: Failed password for root from 221.194.44.211 port 43900 ssh2
Aug 13 12:57:47 dlsprod sshd[30353]: Received disconnect from 221.194.44.211 port 43900:11: [preauth]
Aug 13 12:57:47 dlsprod sshd[30353]: Disconnected from 221.194.44.211 port 43900 [preauth]
Aug 13 12:57:47 dlsprod sshd[30353]: PAM 2 more authentication failures; logname= uid=0 euid=0 tty=ssh ruser= rhost=221.194.44.211 user=root
Aug 13 12:57:48 dlsprod sshd[30350]: Failed password for root from 112.85.42.196 port 28399 ssh2
Aug 13 12:57:48 dlsprod sshd[30350]: error: maximum authentication attempts exceeded for root from 112.85.42.196 port 28399 ssh2 [preauth]
Aug 13 12:57:48 dlsprod sshd[30350]: Disconnecting: Too many authentication failures [preauth]
Aug 13 12:57:48 dlsprod sshd[30350]: PAM 5 more authentication failures; logname= uid=0 euid=0 tty=ssh ruser= rhost=112.85.42.196 user=root
Aug 13 12:57:48 dlsprod sshd[30350]: PAM service(sshd) ignoring max retries; 6 > 3
Aug 13 12:57:49 dlsprod sshd[30355]: pam_unix(sshd:auth): authentication failure; logname= uid=0 euid=0 tty=ssh ruser= rhost=221.194.44.211 user=root
Aug 13 12:57:52 dlsprod sshd[30355]: Failed password for root from 221.194.44.211 port 53532 ssh2
Aug 13 12:57:53 dlsprod sshd[30357]: pam_unix(sshd:auth): authentication failure; logname= uid=0 euid=0 tty=ssh ruser= rhost=112.85.42.196 user=root
Aug 13 12:57:54 dlsprod sshd[30355]: Failed password for root from 221.194.44.211 port 53532 ssh2
Aug 13 12:57:55 dlsprod sshd[30357]: Failed password for root from 112.85.42.196 port 43167 ssh2
Aug 13 12:57:56 dlsprod sshd[30355]: Failed password for root from 221.194.44.211 port 53532 ssh2
Aug 13 12:57:57 dlsprod sshd[30355]: Received disconnect from 221.194.44.211 port 53532:11: [preauth]
Aug 13 12:57:57 dlsprod sshd[30355]: Disconnected from 221.194.44.211 port 53532 [preauth]
Aug 13 12:57:57 dlsprod sshd[30355]: PAM 2 more authentication failures; logname= uid=0 euid=0 tty=ssh ruser= rhost=221.194.44.211 user=root
Aug 13 12:57:57 dlsprod sshd[30357]: Failed password for root from 112.85.42.196 port 43167 ssh2
Aug 13 12:57:59 dlsprod sshd[30359]: pam_unix(sshd:auth): authentication failure; logname= uid=0 euid=0 tty=ssh ruser= rhost=221.194.44.211 user=root
Aug 13 12:58:00 dlsprod sshd[30357]: Failed password for root from 112.85.42.196 port 43167 ssh2
Aug 13 12:58:00 dlsprod sshd[30359]: Failed password for root from 221.194.44.211 port 36405 ssh2
Aug 13 12:58:03 dlsprod sshd[30359]: Failed password for root from 221.194.44.211 port 36405 ssh2
Aug 13 12:58:04 dlsprod sshd[30357]: Failed password for root from 112.85.42.196 port 43167 ssh2
Aug 13 12:58:06 dlsprod sshd[30359]: Failed password for root from 221.194.44.211 port 36405 ssh2
Aug 13 12:58:06 dlsprod sshd[30359]: Received disconnect from 221.194.44.211 port 36405:11: [preauth]
Aug 13 12:58:06 dlsprod sshd[30359]: Disconnected from 221.194.44.211 port 36405 [preauth]
Aug 13 12:58:06 dlsprod sshd[30359]: PAM 2 more authentication failures; logname= uid=0 euid=0 tty=ssh ruser= rhost=221.194.44.211 user=root
Aug 13 12:58:07 dlsprod sshd[30357]: Failed password for root from 112.85.42.196 port 43167 ssh2
Aug 13 12:58:10 dlsprod sshd[30357]: Failed password for root from 112.85.42.196 port 43167 ssh2
Aug 13 12:58:10 dlsprod sshd[30357]: error: maximum authentication attempts exceeded for root from 112.85.42.196 port 43167 ssh2 [preauth]
Aug 13 12:58:10 dlsprod sshd[30357]: Disconnecting: Too many authentication failures [preauth]
Aug 13 12:58:10 dlsprod sshd[30357]: PAM 5 more authentication failures; logname= uid=0 euid=0 tty=ssh ruser= rhost=112.85.42.196 user=root
Aug 13 12:58:10 dlsprod sshd[30357]: PAM service(sshd) ignoring max retries; 6 > 3
Aug 13 12:58:10 dlsprod sshd[30361]: pam_unix(sshd:auth): authentication failure; logname= uid=0 euid=0 tty=ssh ruser= rhost=221.194.44.211 user=root
Aug 13 12:58:13 dlsprod sshd[30361]: Failed password for root from 221.194.44.211 port 43177 ssh2
Aug 13 12:58:18 dlsprod sshd[30361]: message repeated 2 times: [ Failed password for root from 221.194.44.211 port 43177 ssh2]
Aug 13 12:58:19 dlsprod sshd[30361]: Received disconnect from 221.194.44.211 port 43177:11: [preauth]
Aug 13 12:58:19 dlsprod sshd[30361]: Disconnected from 221.194.44.211 port 43177 [preauth]
Aug 13 12:58:19 dlsprod sshd[30361]: PAM 2 more authentication failures; logname= uid=0 euid=0 tty=ssh ruser= rhost=221.194.44.211 user=root
Aug 13 12:58:21 dlsprod sshd[30365]: pam_unix(sshd:auth): authentication failure; logname= uid=0 euid=0 tty=ssh ruser= rhost=221.194.44.211 user=root
Aug 13 12:58:21 dlsprod sshd[30363]: pam_unix(sshd:auth): authentication failure; logname= uid=0 euid=0 tty=ssh ruser= rhost=112.85.42.196 user=root
Aug 13 12:58:23 dlsprod sshd[30365]: Failed password for root from 221.194.44.211 port 38397 ssh2
Aug 13 12:58:23 dlsprod sshd[30363]: Failed password for root from 112.85.42.196 port 58765 ssh2
Aug 13 12:58:25 dlsprod sshd[30365]: Failed password for root from 221.194.44.211 port 38397 ssh2
Aug 13 12:58:27 dlsprod sshd[30365]: Failed password for root from 221.194.44.211 port 38397 ssh2
Aug 13 12:58:27 dlsprod sshd[30365]: Received disconnect from 221.194.44.211 port 38397:11: [preauth]
Aug 13 12:58:27 dlsprod sshd[30365]: Disconnected from 221.194.44.211 port 38397 [preauth]
Aug 13 12:58:27 dlsprod sshd[30365]: PAM 2 more authentication failures; logname= uid=0 euid=0 tty=ssh ruser= rhost=221.194.44.211 user=root
Aug 13 12:58:27 dlsprod sshd[30363]: Failed password for root from 112.85.42.196 port 58765 ssh2
Aug 13 12:58:34 dlsprod sshd[30363]: message repeated 2 times: [ Failed password for root from 112.85.42.196 port 58765 ssh2]
Aug 13 12:58:35 dlsprod sshd[30367]: pam_unix(sshd:auth): authentication failure; logname= uid=0 euid=0 tty=ssh ruser= rhost=221.194.44.211 user=root
Aug 13 12:58:37 dlsprod sshd[30367]: Failed password for root from 221.194.44.211 port 36626 ssh2
Aug 13 12:58:37 dlsprod sshd[30363]: Failed password for root from 112.85.42.196 port 58765 ssh2
Aug 13 12:58:41 dlsprod sshd[30363]: Failed password for root from 112.85.42.196 port 58765 ssh2
Aug 13 12:58:41 dlsprod sshd[30363]: error: maximum authentication attempts exceeded for root from 112.85.42.196 port 58765 ssh2 [preauth]
Aug 13 12:58:41 dlsprod sshd[30363]: Disconnecting: Too many authentication failures [preauth]
Aug 13 12:58:41 dlsprod sshd[30363]: PAM 5 more authentication failures; logname= uid=0 euid=0 tty=ssh ruser= rhost=112.85.42.196 user=root
Aug 13 12:58:41 dlsprod sshd[30363]: PAM service(sshd) ignoring max retries; 6 > 3
Aug 13 12:58:42 dlsprod sshd[30367]: Failed password for root from 221.194.44.211 port 36626 ssh2
Aug 13 12:58:44 dlsprod sshd[30367]: Failed password for root from 221.194.44.211 port 36626 ssh2
Aug 13 12:58:45 dlsprod sshd[30367]: Received disconnect from 221.194.44.211 port 36626:11: [preauth]
Aug 13 12:58:45 dlsprod sshd[30367]: Disconnected from 221.194.44.211 port 36626 [preauth]
Aug 13 12:58:45 dlsprod sshd[30367]: PAM 2 more authentication failures; logname= uid=0 euid=0 tty=ssh ruser= rhost=221.194.44.211 user=root
Aug 13 12:58:45 dlsprod sshd[30370]: pam_unix(sshd:auth): authentication failure; logname= uid=0 euid=0 tty=ssh ruser= rhost=112.85.42.196 user=root
Aug 13 12:58:48 dlsprod sshd[30370]: Failed password for root from 112.85.42.196 port 15623 ssh2
Aug 13 12:58:57 dlsprod sshd[30370]: message repeated 3 times: [ Failed password for root from 112.85.42.196 port 15623 ssh2]
Aug 13 12:58:57 dlsprod sshd[30373]: pam_unix(sshd:auth): authentication failure; logname= uid=0 euid=0 tty=ssh ruser= rhost=221.194.44.211 user=root
Aug 13 12:59:00 dlsprod sshd[30373]: Failed password for root from 221.194.44.211 port 50097 ssh2
Aug 13 12:59:01 dlsprod sshd[30370]: Failed password for root from 112.85.42.196 port 15623 ssh2
Aug 13 12:59:02 dlsprod sshd[30373]: Failed password for root from 221.194.44.211 port 50097 ssh2
Aug 13 12:59:04 dlsprod sshd[30370]: Failed password for root from 112.85.42.196 port 15623 ssh2
Aug 13 12:59:04 dlsprod sshd[30370]: error: maximum authentication attempts exceeded for root from 112.85.42.196 port 15623 ssh2 [preauth]
Aug 13 12:59:04 dlsprod sshd[30370]: Disconnecting: Too many authentication failures [preauth]
Aug 13 12:59:04 dlsprod sshd[30370]: PAM 5 more authentication failures; logname= uid=0 euid=0 tty=ssh ruser= rhost=112.85.42.196 user=root
Aug 13 12:59:04 dlsprod sshd[30370]: PAM service(sshd) ignoring max retries; 6 > 3
Aug 13 12:59:05 dlsprod sshd[30373]: Failed password for root from 221.194.44.211 port 50097 ssh2
Aug 13 12:59:05 dlsprod sshd[30373]: Received disconnect from 221.194.44.211 port 50097:11: [preauth]
Aug 13 12:59:05 dlsprod sshd[30373]: Disconnected from 221.194.44.211 port 50097 [preauth]
Aug 13 12:59:05 dlsprod sshd[30373]: PAM 2 more authentication failures; logname= uid=0 euid=0 tty=ssh ruser= rhost=221.194.44.211 user=root
Aug 13 12:59:10 dlsprod sshd[30377]: pam_unix(sshd:auth): authentication failure; logname= uid=0 euid=0 tty=ssh ruser= rhost=221.194.44.211 user=root
Aug 13 12:59:11 dlsprod sshd[30375]: pam_unix(sshd:auth): authentication failure; logname= uid=0 euid=0 tty=ssh ruser= rhost=112.85.42.196 user=root
Aug 13 12:59:13 dlsprod sshd[30375]: Failed password for root from 112.85.42.196 port 31509 ssh2
Aug 13 12:59:13 dlsprod sshd[30377]: Failed password for root from 221.194.44.211 port 36537 ssh2
Aug 13 12:59:15 dlsprod sshd[30377]: Failed password for root from 221.194.44.211 port 36537 ssh2
Aug 13 12:59:16 dlsprod sshd[30375]: Failed password for root from 112.85.42.196 port 31509 ssh2
Aug 13 12:59:19 dlsprod sshd[30375]: Failed password for root from 112.85.42.196 port 31509 ssh2
Aug 13 12:59:19 dlsprod sshd[30377]: Failed password for root from 221.194.44.211 port 36537 ssh2
Aug 13 12:59:19 dlsprod sshd[30377]: Received disconnect from 221.194.44.211 port 36537:11: [preauth]
Aug 13 12:59:19 dlsprod sshd[30377]: Disconnected from 221.194.44.211 port 36537 [preauth]
Aug 13 12:59:19 dlsprod sshd[30377]: PAM 2 more authentication failures; logname= uid=0 euid=0 tty=ssh ruser= rhost=221.194.44.211 user=root
Aug 13 12:59:22 dlsprod sshd[30375]: Failed password for root from 112.85.42.196 port 31509 ssh2
Aug 13 12:59:24 dlsprod sshd[30379]: pam_unix(sshd:auth): authentication failure; logname= uid=0 euid=0 tty=ssh ruser= rhost=221.194.44.211 user=root
Aug 13 12:59:25 dlsprod sshd[30375]: Failed password for root from 112.85.42.196 port 31509 ssh2
Aug 13 12:59:26 dlsprod sshd[30379]: Failed password for root from 221.194.44.211 port 38780 ssh2
Aug 13 12:59:28 dlsprod sshd[30375]: Failed password for root from 112.85.42.196 port 31509 ssh2
Aug 13 12:59:28 dlsprod sshd[30375]: error: maximum authentication attempts exceeded for root from 112.85.42.196 port 31509 ssh2 [preauth]
Aug 13 12:59:28 dlsprod sshd[30375]: Disconnecting: Too many authentication failures [preauth]
Aug 13 12:59:28 dlsprod sshd[30375]: PAM 5 more authentication failures; logname= uid=0 euid=0 tty=ssh ruser= rhost=112.85.42.196 user=root
Aug 13 12:59:28 dlsprod sshd[30375]: PAM service(sshd) ignoring max retries; 6 > 3
Aug 13 12:59:29 dlsprod sshd[30379]: Failed password for root from 221.194.44.211 port 38780 ssh2
Aug 13 12:59:31 dlsprod sshd[30381]: pam_unix(sshd:auth): authentication failure; logname= uid=0 euid=0 tty=ssh ruser= rhost=112.85.42.196 user=root
Aug 13 12:59:32 dlsprod sshd[30379]: Failed password for root from 221.194.44.211 port 38780 ssh2
Aug 13 12:59:32 dlsprod sshd[30379]: Received disconnect from 221.194.44.211 port 38780:11: [preauth]
Aug 13 12:59:32 dlsprod sshd[30379]: Disconnected from 221.194.44.211 port 38780 [preauth]
Aug 13 12:59:32 dlsprod sshd[30379]: PAM 2 more authentication failures; logname= uid=0 euid=0 tty=ssh ruser= rhost=221.194.44.211 user=root
Aug 13 12:59:33 dlsprod sshd[30381]: Failed password for root from 112.85.42.196 port 47935 ssh2
Aug 13 12:59:36 dlsprod sshd[30381]: Failed password for root from 112.85.42.196 port 47935 ssh2
Aug 13 12:59:38 dlsprod sshd[30383]: pam_unix(sshd:auth): authentication failure; logname= uid=0 euid=0 tty=ssh ruser= rhost=221.194.44.211 user=root
Aug 13 12:59:39 dlsprod sshd[30381]: Failed password for root from 112.85.42.196 port 47935 ssh2
Aug 13 12:59:40 dlsprod sshd[30383]: Failed password for root from 221.194.44.211 port 32910 ssh2
Aug 13 12:59:43 dlsprod sshd[30383]: Failed password for root from 221.194.44.211 port 32910 ssh2
Aug 13 12:59:43 dlsprod sshd[30381]: Failed password for root from 112.85.42.196 port 47935 ssh2
Aug 13 12:59:45 dlsprod sshd[30383]: Failed password for root from 221.194.44.211 port 32910 ssh2
Aug 13 12:59:45 dlsprod sshd[30383]: Received disconnect from 221.194.44.211 port 32910:11: [preauth]
Aug 13 12:59:45 dlsprod sshd[30383]: Disconnected from 221.194.44.211 port 32910 [preauth]
Aug 13 12:59:45 dlsprod sshd[30383]: PAM 2 more authentication failures; logname= uid=0 euid=0 tty=ssh ruser= rhost=221.194.44.211 user=root
Aug 13 12:59:45 dlsprod sshd[30381]: Failed password for root from 112.85.42.196 port 47935 ssh2
Aug 13 12:59:49 dlsprod sshd[30381]: Failed password for root from 112.85.42.196 port 47935 ssh2
Aug 13 12:59:49 dlsprod sshd[30381]: error: maximum authentication attempts exceeded for root from 112.85.42.196 port 47935 ssh2 [preauth]
Aug 13 12:59:49 dlsprod sshd[30381]: Disconnecting: Too many authentication failures [preauth]
Aug 13 12:59:49 dlsprod sshd[30381]: PAM 5 more authentication failures; logname= uid=0 euid=0 tty=ssh ruser= rhost=112.85.42.196 user=root
Aug 13 12:59:49 dlsprod sshd[30381]: PAM service(sshd) ignoring max retries; 6 > 3
Aug 13 12:59:50 dlsprod sshd[30386]: pam_unix(sshd:auth): authentication failure; logname= uid=0 euid=0 tty=ssh ruser= rhost=221.194.44.211 user=root
Aug 13 12:59:52 dlsprod sshd[30386]: Failed password for root from 221.194.44.211 port 56116 ssh2
Aug 13 12:59:54 dlsprod sshd[30388]: pam_unix(sshd:auth): authentication failure; logname= uid=0 euid=0 tty=ssh ruser= rhost=112.85.42.196 user=root
Aug 13 12:59:55 dlsprod sshd[30386]: Failed password for root from 221.194.44.211 port 56116 ssh2
Aug 13 12:59:55 dlsprod sshd[30388]: Failed password for root from 112.85.42.196 port 61518 ssh2
Aug 13 12:59:57 dlsprod sshd[30386]: Failed password for root from 221.194.44.211 port 56116 ssh2
Aug 13 12:59:57 dlsprod sshd[30386]: Received disconnect from 221.194.44.211 port 56116:11: [preauth]
Aug 13 12:59:57 dlsprod sshd[30386]: Disconnected from 221.194.44.211 port 56116 [preauth]
Aug 13 12:59:57 dlsprod sshd[30386]: PAM 2 more authentication failures; logname= uid=0 euid=0 tty=ssh ruser= rhost=221.194.44.211 user=root
Aug 13 12:59:59 dlsprod sshd[30388]: Failed password for root from 112.85.42.196 port 61518 ssh2
Aug 13 13:00:00 dlsprod sshd[30390]: pam_unix(sshd:auth): authentication failure; logname= uid=0 euid=0 tty=ssh ruser= rhost=221.194.44.211 user=root
Aug 13 13:00:02 dlsprod sshd[30390]: Failed password for root from 221.194.44.211 port 52078 ssh2
Aug 13 13:00:06 dlsprod sshd[30390]: Failed password for root from 221.194.44.211 port 52078 ssh2
Aug 13 13:00:07 dlsprod sshd[30388]: Failed password for root from 112.85.42.196 port 61518 ssh2
Aug 13 13:00:08 dlsprod sshd[30390]: Failed password for root from 221.194.44.211 port 52078 ssh2
Aug 13 13:00:08 dlsprod sshd[30390]: Received disconnect from 221.194.44.211 port 52078:11: [preauth]
Aug 13 13:00:08 dlsprod sshd[30390]: Disconnected from 221.194.44.211 port 52078 [preauth]
Aug 13 13:00:08 dlsprod sshd[30390]: PAM 2 more authentication failures; logname= uid=0 euid=0 tty=ssh ruser= rhost=221.194.44.211 user=root
Aug 13 13:00:10 dlsprod sshd[30388]: Failed password for root from 112.85.42.196 port 61518 ssh2
Aug 13 13:00:11 dlsprod sshd[30392]: pam_unix(sshd:auth): authentication failure; logname= uid=0 euid=0 tty=ssh ruser= rhost=221.194.44.211 user=root
Aug 13 13:00:13 dlsprod sshd[30388]: Failed password for root from 112.85.42.196 port 61518 ssh2
Aug 13 13:00:13 dlsprod sshd[30392]: Failed password for root from 221.194.44.211 port 40264 ssh2
Aug 13 13:00:16 dlsprod sshd[30392]: Failed password for root from 221.194.44.211 port 40264 ssh2
Aug 13 13:00:16 dlsprod sshd[30388]: Failed password for root from 112.85.42.196 port 61518 ssh2
Aug 13 13:00:16 dlsprod sshd[30388]: error: maximum authentication attempts exceeded for root from 112.85.42.196 port 61518 ssh2 [preauth]
Aug 13 13:00:16 dlsprod sshd[30388]: Disconnecting: Too many authentication failures [preauth]
Aug 13 13:00:16 dlsprod sshd[30388]: PAM 5 more authentication failures; logname= uid=0 euid=0 tty=ssh ruser= rhost=112.85.42.196 user=root
Aug 13 13:00:16 dlsprod sshd[30388]: PAM service(sshd) ignoring max retries; 6 > 3
Aug 13 13:00:18 dlsprod sshd[30392]: Failed password for root from 221.194.44.211 port 40264 ssh2
Aug 13 13:00:19 dlsprod sshd[30392]: Received disconnect from 221.194.44.211 port 40264:11: [preauth]
Aug 13 13:00:19 dlsprod sshd[30392]: Disconnected from 221.194.44.211 port 40264 [preauth]
Aug 13 13:00:19 dlsprod sshd[30392]: PAM 2 more authentication failures; logname= uid=0 euid=0 tty=ssh ruser= rhost=221.194.44.211 user=root
Aug 13 13:00:21 dlsprod sshd[30396]: pam_unix(sshd:auth): authentication failure; logname= uid=0 euid=0 tty=ssh ruser= rhost=221.194.44.211 user=root
Aug 13 13:00:21 dlsprod sshd[30394]: pam_unix(sshd:auth): authentication failure; logname= uid=0 euid=0 tty=ssh ruser= rhost=112.85.42.196 user=root
Aug 13 13:00:24 dlsprod sshd[30396]: Failed password for root from 221.194.44.211 port 58538 ssh2
Aug 13 13:00:24 dlsprod sshd[30394]: Failed password for root from 112.85.42.196 port 15280 ssh2
Aug 13 13:00:26 dlsprod sshd[30396]: Failed password for root from 221.194.44.211 port 58538 ssh2
Aug 13 13:00:26 dlsprod sshd[30394]: Failed password for root from 112.85.42.196 port 15280 ssh2
Aug 13 13:00:28 dlsprod sshd[30396]: Failed password for root from 221.194.44.211 port 58538 ssh2
Aug 13 13:00:29 dlsprod sshd[30396]: Received disconnect from 221.194.44.211 port 58538:11: [preauth]
Aug 13 13:00:29 dlsprod sshd[30396]: Disconnected from 221.194.44.211 port 58538 [preauth]
Aug 13 13:00:29 dlsprod sshd[30396]: PAM 2 more authentication failures; logname= uid=0 euid=0 tty=ssh ruser= rhost=221.194.44.211 user=root
Aug 13 13:00:30 dlsprod sshd[30394]: Failed password for root from 112.85.42.196 port 15280 ssh2
Aug 13 13:00:33 dlsprod sshd[30394]: Failed password for root from 112.85.42.196 port 15280 ssh2
Aug 13 13:00:33 dlsprod sshd[30398]: pam_unix(sshd:auth): authentication failure; logname= uid=0 euid=0 tty=ssh ruser= rhost=221.194.44.211 user=root
Aug 13 13:00:35 dlsprod sshd[30398]: Failed password for root from 221.194.44.211 port 49138 ssh2
Aug 13 13:00:37 dlsprod sshd[30394]: Failed password for root from 112.85.42.196 port 15280 ssh2
Aug 13 13:00:38 dlsprod sshd[30398]: Failed password for root from 221.194.44.211 port 49138 ssh2
Aug 13 13:00:39 dlsprod sshd[30394]: Failed password for root from 112.85.42.196 port 15280 ssh2
Aug 13 13:00:39 dlsprod sshd[30394]: error: maximum authentication attempts exceeded for root from 112.85.42.196 port 15280 ssh2 [preauth]
Aug 13 13:00:39 dlsprod sshd[30394]: Disconnecting: Too many authentication failures [preauth]
Aug 13 13:00:39 dlsprod sshd[30394]: PAM 5 more authentication failures; logname= uid=0 euid=0 tty=ssh ruser= rhost=112.85.42.196 user=root
Aug 13 13:00:39 dlsprod sshd[30394]: PAM service(sshd) ignoring max retries; 6 > 3
Aug 13 13:00:41 dlsprod sshd[30398]: Failed password for root from 221.194.44.211 port 49138 ssh2
Aug 13 13:00:41 dlsprod sshd[30398]: Received disconnect from 221.194.44.211 port 49138:11: [preauth]
Aug 13 13:00:41 dlsprod sshd[30398]: Disconnected from 221.194.44.211 port 49138 [preauth]
Aug 13 13:00:41 dlsprod sshd[30398]: PAM 2 more authentication failures; logname= uid=0 euid=0 tty=ssh ruser= rhost=221.194.44.211 user=root
Aug 13 13:00:43 dlsprod sshd[30401]: pam_unix(sshd:auth): authentication failure; logname= uid=0 euid=0 tty=ssh ruser= rhost=112.85.42.196 user=root
Aug 13 13:00:45 dlsprod sshd[30401]: Failed password for root from 112.85.42.196 port 29224 ssh2
Aug 13 13:00:59 dlsprod sshd[30401]: message repeated 5 times: [ Failed password for root from 112.85.42.196 port 29224 ssh2]
Aug 13 13:00:59 dlsprod sshd[30401]: error: maximum authentication attempts exceeded for root from 112.85.42.196 port 29224 ssh2 [preauth]
Aug 13 13:00:59 dlsprod sshd[30401]: Disconnecting: Too many authentication failures [preauth]
Aug 13 13:00:59 dlsprod sshd[30401]: PAM 5 more authentication failures; logname= uid=0 euid=0 tty=ssh ruser= rhost=112.85.42.196 user=root
Aug 13 13:00:59 dlsprod sshd[30401]: PAM service(sshd) ignoring max retries; 6 > 3
Aug 13 13:01:03 dlsprod sshd[30403]: pam_unix(sshd:auth): authentication failure; logname= uid=0 euid=0 tty=ssh ruser= rhost=112.85.42.196 user=root
Aug 13 13:01:05 dlsprod sshd[30403]: Failed password for root from 112.85.42.196 port 42230 ssh2
Aug 13 13:01:20 dlsprod sshd[30403]: message repeated 5 times: [ Failed password for root from 112.85.42.196 port 42230 ssh2]
Aug 13 13:01:20 dlsprod sshd[30403]: error: maximum authentication attempts exceeded for root from 112.85.42.196 port 42230 ssh2 [preauth]
Aug 13 13:01:20 dlsprod sshd[30403]: Disconnecting: Too many authentication failures [preauth]
Aug 13 13:01:20 dlsprod sshd[30403]: PAM 5 more authentication failures; logname= uid=0 euid=0 tty=ssh ruser= rhost=112.85.42.196 user=root
Aug 13 13:01:20 dlsprod sshd[30403]: PAM service(sshd) ignoring max retries; 6 > 3
Aug 13 13:01:25 dlsprod sshd[30405]: pam_unix(sshd:auth): authentication failure; logname= uid=0 euid=0 tty=ssh ruser= rhost=112.85.42.196 user=root
Aug 13 13:01:27 dlsprod sshd[30405]: Failed password for root from 112.85.42.196 port 56781 ssh2
Aug 13 13:01:40 dlsprod sshd[30405]: message repeated 5 times: [ Failed password for root from 112.85.42.196 port 56781 ssh2]
Aug 13 13:01:40 dlsprod sshd[30405]: error: maximum authentication attempts exceeded for root from 112.85.42.196 port 56781 ssh2 [preauth]
Aug 13 13:01:40 dlsprod sshd[30405]: Disconnecting: Too many authentication failures [preauth]
Aug 13 13:01:40 dlsprod sshd[30405]: PAM 5 more authentication failures; logname= uid=0 euid=0 tty=ssh ruser= rhost=112.85.42.196 user=root
Aug 13 13:01:40 dlsprod sshd[30405]: PAM service(sshd) ignoring max retries; 6 > 3
Aug 13 13:01:45 dlsprod sshd[30412]: pam_unix(sshd:auth): authentication failure; logname= uid=0 euid=0 tty=ssh ruser= rhost=112.85.42.196 user=root
Aug 13 13:01:47 dlsprod sshd[30412]: Failed password for root from 112.85.42.196 port 5508 ssh2
