Aug 12 10:38:56 dlsprod sshd[18891]: Failed password for root from 221.194.44.232 port 50108 ssh2
Aug 12 10:38:58 dlsprod sshd[18889]: Failed password for root from 221.194.47.205 port 33174 ssh2
Aug 12 10:38:58 dlsprod sshd[18889]: Received disconnect from 221.194.47.205 port 33174:11: [preauth]
Aug 12 10:38:58 dlsprod sshd[18889]: Disconnected from 221.194.47.205 port 33174 [preauth]
Aug 12 10:38:58 dlsprod sshd[18889]: PAM 2 more authentication failures; logname= uid=0 euid=0 tty=ssh ruser= rhost=221.194.47.205 user=root
Aug 12 10:38:58 dlsprod sshd[18891]: Failed password for root from 221.194.44.232 port 50108 ssh2
Aug 12 10:39:01 dlsprod CRON[18893]: pam_unix(cron:session): session opened for user root by (uid=0)
Aug 12 10:39:01 dlsprod CRON[18893]: pam_unix(cron:session): session closed for user root
Aug 12 10:39:01 dlsprod sshd[18891]: Failed password for root from 221.194.44.232 port 50108 ssh2
Aug 12 10:39:02 dlsprod sshd[18891]: Received disconnect from 221.194.44.232 port 50108:11: [preauth]
Aug 12 10:39:02 dlsprod sshd[18891]: Disconnected from 221.194.44.232 port 50108 [preauth]
Aug 12 10:39:02 dlsprod sshd[18891]: PAM 2 more authentication failures; logname= uid=0 euid=0 tty=ssh ruser= rhost=221.194.44.232 user=root
Aug 12 10:39:05 dlsprod sshd[18935]: pam_unix(sshd:auth): authentication failure; logname= uid=0 euid=0 tty=ssh ruser= rhost=221.194.47.205 user=root
Aug 12 10:39:07 dlsprod sshd[18935]: Failed password for root from 221.194.47.205 port 34508 ssh2
Aug 12 10:39:07 dlsprod sshd[18937]: pam_unix(sshd:auth): authentication failure; logname= uid=0 euid=0 tty=ssh ruser= rhost=221.194.44.232 user=root
Aug 12 10:39:09 dlsprod sshd[18937]: Failed password for root from 221.194.44.232 port 39205 ssh2
Aug 12 10:39:09 dlsprod sshd[18935]: Failed password for root from 221.194.47.205 port 34508 ssh2
Aug 12 10:39:11 dlsprod sshd[18937]: Failed password for root from 221.194.44.232 port 39205 ssh2
Aug 12 10:39:14 dlsprod sshd[18937]: Failed password for root from 221.194.44.232 port 39205 ssh2
Aug 12 10:39:14 dlsprod sshd[18935]: Failed password for root from 221.194.47.205 port 34508 ssh2
Aug 12 10:39:15 dlsprod sshd[18937]: Received disconnect from 221.194.44.232 port 39205:11: [preauth]
Aug 12 10:39:15 dlsprod sshd[18937]: Disconnected from 221.194.44.232 port 39205 [preauth]
Aug 12 10:39:15 dlsprod sshd[18937]: PAM 2 more authentication failures; logname= uid=0 euid=0 tty=ssh ruser= rhost=221.194.44.232 user=root
Aug 12 10:39:15 dlsprod sshd[18935]: Received disconnect from 221.194.47.205 port 34508:11: [preauth]
Aug 12 10:39:15 dlsprod sshd[18935]: Disconnected from 221.194.47.205 port 34508 [preauth]
Aug 12 10:39:15 dlsprod sshd[18935]: PAM 2 more authentication failures; logname= uid=0 euid=0 tty=ssh ruser= rhost=221.194.47.205 user=root
Aug 12 10:39:18 dlsprod sshd[18939]: pam_unix(sshd:auth): authentication failure; logname= uid=0 euid=0 tty=ssh ruser= rhost=221.194.44.232 user=root
Aug 12 10:39:20 dlsprod sshd[18943]: pam_unix(sshd:auth): authentication failure; logname= uid=0 euid=0 tty=ssh ruser= rhost=221.194.47.205 user=root
Aug 12 10:39:20 dlsprod sshd[18941]: Invalid user wei from 193.112.10.59
Aug 12 10:39:20 dlsprod sshd[18941]: input_userauth_request: invalid user wei [preauth]
Aug 12 10:39:20 dlsprod sshd[18941]: pam_unix(sshd:auth): check pass; user unknown
Aug 12 10:39:20 dlsprod sshd[18941]: pam_unix(sshd:auth): authentication failure; logname= uid=0 euid=0 tty=ssh ruser= rhost=193.112.10.59
Aug 12 10:39:20 dlsprod sshd[18939]: Failed password for root from 221.194.44.232 port 39846 ssh2
Aug 12 10:39:22 dlsprod sshd[18943]: Failed password for root from 221.194.47.205 port 41774 ssh2
Aug 12 10:39:22 dlsprod sshd[18941]: Failed password for invalid user wei from 193.112.10.59 port 60412 ssh2
Aug 12 10:39:22 dlsprod sshd[18941]: Connection closed by 193.112.10.59 port 60412 [preauth]
Aug 12 10:39:24 dlsprod sshd[18939]: Failed password for root from 221.194.44.232 port 39846 ssh2
Aug 12 10:39:24 dlsprod sshd[18943]: Failed password for root from 221.194.47.205 port 41774 ssh2
Aug 12 10:39:26 dlsprod sshd[18939]: Failed password for root from 221.194.44.232 port 39846 ssh2
Aug 12 10:39:26 dlsprod sshd[18943]: Failed password for root from 221.194.47.205 port 41774 ssh2
Aug 12 10:39:26 dlsprod sshd[18939]: Received disconnect from 221.194.44.232 port 39846:11: [preauth]
Aug 12 10:39:26 dlsprod sshd[18939]: Disconnected from 221.194.44.232 port 39846 [preauth]
Aug 12 10:39:26 dlsprod sshd[18939]: PAM 2 more authentication failures; logname= uid=0 euid=0 tty=ssh ruser= rhost=221.194.44.232 user=root
Aug 12 10:39:28 dlsprod sshd[18943]: Received disconnect from 221.194.47.205 port 41774:11: [preauth]
Aug 12 10:39:28 dlsprod sshd[18943]: Disconnected from 221.194.47.205 port 41774 [preauth]
Aug 12 10:39:28 dlsprod sshd[18943]: PAM 2 more authentication failures; logname= uid=0 euid=0 tty=ssh ruser= rhost=221.194.47.205 user=root
Aug 12 10:39:32 dlsprod sshd[18946]: pam_unix(sshd:auth): authentication failure; logname= uid=0 euid=0 tty=ssh ruser= rhost=221.194.47.205 user=root
Aug 12 10:39:34 dlsprod sshd[18946]: Failed password for root from 221.194.47.205 port 37218 ssh2
Aug 12 10:39:34 dlsprod sshd[18948]: pam_unix(sshd:auth): authentication failure; logname= uid=0 euid=0 tty=ssh ruser= rhost=221.194.44.232 user=root
Aug 12 10:39:36 dlsprod sshd[18946]: Failed password for root from 221.194.47.205 port 37218 ssh2
Aug 12 10:39:36 dlsprod sshd[18948]: Failed password for root from 221.194.44.232 port 50456 ssh2
Aug 12 10:39:39 dlsprod sshd[18948]: Failed password for root from 221.194.44.232 port 50456 ssh2
Aug 12 10:39:39 dlsprod sshd[18946]: Failed password for root from 221.194.47.205 port 37218 ssh2
Aug 12 10:39:39 dlsprod sshd[18946]: Received disconnect from 221.194.47.205 port 37218:11: [preauth]
Aug 12 10:39:39 dlsprod sshd[18946]: Disconnected from 221.194.47.205 port 37218 [preauth]
Aug 12 10:39:39 dlsprod sshd[18946]: PAM 2 more authentication failures; logname= uid=0 euid=0 tty=ssh ruser= rhost=221.194.47.205 user=root
Aug 12 10:39:41 dlsprod sshd[18948]: Failed password for root from 221.194.44.232 port 50456 ssh2
Aug 12 10:39:43 dlsprod sshd[18948]: Received disconnect from 221.194.44.232 port 50456:11: [preauth]
Aug 12 10:39:43 dlsprod sshd[18948]: Disconnected from 221.194.44.232 port 50456 [preauth]
Aug 12 10:39:43 dlsprod sshd[18948]: PAM 2 more authentication failures; logname= uid=0 euid=0 tty=ssh ruser= rhost=221.194.44.232 user=root
Aug 12 10:39:46 dlsprod sshd[18950]: pam_unix(sshd:auth): authentication failure; logname= uid=0 euid=0 tty=ssh ruser= rhost=221.194.47.205 user=root
Aug 12 10:39:47 dlsprod sshd[18952]: pam_unix(sshd:auth): authentication failure; logname= uid=0 euid=0 tty=ssh ruser= rhost=221.194.44.232 user=root
Aug 12 10:39:48 dlsprod sshd[18950]: Failed password for root from 221.194.47.205 port 47978 ssh2
Aug 12 10:39:49 dlsprod sshd[18952]: Failed password for root from 221.194.44.232 port 40148 ssh2
Aug 12 10:39:51 dlsprod sshd[18950]: Failed password for root from 221.194.47.205 port 47978 ssh2
Aug 12 10:39:51 dlsprod sshd[18952]: Failed password for root from 221.194.44.232 port 40148 ssh2
Aug 12 10:39:53 dlsprod sshd[18950]: Failed password for root from 221.194.47.205 port 47978 ssh2
Aug 12 10:39:53 dlsprod sshd[18950]: Received disconnect from 221.194.47.205 port 47978:11: [preauth]
Aug 12 10:39:53 dlsprod sshd[18950]: Disconnected from 221.194.47.205 port 47978 [preauth]
Aug 12 10:39:53 dlsprod sshd[18950]: PAM 2 more authentication failures; logname= uid=0 euid=0 tty=ssh ruser= rhost=221.194.47.205 user=root
Aug 12 10:39:55 dlsprod sshd[18952]: Failed password for root from 221.194.44.232 port 40148 ssh2
Aug 12 10:39:56 dlsprod sshd[18952]: Received disconnect from 221.194.44.232 port 40148:11: [preauth]
Aug 12 10:39:56 dlsprod sshd[18952]: Disconnected from 221.194.44.232 port 40148 [preauth]
Aug 12 10:39:56 dlsprod sshd[18952]: PAM 2 more authentication failures; logname= uid=0 euid=0 tty=ssh ruser= rhost=221.194.44.232 user=root
Aug 12 10:39:58 dlsprod sshd[18954]: pam_unix(sshd:auth): authentication failure; logname= uid=0 euid=0 tty=ssh ruser= rhost=221.194.47.205 user=root
Aug 12 10:40:00 dlsprod sshd[18954]: Failed password for root from 221.194.47.205 port 49650 ssh2
Aug 12 10:40:04 dlsprod sshd[18954]: message repeated 2 times: [ Failed password for root from 221.194.47.205 port 49650 ssh2]
Aug 12 10:40:04 dlsprod sshd[18956]: pam_unix(sshd:auth): authentication failure; logname= uid=0 euid=0 tty=ssh ruser= rhost=221.194.44.232 user=root
Aug 12 10:40:04 dlsprod sshd[18954]: Received disconnect from 221.194.47.205 port 49650:11: [preauth]
Aug 12 10:40:04 dlsprod sshd[18954]: Disconnected from 221.194.47.205 port 49650 [preauth]
Aug 12 10:40:04 dlsprod sshd[18954]: PAM 2 more authentication failures; logname= uid=0 euid=0 tty=ssh ruser= rhost=221.194.47.205 user=root
Aug 12 10:40:06 dlsprod sshd[18956]: Failed password for root from 221.194.44.232 port 54992 ssh2
Aug 12 10:40:09 dlsprod sshd[18956]: Failed password for root from 221.194.44.232 port 54992 ssh2
Aug 12 10:40:10 dlsprod sshd[18958]: pam_unix(sshd:auth): authentication failure; logname= uid=0 euid=0 tty=ssh ruser= rhost=221.194.47.205 user=root
Aug 12 10:40:11 dlsprod sshd[18956]: Failed password for root from 221.194.44.232 port 54992 ssh2
Aug 12 10:40:12 dlsprod sshd[18956]: Received disconnect from 221.194.44.232 port 54992:11: [preauth]
Aug 12 10:40:12 dlsprod sshd[18956]: Disconnected from 221.194.44.232 port 54992 [preauth]
Aug 12 10:40:12 dlsprod sshd[18956]: PAM 2 more authentication failures; logname= uid=0 euid=0 tty=ssh ruser= rhost=221.194.44.232 user=root
Aug 12 10:40:12 dlsprod sshd[18958]: Failed password for root from 221.194.47.205 port 60890 ssh2
Aug 12 10:40:17 dlsprod sshd[18958]: message repeated 2 times: [ Failed password for root from 221.194.47.205 port 60890 ssh2]
Aug 12 10:40:18 dlsprod sshd[18958]: Received disconnect from 221.194.47.205 port 60890:11: [preauth]
Aug 12 10:40:18 dlsprod sshd[18958]: Disconnected from 221.194.47.205 port 60890 [preauth]
Aug 12 10:40:18 dlsprod sshd[18958]: PAM 2 more authentication failures; logname= uid=0 euid=0 tty=ssh ruser= rhost=221.194.47.205 user=root
Aug 12 10:40:22 dlsprod sshd[18961]: pam_unix(sshd:auth): authentication failure; logname= uid=0 euid=0 tty=ssh ruser= rhost=221.194.47.205 user=root
Aug 12 10:40:24 dlsprod sshd[18961]: Failed password for root from 221.194.47.205 port 59994 ssh2
Aug 12 10:40:28 dlsprod sshd[18961]: Failed password for root from 221.194.47.205 port 59994 ssh2
Aug 12 10:40:29 dlsprod sshd[18963]: pam_unix(sshd:auth): authentication failure; logname= uid=0 euid=0 tty=ssh ruser= rhost=115.238.245.4 user=root
Aug 12 10:40:31 dlsprod sshd[18963]: Failed password for root from 115.238.245.4 port 49505 ssh2
Aug 12 10:40:32 dlsprod sshd[18961]: Failed password for root from 221.194.47.205 port 59994 ssh2
Aug 12 10:40:33 dlsprod sshd[18961]: Received disconnect from 221.194.47.205 port 59994:11: [preauth]
Aug 12 10:40:33 dlsprod sshd[18961]: Disconnected from 221.194.47.205 port 59994 [preauth]
Aug 12 10:40:33 dlsprod sshd[18961]: PAM 2 more authentication failures; logname= uid=0 euid=0 tty=ssh ruser= rhost=221.194.47.205 user=root
Aug 12 10:40:34 dlsprod sshd[18963]: Failed password for root from 115.238.245.4 port 49505 ssh2
Aug 12 10:40:35 dlsprod sshd[18965]: pam_unix(sshd:auth): authentication failure; logname= uid=0 euid=0 tty=ssh ruser= rhost=221.194.47.205 user=root
Aug 12 10:40:37 dlsprod sshd[18965]: Failed password for root from 221.194.47.205 port 47286 ssh2
Aug 12 10:40:40 dlsprod sshd[18965]: Failed password for root from 221.194.47.205 port 47286 ssh2
Aug 12 10:40:42 dlsprod sshd[18963]: Received disconnect from 115.238.245.4 port 49505:11: [preauth]
Aug 12 10:40:42 dlsprod sshd[18963]: Disconnected from 115.238.245.4 port 49505 [preauth]
Aug 12 10:40:42 dlsprod sshd[18963]: PAM 1 more authentication failure; logname= uid=0 euid=0 tty=ssh ruser= rhost=115.238.245.4 user=root
Aug 12 10:40:42 dlsprod sshd[18965]: Failed password for root from 221.194.47.205 port 47286 ssh2
Aug 12 10:40:42 dlsprod sshd[18965]: Received disconnect from 221.194.47.205 port 47286:11: [preauth]
Aug 12 10:40:42 dlsprod sshd[18965]: Disconnected from 221.194.47.205 port 47286 [preauth]
Aug 12 10:40:42 dlsprod sshd[18965]: PAM 2 more authentication failures; logname= uid=0 euid=0 tty=ssh ruser= rhost=221.194.47.205 user=root
Aug 12 10:40:45 dlsprod sshd[18967]: pam_unix(sshd:auth): authentication failure; logname= uid=0 euid=0 tty=ssh ruser= rhost=221.194.47.205 user=root
Aug 12 10:40:47 dlsprod sshd[18967]: Failed password for root from 221.194.47.205 port 38238 ssh2
Aug 12 10:40:52 dlsprod sshd[18967]: message repeated 2 times: [ Failed password for root from 221.194.47.205 port 38238 ssh2]
Aug 12 10:40:53 dlsprod sshd[18967]: Received disconnect from 221.194.47.205 port 38238:11: [preauth]
Aug 12 10:40:53 dlsprod sshd[18967]: Disconnected from 221.194.47.205 port 38238 [preauth]
Aug 12 10:40:53 dlsprod sshd[18967]: PAM 2 more authentication failures; logname= uid=0 euid=0 tty=ssh ruser= rhost=221.194.47.205 user=root
Aug 12 10:40:55 dlsprod sshd[18971]: pam_unix(sshd:auth): authentication failure; logname= uid=0 euid=0 tty=ssh ruser= rhost=221.194.47.205 user=root
Aug 12 10:40:57 dlsprod sshd[18971]: Failed password for root from 221.194.47.205 port 43086 ssh2
Aug 12 10:41:02 dlsprod sshd[18971]: message repeated 2 times: [ Failed password for root from 221.194.47.205 port 43086 ssh2]
Aug 12 10:41:03 dlsprod sshd[18971]: Received disconnect from 221.194.47.205 port 43086:11: [preauth]
Aug 12 10:41:03 dlsprod sshd[18971]: Disconnected from 221.194.47.205 port 43086 [preauth]
Aug 12 10:41:03 dlsprod sshd[18971]: PAM 2 more authentication failures; logname= uid=0 euid=0 tty=ssh ruser= rhost=221.194.47.205 user=root
Aug 12 10:41:05 dlsprod sshd[18973]: pam_unix(sshd:auth): authentication failure; logname= uid=0 euid=0 tty=ssh ruser= rhost=221.194.47.205 user=root
Aug 12 10:41:06 dlsprod sshd[18969]: pam_unix(sshd:auth): authentication failure; logname= uid=0 euid=0 tty=ssh ruser= rhost=115.238.245.4 user=root
Aug 12 10:41:07 dlsprod sshd[18973]: Failed password for root from 221.194.47.205 port 45762 ssh2
Aug 12 10:41:08 dlsprod sshd[18969]: Failed password for root from 115.238.245.4 port 38508 ssh2
Aug 12 10:41:09 dlsprod sshd[18973]: Failed password for root from 221.194.47.205 port 45762 ssh2
Aug 12 10:41:11 dlsprod sshd[18969]: Failed password for root from 115.238.245.4 port 38508 ssh2
Aug 12 10:41:12 dlsprod sshd[18973]: Failed password for root from 221.194.47.205 port 45762 ssh2
Aug 12 10:41:13 dlsprod sshd[18973]: Received disconnect from 221.194.47.205 port 45762:11: [preauth]
Aug 12 10:41:13 dlsprod sshd[18973]: Disconnected from 221.194.47.205 port 45762 [preauth]
Aug 12 10:41:13 dlsprod sshd[18973]: PAM 2 more authentication failures; logname= uid=0 euid=0 tty=ssh ruser= rhost=221.194.47.205 user=root
Aug 12 10:41:14 dlsprod sshd[18969]: Failed password for root from 115.238.245.4 port 38508 ssh2
Aug 12 10:41:14 dlsprod sshd[18969]: Received disconnect from 115.238.245.4 port 38508:11: [preauth]
Aug 12 10:41:14 dlsprod sshd[18969]: Disconnected from 115.238.245.4 port 38508 [preauth]
Aug 12 10:41:14 dlsprod sshd[18969]: PAM 2 more authentication failures; logname= uid=0 euid=0 tty=ssh ruser= rhost=115.238.245.4 user=root
Aug 12 10:41:22 dlsprod sshd[18975]: pam_unix(sshd:auth): authentication failure; logname= uid=0 euid=0 tty=ssh ruser= rhost=115.238.245.4 user=root
Aug 12 10:41:25 dlsprod sshd[18975]: Failed password for root from 115.238.245.4 port 34818 ssh2
Aug 12 10:41:26 dlsprod sshd[18978]: pam_unix(sshd:auth): authentication failure; logname= uid=0 euid=0 tty=ssh ruser= rhost=221.194.47.205 user=root
Aug 12 10:41:28 dlsprod sshd[18975]: Failed password for root from 115.238.245.4 port 34818 ssh2
Aug 12 10:41:28 dlsprod sshd[18978]: Failed password for root from 221.194.47.205 port 34386 ssh2
Aug 12 10:41:30 dlsprod sshd[18980]: pam_unix(sshd:auth): authentication failure; logname= uid=0 euid=0 tty=ssh ruser= rhost=121.18.238.115 user=root
Aug 12 10:41:31 dlsprod sshd[18975]: Failed password for root from 115.238.245.4 port 34818 ssh2
Aug 12 10:41:31 dlsprod sshd[18975]: Received disconnect from 115.238.245.4 port 34818:11: [preauth]
Aug 12 10:41:31 dlsprod sshd[18975]: Disconnected from 115.238.245.4 port 34818 [preauth]
Aug 12 10:41:31 dlsprod sshd[18975]: PAM 2 more authentication failures; logname= uid=0 euid=0 tty=ssh ruser= rhost=115.238.245.4 user=root
Aug 12 10:41:32 dlsprod sshd[18978]: Failed password for root from 221.194.47.205 port 34386 ssh2
Aug 12 10:41:33 dlsprod sshd[18980]: Failed password for root from 121.18.238.115 port 51547 ssh2
Aug 12 10:41:34 dlsprod sshd[18978]: Failed password for root from 221.194.47.205 port 34386 ssh2
Aug 12 10:41:34 dlsprod sshd[18978]: Received disconnect from 221.194.47.205 port 34386:11: [preauth]
Aug 12 10:41:34 dlsprod sshd[18978]: Disconnected from 221.194.47.205 port 34386 [preauth]
Aug 12 10:41:34 dlsprod sshd[18978]: PAM 2 more authentication failures; logname= uid=0 euid=0 tty=ssh ruser= rhost=221.194.47.205 user=root
Aug 12 10:41:36 dlsprod sshd[18980]: Failed password for root from 121.18.238.115 port 51547 ssh2
Aug 12 10:41:36 dlsprod sshd[18982]: pam_unix(sshd:auth): authentication failure; logname= uid=0 euid=0 tty=ssh ruser= rhost=115.238.245.4 user=root
Aug 12 10:41:38 dlsprod sshd[18982]: Failed password for root from 115.238.245.4 port 46725 ssh2
Aug 12 10:41:38 dlsprod sshd[18980]: Failed password for root from 121.18.238.115 port 51547 ssh2
Aug 12 10:41:39 dlsprod sshd[18980]: Received disconnect from 121.18.238.115 port 51547:11: [preauth]
Aug 12 10:41:39 dlsprod sshd[18980]: Disconnected from 121.18.238.115 port 51547 [preauth]
Aug 12 10:41:39 dlsprod sshd[18980]: PAM 2 more authentication failures; logname= uid=0 euid=0 tty=ssh ruser= rhost=121.18.238.115 user=root
Aug 12 10:41:41 dlsprod sshd[18982]: Failed password for root from 115.238.245.4 port 46725 ssh2
Aug 12 10:41:42 dlsprod sshd[18984]: pam_unix(sshd:auth): authentication failure; logname= uid=0 euid=0 tty=ssh ruser= rhost=121.18.238.115 user=root
Aug 12 10:41:44 dlsprod sshd[18982]: Failed password for root from 115.238.245.4 port 46725 ssh2
Aug 12 10:41:44 dlsprod sshd[18982]: Received disconnect from 115.238.245.4 port 46725:11: [preauth]
Aug 12 10:41:44 dlsprod sshd[18982]: Disconnected from 115.238.245.4 port 46725 [preauth]
Aug 12 10:41:44 dlsprod sshd[18982]: PAM 2 more authentication failures; logname= uid=0 euid=0 tty=ssh ruser= rhost=115.238.245.4 user=root
Aug 12 10:41:44 dlsprod sshd[18984]: Failed password for root from 121.18.238.115 port 51419 ssh2
Aug 12 10:41:50 dlsprod sshd[18984]: message repeated 2 times: [ Failed password for root from 121.18.238.115 port 51419 ssh2]
Aug 12 10:41:50 dlsprod sshd[18984]: Received disconnect from 121.18.238.115 port 51419:11: [preauth]
Aug 12 10:41:50 dlsprod sshd[18984]: Disconnected from 121.18.238.115 port 51419 [preauth]
Aug 12 10:41:50 dlsprod sshd[18984]: PAM 2 more authentication failures; logname= uid=0 euid=0 tty=ssh ruser= rhost=121.18.238.115 user=root
Aug 12 10:41:54 dlsprod sshd[18988]: pam_unix(sshd:auth): authentication failure; logname= uid=0 euid=0 tty=ssh ruser= rhost=121.18.238.115 user=root
Aug 12 10:41:54 dlsprod sshd[18986]: pam_unix(sshd:auth): authentication failure; logname= uid=0 euid=0 tty=ssh ruser= rhost=115.238.245.4 user=root
Aug 12 10:41:56 dlsprod sshd[18988]: Failed password for root from 121.18.238.115 port 40926 ssh2
Aug 12 10:41:56 dlsprod sshd[18986]: Failed password for root from 115.238.245.4 port 37832 ssh2
Aug 12 10:41:58 dlsprod sshd[18988]: Failed password for root from 121.18.238.115 port 40926 ssh2
Aug 12 10:41:59 dlsprod sshd[18986]: Failed password for root from 115.238.245.4 port 37832 ssh2
Aug 12 10:42:00 dlsprod sshd[18988]: Failed password for root from 121.18.238.115 port 40926 ssh2
Aug 12 10:42:01 dlsprod sshd[18988]: Received disconnect from 121.18.238.115 port 40926:11: [preauth]
Aug 12 10:42:01 dlsprod sshd[18988]: Disconnected from 121.18.238.115 port 40926 [preauth]
Aug 12 10:42:01 dlsprod sshd[18988]: PAM 2 more authentication failures; logname= uid=0 euid=0 tty=ssh ruser= rhost=121.18.238.115 user=root
Aug 12 10:42:02 dlsprod sshd[18986]: Failed password for root from 115.238.245.4 port 37832 ssh2
Aug 12 10:42:05 dlsprod sshd[18986]: Received disconnect from 115.238.245.4 port 37832:11: [preauth]
Aug 12 10:42:05 dlsprod sshd[18986]: Disconnected from 115.238.245.4 port 37832 [preauth]
Aug 12 10:42:05 dlsprod sshd[18986]: PAM 2 more authentication failures; logname= uid=0 euid=0 tty=ssh ruser= rhost=115.238.245.4 user=root
Aug 12 10:42:09 dlsprod sshd[18991]: pam_unix(sshd:auth): authentication failure; logname= uid=0 euid=0 tty=ssh ruser= rhost=115.238.245.4 user=root
Aug 12 10:42:11 dlsprod sshd[18991]: Failed password for root from 115.238.245.4 port 46374 ssh2
Aug 12 10:42:13 dlsprod sshd[18993]: pam_unix(sshd:auth): authentication failure; logname= uid=0 euid=0 tty=ssh ruser= rhost=121.18.238.115 user=root
Aug 12 10:42:14 dlsprod sshd[18991]: Failed password for root from 115.238.245.4 port 46374 ssh2
Aug 12 10:42:15 dlsprod sshd[18993]: Failed password for root from 121.18.238.115 port 46172 ssh2
Aug 12 10:42:16 dlsprod sshd[18991]: Failed password for root from 115.238.245.4 port 46374 ssh2
Aug 12 10:42:17 dlsprod sshd[18991]: Received disconnect from 115.238.245.4 port 46374:11: [preauth]
Aug 12 10:42:17 dlsprod sshd[18991]: Disconnected from 115.238.245.4 port 46374 [preauth]
Aug 12 10:42:17 dlsprod sshd[18991]: PAM 2 more authentication failures; logname= uid=0 euid=0 tty=ssh ruser= rhost=115.238.245.4 user=root
Aug 12 10:42:18 dlsprod sshd[18993]: Failed password for root from 121.18.238.115 port 46172 ssh2
Aug 12 10:42:20 dlsprod sshd[18993]: Failed password for root from 121.18.238.115 port 46172 ssh2
Aug 12 10:42:21 dlsprod sshd[18993]: Received disconnect from 121.18.238.115 port 46172:11: [preauth]
Aug 12 10:42:21 dlsprod sshd[18993]: Disconnected from 121.18.238.115 port 46172 [preauth]
Aug 12 10:42:21 dlsprod sshd[18993]: PAM 2 more authentication failures; logname= uid=0 euid=0 tty=ssh ruser= rhost=121.18.238.115 user=root
Aug 12 10:42:24 dlsprod sshd[18998]: pam_unix(sshd:auth): authentication failure; logname= uid=0 euid=0 tty=ssh ruser= rhost=121.18.238.115 user=root
Aug 12 10:42:27 dlsprod sshd[18998]: Failed password for root from 121.18.238.115 port 56326 ssh2
Aug 12 10:42:31 dlsprod sshd[18998]: message repeated 2 times: [ Failed password for root from 121.18.238.115 port 56326 ssh2]
Aug 12 10:42:31 dlsprod sshd[18998]: Received disconnect from 121.18.238.115 port 56326:11: [preauth]
Aug 12 10:42:31 dlsprod sshd[18998]: Disconnected from 121.18.238.115 port 56326 [preauth]
Aug 12 10:42:31 dlsprod sshd[18998]: PAM 2 more authentication failures; logname= uid=0 euid=0 tty=ssh ruser= rhost=121.18.238.115 user=root
Aug 12 10:42:33 dlsprod sshd[18995]: pam_unix(sshd:auth): authentication failure; logname= uid=0 euid=0 tty=ssh ruser= rhost=115.238.245.4 user=root
Aug 12 10:42:35 dlsprod sshd[18995]: Failed password for root from 115.238.245.4 port 51471 ssh2
Aug 12 10:42:36 dlsprod sshd[19000]: pam_unix(sshd:auth): authentication failure; logname= uid=0 euid=0 tty=ssh ruser= rhost=122.226.181.165 user=root
Aug 12 10:42:38 dlsprod sshd[18995]: Failed password for root from 115.238.245.4 port 51471 ssh2
Aug 12 10:42:38 dlsprod sshd[19000]: Failed password for root from 122.226.181.165 port 38166 ssh2
Aug 12 10:42:41 dlsprod sshd[19000]: Failed password for root from 122.226.181.165 port 38166 ssh2
Aug 12 10:42:42 dlsprod sshd[18995]: Failed password for root from 115.238.245.4 port 51471 ssh2
Aug 12 10:42:42 dlsprod sshd[18995]: Received disconnect from 115.238.245.4 port 51471:11: [preauth]
Aug 12 10:42:42 dlsprod sshd[18995]: Disconnected from 115.238.245.4 port 51471 [preauth]
Aug 12 10:42:42 dlsprod sshd[18995]: PAM 2 more authentication failures; logname= uid=0 euid=0 tty=ssh ruser= rhost=115.238.245.4 user=root
Aug 12 10:42:43 dlsprod sshd[19000]: Failed password for root from 122.226.181.165 port 38166 ssh2
Aug 12 10:42:44 dlsprod sshd[19000]: Received disconnect from 122.226.181.165 port 38166:11: [preauth]
Aug 12 10:42:44 dlsprod sshd[19000]: Disconnected from 122.226.181.165 port 38166 [preauth]
Aug 12 10:42:44 dlsprod sshd[19000]: PAM 2 more authentication failures; logname= uid=0 euid=0 tty=ssh ruser= rhost=122.226.181.165 user=root
Aug 12 10:42:48 dlsprod sshd[19002]: pam_unix(sshd:auth): authentication failure; logname= uid=0 euid=0 tty=ssh ruser= rhost=122.226.181.165 user=root
Aug 12 10:42:50 dlsprod sshd[19002]: Failed password for root from 122.226.181.165 port 40516 ssh2
Aug 12 10:42:55 dlsprod sshd[19002]: message repeated 2 times: [ Failed password for root from 122.226.181.165 port 40516 ssh2]
Aug 12 10:42:55 dlsprod sshd[19002]: Received disconnect from 122.226.181.165 port 40516:11: [preauth]
Aug 12 10:42:55 dlsprod sshd[19002]: Disconnected from 122.226.181.165 port 40516 [preauth]
Aug 12 10:42:55 dlsprod sshd[19002]: PAM 2 more authentication failures; logname= uid=0 euid=0 tty=ssh ruser= rhost=122.226.181.165 user=root
Aug 12 10:42:56 dlsprod sshd[19004]: pam_unix(sshd:auth): authentication failure; logname= uid=0 euid=0 tty=ssh ruser= rhost=115.238.245.4 user=root
Aug 12 10:42:58 dlsprod sshd[19004]: Failed password for root from 115.238.245.4 port 38056 ssh2
Aug 12 10:42:59 dlsprod sshd[19006]: pam_unix(sshd:auth): authentication failure; logname= uid=0 euid=0 tty=ssh ruser= rhost=122.226.181.165 user=root
Aug 12 10:43:00 dlsprod sshd[19004]: Failed password for root from 115.238.245.4 port 38056 ssh2
Aug 12 10:43:01 dlsprod sshd[19006]: Failed password for root from 122.226.181.165 port 51940 ssh2
Aug 12 10:43:02 dlsprod sshd[19004]: Failed password for root from 115.238.245.4 port 38056 ssh2
Aug 12 10:43:03 dlsprod sshd[19006]: Failed password for root from 122.226.181.165 port 51940 ssh2
Aug 12 10:43:03 dlsprod sshd[19004]: Received disconnect from 115.238.245.4 port 38056:11: [preauth]
Aug 12 10:43:03 dlsprod sshd[19004]: Disconnected from 115.238.245.4 port 38056 [preauth]
Aug 12 10:43:03 dlsprod sshd[19004]: PAM 2 more authentication failures; logname= uid=0 euid=0 tty=ssh ruser= rhost=115.238.245.4 user=root
Aug 12 10:43:05 dlsprod sshd[19006]: Failed password for root from 122.226.181.165 port 51940 ssh2
Aug 12 10:43:05 dlsprod sshd[19006]: Received disconnect from 122.226.181.165 port 51940:11: [preauth]
Aug 12 10:43:05 dlsprod sshd[19006]: Disconnected from 122.226.181.165 port 51940 [preauth]
Aug 12 10:43:05 dlsprod sshd[19006]: PAM 2 more authentication failures; logname= uid=0 euid=0 tty=ssh ruser= rhost=122.226.181.165 user=root
Aug 12 10:43:08 dlsprod sshd[19008]: pam_unix(sshd:auth): authentication failure; logname= uid=0 euid=0 tty=ssh ruser= rhost=115.238.245.4 user=root
Aug 12 10:43:10 dlsprod sshd[19008]: Failed password for root from 115.238.245.4 port 47459 ssh2
Aug 12 10:43:14 dlsprod sshd[19008]: message repeated 2 times: [ Failed password for root from 115.238.245.4 port 47459 ssh2]
Aug 12 10:43:15 dlsprod sshd[19008]: Received disconnect from 115.238.245.4 port 47459:11: [preauth]
Aug 12 10:43:15 dlsprod sshd[19008]: Disconnected from 115.238.245.4 port 47459 [preauth]
Aug 12 10:43:15 dlsprod sshd[19008]: PAM 2 more authentication failures; logname= uid=0 euid=0 tty=ssh ruser= rhost=115.238.245.4 user=root
Aug 12 10:43:18 dlsprod sshd[19010]: Received disconnect from 122.226.181.165 port 51488:11: [preauth]
Aug 12 10:43:18 dlsprod sshd[19010]: Disconnected from 122.226.181.165 port 51488 [preauth]
Aug 12 10:43:19 dlsprod sshd[19012]: pam_unix(sshd:auth): authentication failure; logname= uid=0 euid=0 tty=ssh ruser= rhost=115.238.245.4 user=root
Aug 12 10:43:21 dlsprod sshd[19012]: Failed password for root from 115.238.245.4 port 45879 ssh2
Aug 12 10:43:23 dlsprod sshd[19015]: Invalid user moon from 46.148.192.41
Aug 12 10:43:23 dlsprod sshd[19015]: input_userauth_request: invalid user moon [preauth]
Aug 12 10:43:23 dlsprod sshd[19015]: pam_unix(sshd:auth): check pass; user unknown
Aug 12 10:43:23 dlsprod sshd[19015]: pam_unix(sshd:auth): authentication failure; logname= uid=0 euid=0 tty=ssh ruser= rhost=46.148.192.41
Aug 12 10:43:23 dlsprod sshd[19012]: Failed password for root from 115.238.245.4 port 45879 ssh2
Aug 12 10:43:25 dlsprod sshd[19015]: Failed password for invalid user moon from 46.148.192.41 port 44252 ssh2
Aug 12 10:43:26 dlsprod sshd[19015]: Connection closed by 46.148.192.41 port 44252 [preauth]
Aug 12 10:43:26 dlsprod sshd[19012]: Failed password for root from 115.238.245.4 port 45879 ssh2
Aug 12 10:43:27 dlsprod sshd[19012]: Received disconnect from 115.238.245.4 port 45879:11: [preauth]
Aug 12 10:43:27 dlsprod sshd[19012]: Disconnected from 115.238.245.4 port 45879 [preauth]
Aug 12 10:43:27 dlsprod sshd[19012]: PAM 2 more authentication failures; logname= uid=0 euid=0 tty=ssh ruser= rhost=115.238.245.4 user=root
Aug 12 10:43:44 dlsprod sshd[19017]: pam_unix(sshd:auth): authentication failure; logname= uid=0 euid=0 tty=ssh ruser= rhost=115.238.245.4 user=root
Aug 12 10:43:46 dlsprod sshd[19017]: Failed password for root from 115.238.245.4 port 59061 ssh2
Aug 12 10:43:52 dlsprod sshd[19017]: message repeated 2 times: [ Failed password for root from 115.238.245.4 port 59061 ssh2]
Aug 12 10:43:52 dlsprod sshd[19017]: Received disconnect from 115.238.245.4 port 59061:11: [preauth]
Aug 12 10:43:52 dlsprod sshd[19017]: Disconnected from 115.238.245.4 port 59061 [preauth]
Aug 12 10:43:52 dlsprod sshd[19017]: PAM 2 more authentication failures; logname= uid=0 euid=0 tty=ssh ruser= rhost=115.238.245.4 user=root
Aug 12 10:45:01 dlsprod CRON[19020]: pam_unix(cron:session): session opened for user root by (uid=0)
Aug 12 10:45:01 dlsprod CRON[19020]: pam_unix(cron:session): session closed for user root
Aug 12 10:47:52 dlsprod sshd[19031]: Did not receive identification string from 46.18.3.47
Aug 12 10:47:53 dlsprod sshd[19032]: fatal: Unable to negotiate with 46.18.3.47 port 58125: no matching cipher found. Their offer: aes128-cbc,3des-cbc,aes256-cbc,aes192-cbc [preauth]
Aug 12 10:53:47 dlsprod sshd[19054]: pam_unix(sshd:auth): authentication failure; logname= uid=0 euid=0 tty=ssh ruser= rhost=221.194.47.233 user=root
Aug 12 10:53:49 dlsprod sshd[19054]: Failed password for root from 221.194.47.233 port 48550 ssh2
Aug 12 10:53:55 dlsprod sshd[19054]: message repeated 2 times: [ Failed password for root from 221.194.47.233 port 48550 ssh2]
Aug 12 10:53:55 dlsprod sshd[19054]: Received disconnect from 221.194.47.233 port 48550:11: [preauth]
Aug 12 10:53:55 dlsprod sshd[19054]: Disconnected from 221.194.47.233 port 48550 [preauth]
Aug 12 10:53:55 dlsprod sshd[19054]: PAM 2 more authentication failures; logname= uid=0 euid=0 tty=ssh ruser= rhost=221.194.47.233 user=root
Aug 12 10:54:03 dlsprod sshd[19056]: pam_unix(sshd:auth): authentication failure; logname= uid=0 euid=0 tty=ssh ruser= rhost=221.194.47.233 user=root
Aug 12 10:54:05 dlsprod sshd[19056]: Failed password for root from 221.194.47.233 port 52369 ssh2
Aug 12 10:54:09 dlsprod sshd[19056]: message repeated 2 times: [ Failed password for root from 221.194.47.233 port 52369 ssh2]
Aug 12 10:54:11 dlsprod sshd[19056]: Received disconnect from 221.194.47.233 port 52369:11: [preauth]
Aug 12 10:54:11 dlsprod sshd[19056]: Disconnected from 221.194.47.233 port 52369 [preauth]
Aug 12 10:54:11 dlsprod sshd[19056]: PAM 2 more authentication failures; logname= uid=0 euid=0 tty=ssh ruser= rhost=221.194.47.233 user=root
Aug 12 10:54:13 dlsprod sshd[19058]: pam_unix(sshd:auth): authentication failure; logname= uid=0 euid=0 tty=ssh ruser= rhost=221.194.47.233 user=root
Aug 12 10:54:15 dlsprod sshd[19058]: Failed password for root from 221.194.47.233 port 36279 ssh2
Aug 12 10:54:20 dlsprod sshd[19058]: message repeated 2 times: [ Failed password for root from 221.194.47.233 port 36279 ssh2]
Aug 12 10:54:21 dlsprod sshd[19058]: Received disconnect from 221.194.47.233 port 36279:11: [preauth]
Aug 12 10:54:21 dlsprod sshd[19058]: Disconnected from 221.194.47.233 port 36279 [preauth]
Aug 12 10:54:21 dlsprod sshd[19058]: PAM 2 more authentication failures; logname= uid=0 euid=0 tty=ssh ruser= rhost=221.194.47.233 user=root
Aug 12 10:55:01 dlsprod CRON[19061]: pam_unix(cron:session): session opened for user root by (uid=0)
Aug 12 10:55:01 dlsprod CRON[19061]: pam_unix(cron:session): session closed for user root
Aug 12 10:57:12 dlsprod sshd[19066]: Invalid user qemu from 151.182.106.5
Aug 12 10:57:12 dlsprod sshd[19066]: input_userauth_request: invalid user qemu [preauth]
Aug 12 10:57:12 dlsprod sshd[19066]: pam_unix(sshd:auth): check pass; user unknown
Aug 12 10:57:12 dlsprod sshd[19066]: pam_unix(sshd:auth): authentication failure; logname= uid=0 euid=0 tty=ssh ruser= rhost=151.182.106.5
Aug 12 10:57:14 dlsprod sshd[19066]: Failed password for invalid user qemu from 151.182.106.5 port 35656 ssh2
Aug 12 10:57:14 dlsprod sshd[19066]: Connection closed by 151.182.106.5 port 35656 [preauth]
Aug 12 10:57:35 dlsprod sshd[19069]: Invalid user oracle from 190.82.73.92
Aug 12 10:57:35 dlsprod sshd[19069]: input_userauth_request: invalid user oracle [preauth]
Aug 12 10:57:35 dlsprod sshd[19069]: pam_unix(sshd:auth): check pass; user unknown
Aug 12 10:57:35 dlsprod sshd[19069]: pam_unix(sshd:auth): authentication failure; logname= uid=0 euid=0 tty=ssh ruser= rhost=190.82.73.92
Aug 12 10:57:37 dlsprod sshd[19069]: Failed password for invalid user oracle from 190.82.73.92 port 56735 ssh2
Aug 12 10:57:37 dlsprod sshd[19069]: Received disconnect from 190.82.73.92 port 56735:11: Normal Shutdown, Thank you for playing [preauth]
Aug 12 10:57:37 dlsprod sshd[19069]: Disconnected from 190.82.73.92 port 56735 [preauth]
Aug 12 10:59:19 dlsprod sshd[19074]: pam_unix(sshd:auth): authentication failure; logname= uid=0 euid=0 tty=ssh ruser= rhost=115.238.245.14 user=root
Aug 12 10:59:21 dlsprod sshd[19074]: Failed password for root from 115.238.245.14 port 55260 ssh2
Aug 12 10:59:26 dlsprod sshd[19074]: message repeated 2 times: [ Failed password for root from 115.238.245.14 port 55260 ssh2]
Aug 12 10:59:26 dlsprod sshd[19074]: Received disconnect from 115.238.245.14 port 55260:11: [preauth]
Aug 12 10:59:26 dlsprod sshd[19074]: Disconnected from 115.238.245.14 port 55260 [preauth]
Aug 12 10:59:26 dlsprod sshd[19074]: PAM 2 more authentication failures; logname= uid=0 euid=0 tty=ssh ruser= rhost=115.238.245.14 user=root
Aug 12 10:59:41 dlsprod sshd[19077]: pam_unix(sshd:auth): authentication failure; logname= uid=0 euid=0 tty=ssh ruser= rhost=115.238.245.14 user=root
Aug 12 10:59:43 dlsprod sshd[19077]: Failed password for root from 115.238.245.14 port 55887 ssh2
Aug 12 10:59:49 dlsprod sshd[19077]: message repeated 2 times: [ Failed password for root from 115.238.245.14 port 55887 ssh2]
Aug 12 10:59:49 dlsprod sshd[19077]: Received disconnect from 115.238.245.14 port 55887:11: [preauth]
Aug 12 10:59:49 dlsprod sshd[19077]: Disconnected from 115.238.245.14 port 55887 [preauth]
Aug 12 10:59:49 dlsprod sshd[19077]: PAM 2 more authentication failures; logname= uid=0 euid=0 tty=ssh ruser= rhost=115.238.245.14 user=root
Aug 12 10:59:52 dlsprod sshd[19079]: pam_unix(sshd:auth): authentication failure; logname= uid=0 euid=0 tty=ssh ruser= rhost=115.238.245.14 user=root
Aug 12 10:59:54 dlsprod sshd[19079]: Failed password for root from 115.238.245.14 port 35239 ssh2
Aug 12 10:59:59 dlsprod sshd[19079]: message repeated 2 times: [ Failed password for root from 115.238.245.14 port 35239 ssh2]
Aug 12 11:00:00 dlsprod sshd[19079]: Received disconnect from 115.238.245.14 port 35239:11: [preauth]
Aug 12 11:00:00 dlsprod sshd[19079]: Disconnected from 115.238.245.14 port 35239 [preauth]
Aug 12 11:00:00 dlsprod sshd[19079]: PAM 2 more authentication failures; logname= uid=0 euid=0 tty=ssh ruser= rhost=115.238.245.14 user=root
Aug 12 11:00:09 dlsprod sshd[19081]: pam_unix(sshd:auth): authentication failure; logname= uid=0 euid=0 tty=ssh ruser= rhost=115.238.245.14 user=root
Aug 12 11:00:11 dlsprod sshd[19081]: Failed password for root from 115.238.245.14 port 35381 ssh2
Aug 12 11:00:16 dlsprod sshd[19081]: message repeated 2 times: [ Failed password for root from 115.238.245.14 port 35381 ssh2]
Aug 12 11:00:16 dlsprod sshd[19081]: Received disconnect from 115.238.245.14 port 35381:11: [preauth]
Aug 12 11:00:16 dlsprod sshd[19081]: Disconnected from 115.238.245.14 port 35381 [preauth]
Aug 12 11:00:16 dlsprod sshd[19081]: PAM 2 more authentication failures; logname= uid=0 euid=0 tty=ssh ruser= rhost=115.238.245.14 user=root
Aug 12 11:00:23 dlsprod sshd[19083]: pam_unix(sshd:auth): authentication failure; logname= uid=0 euid=0 tty=ssh ruser= rhost=115.238.245.14 user=root
Aug 12 11:00:26 dlsprod sshd[19083]: Failed password for root from 115.238.245.14 port 53163 ssh2
Aug 12 11:00:31 dlsprod sshd[19083]: message repeated 2 times: [ Failed password for root from 115.238.245.14 port 53163 ssh2]
Aug 12 11:00:31 dlsprod sshd[19083]: Received disconnect from 115.238.245.14 port 53163:11: [preauth]
Aug 12 11:00:31 dlsprod sshd[19083]: Disconnected from 115.238.245.14 port 53163 [preauth]
Aug 12 11:00:31 dlsprod sshd[19083]: PAM 2 more authentication failures; logname= uid=0 euid=0 tty=ssh ruser= rhost=115.238.245.14 user=root
Aug 12 11:00:52 dlsprod sshd[19086]: pam_unix(sshd:auth): authentication failure; logname= uid=0 euid=0 tty=ssh ruser= rhost=115.238.245.14 user=root
Aug 12 11:00:54 dlsprod sshd[19086]: Failed password for root from 115.238.245.14 port 40417 ssh2
Aug 12 11:00:59 dlsprod sshd[19086]: message repeated 2 times: [ Failed password for root from 115.238.245.14 port 40417 ssh2]
Aug 12 11:00:59 dlsprod sshd[19086]: Received disconnect from 115.238.245.14 port 40417:11: [preauth]
Aug 12 11:00:59 dlsprod sshd[19086]: Disconnected from 115.238.245.14 port 40417 [preauth]
Aug 12 11:00:59 dlsprod sshd[19086]: PAM 2 more authentication failures; logname= uid=0 euid=0 tty=ssh ruser= rhost=115.238.245.14 user=root
Aug 12 11:01:07 dlsprod sshd[19088]: pam_unix(sshd:auth): authentication failure; logname= uid=0 euid=0 tty=ssh ruser= rhost=115.238.245.14 user=root
Aug 12 11:01:09 dlsprod sshd[19088]: Failed password for root from 115.238.245.14 port 42996 ssh2
Aug 12 11:01:14 dlsprod sshd[19088]: message repeated 2 times: [ Failed password for root from 115.238.245.14 port 42996 ssh2]
Aug 12 11:01:14 dlsprod sshd[19088]: Received disconnect from 115.238.245.14 port 42996:11: [preauth]
Aug 12 11:01:14 dlsprod sshd[19088]: Disconnected from 115.238.245.14 port 42996 [preauth]
Aug 12 11:01:14 dlsprod sshd[19088]: PAM 2 more authentication failures; logname= uid=0 euid=0 tty=ssh ruser= rhost=115.238.245.14 user=root
Aug 12 11:01:19 dlsprod sshd[19090]: pam_unix(sshd:auth): authentication failure; logname= uid=0 euid=0 tty=ssh ruser= rhost=115.238.245.14 user=root
Aug 12 11:01:21 dlsprod sshd[19090]: Failed password for root from 115.238.245.14 port 56111 ssh2
Aug 12 11:01:27 dlsprod sshd[19090]: message repeated 2 times: [ Failed password for root from 115.238.245.14 port 56111 ssh2]
Aug 12 11:01:28 dlsprod sshd[19090]: Received disconnect from 115.238.245.14 port 56111:11: [preauth]
Aug 12 11:01:28 dlsprod sshd[19090]: Disconnected from 115.238.245.14 port 56111 [preauth]
Aug 12 11:01:28 dlsprod sshd[19090]: PAM 2 more authentication failures; logname= uid=0 euid=0 tty=ssh ruser= rhost=115.238.245.14 user=root
Aug 12 11:01:32 dlsprod sshd[19093]: pam_unix(sshd:auth): authentication failure; logname= uid=0 euid=0 tty=ssh ruser= rhost=115.238.245.14 user=root
Aug 12 11:01:34 dlsprod sshd[19093]: Failed password for root from 115.238.245.14 port 36196 ssh2
Aug 12 11:01:37 dlsprod sshd[19093]: Failed password for root from 115.238.245.14 port 36196 ssh2
Aug 12 11:01:39 dlsprod sshd[19099]: pam_unix(sshd:auth): authentication failure; logname= uid=0 euid=0 tty=ssh ruser= rhost=221.194.44.211 user=root
Aug 12 11:01:39 dlsprod sshd[19093]: Failed password for root from 115.238.245.14 port 36196 ssh2
Aug 12 11:01:39 dlsprod sshd[19093]: Received disconnect from 115.238.245.14 port 36196:11: [preauth]
Aug 12 11:01:39 dlsprod sshd[19093]: Disconnected from 115.238.245.14 port 36196 [preauth]
Aug 12 11:01:39 dlsprod sshd[19093]: PAM 2 more authentication failures; logname= uid=0 euid=0 tty=ssh ruser= rhost=115.238.245.14 user=root
Aug 12 11:01:42 dlsprod sshd[19099]: Failed password for root from 221.194.44.211 port 41344 ssh2
Aug 12 11:01:44 dlsprod sshd[19099]: Failed password for root from 221.194.44.211 port 41344 ssh2
Aug 12 11:01:46 dlsprod sshd[19101]: pam_unix(sshd:auth): authentication failure; logname= uid=0 euid=0 tty=ssh ruser= rhost=115.238.245.14 user=root
Aug 12 11:01:46 dlsprod sshd[19099]: Failed password for root from 221.194.44.211 port 41344 ssh2
Aug 12 11:01:47 dlsprod sshd[19101]: Failed password for root from 115.238.245.14 port 39564 ssh2
Aug 12 11:01:48 dlsprod sshd[19099]: Received disconnect from 221.194.44.211 port 41344:11: [preauth]
Aug 12 11:01:48 dlsprod sshd[19099]: Disconnected from 221.194.44.211 port 41344 [preauth]
Aug 12 11:01:48 dlsprod sshd[19099]: PAM 2 more authentication failures; logname= uid=0 euid=0 tty=ssh ruser= rhost=221.194.44.211 user=root
Aug 12 11:01:49 dlsprod sshd[19101]: Failed password for root from 115.238.245.14 port 39564 ssh2
Aug 12 11:01:51 dlsprod sshd[19104]: pam_unix(sshd:auth): authentication failure; logname= uid=0 euid=0 tty=ssh ruser= rhost=221.194.44.211 user=root
Aug 12 11:01:53 dlsprod sshd[19101]: Failed password for root from 115.238.245.14 port 39564 ssh2
Aug 12 11:01:53 dlsprod sshd[19101]: Received disconnect from 115.238.245.14 port 39564:11: [preauth]
Aug 12 11:01:53 dlsprod sshd[19101]: Disconnected from 115.238.245.14 port 39564 [preauth]
Aug 12 11:01:53 dlsprod sshd[19101]: PAM 2 more authentication failures; logname= uid=0 euid=0 tty=ssh ruser= rhost=115.238.245.14 user=root
Aug 12 11:01:53 dlsprod sshd[19104]: Failed password for root from 221.194.44.211 port 33909 ssh2
Aug 12 11:01:55 dlsprod sshd[19104]: Failed password for root from 221.194.44.211 port 33909 ssh2
Aug 12 11:01:57 dlsprod sshd[19106]: pam_unix(sshd:auth): authentication failure; logname= uid=0 euid=0 tty=ssh ruser= rhost=115.238.245.14 user=root
Aug 12 11:01:58 dlsprod sshd[19104]: Failed password for root from 221.194.44.211 port 33909 ssh2
Aug 12 11:01:58 dlsprod sshd[19104]: Received disconnect from 221.194.44.211 port 33909:11: [preauth]
Aug 12 11:01:58 dlsprod sshd[19104]: Disconnected from 221.194.44.211 port 33909 [preauth]
Aug 12 11:01:58 dlsprod sshd[19104]: PAM 2 more authentication failures; logname= uid=0 euid=0 tty=ssh ruser= rhost=221.194.44.211 user=root
Aug 12 11:01:59 dlsprod sshd[19106]: Failed password for root from 115.238.245.14 port 44568 ssh2
Aug 12 11:02:04 dlsprod sshd[19106]: message repeated 2 times: [ Failed password for root from 115.238.245.14 port 44568 ssh2]
Aug 12 11:02:04 dlsprod sshd[19108]: pam_unix(sshd:auth): authentication failure; logname= uid=0 euid=0 tty=ssh ruser= rhost=221.194.44.211 user=root
Aug 12 11:02:04 dlsprod sshd[19106]: Received disconnect from 115.238.245.14 port 44568:11: [preauth]
Aug 12 11:02:04 dlsprod sshd[19106]: Disconnected from 115.238.245.14 port 44568 [preauth]
Aug 12 11:02:04 dlsprod sshd[19106]: PAM 2 more authentication failures; logname= uid=0 euid=0 tty=ssh ruser= rhost=115.238.245.14 user=root
Aug 12 11:02:07 dlsprod sshd[19108]: Failed password for root from 221.194.44.211 port 49442 ssh2
Aug 12 11:02:09 dlsprod sshd[19108]: Failed password for root from 221.194.44.211 port 49442 ssh2
Aug 12 11:02:10 dlsprod sshd[19110]: pam_unix(sshd:auth): authentication failure; logname= uid=0 euid=0 tty=ssh ruser= rhost=115.238.245.14 user=root
Aug 12 11:02:12 dlsprod sshd[19108]: Failed password for root from 221.194.44.211 port 49442 ssh2
Aug 12 11:02:12 dlsprod sshd[19110]: Failed password for root from 115.238.245.14 port 43887 ssh2
Aug 12 11:02:12 dlsprod sshd[19108]: Received disconnect from 221.194.44.211 port 49442:11: [preauth]
Aug 12 11:02:12 dlsprod sshd[19108]: Disconnected from 221.194.44.211 port 49442 [preauth]
Aug 12 11:02:12 dlsprod sshd[19108]: PAM 2 more authentication failures; logname= uid=0 euid=0 tty=ssh ruser= rhost=221.194.44.211 user=root
Aug 12 11:02:14 dlsprod sshd[19110]: Failed password for root from 115.238.245.14 port 43887 ssh2
Aug 12 11:02:17 dlsprod sshd[19110]: Failed password for root from 115.238.245.14 port 43887 ssh2
Aug 12 11:02:18 dlsprod sshd[19110]: Received disconnect from 115.238.245.14 port 43887:11: [preauth]
Aug 12 11:02:18 dlsprod sshd[19110]: Disconnected from 115.238.245.14 port 43887 [preauth]
Aug 12 11:02:18 dlsprod sshd[19110]: PAM 2 more authentication failures; logname= uid=0 euid=0 tty=ssh ruser= rhost=115.238.245.14 user=root
Aug 12 11:02:20 dlsprod sshd[19112]: pam_unix(sshd:auth): authentication failure; logname= uid=0 euid=0 tty=ssh ruser= rhost=221.194.44.211 user=root
Aug 12 11:02:22 dlsprod sshd[19114]: pam_unix(sshd:auth): authentication failure; logname= uid=0 euid=0 tty=ssh ruser= rhost=115.238.245.14 user=root
Aug 12 11:02:22 dlsprod sshd[19112]: Failed password for root from 221.194.44.211 port 52257 ssh2
Aug 12 11:02:24 dlsprod sshd[19114]: Failed password for root from 115.238.245.14 port 50475 ssh2
Aug 12 11:02:25 dlsprod sshd[19112]: Failed password for root from 221.194.44.211 port 52257 ssh2
Aug 12 11:02:25 dlsprod sshd[19114]: Failed password for root from 115.238.245.14 port 50475 ssh2
Aug 12 11:02:29 dlsprod sshd[19112]: Failed password for root from 221.194.44.211 port 52257 ssh2
Aug 12 11:02:29 dlsprod sshd[19114]: Failed password for root from 115.238.245.14 port 50475 ssh2
Aug 12 11:02:30 dlsprod sshd[19112]: Received disconnect from 221.194.44.211 port 52257:11: [preauth]
Aug 12 11:02:30 dlsprod sshd[19112]: Disconnected from 221.194.44.211 port 52257 [preauth]
Aug 12 11:02:30 dlsprod sshd[19112]: PAM 2 more authentication failures; logname= uid=0 euid=0 tty=ssh ruser= rhost=221.194.44.211 user=root
Aug 12 11:02:30 dlsprod sshd[19114]: Received disconnect from 115.238.245.14 port 50475:11: [preauth]
Aug 12 11:02:30 dlsprod sshd[19114]: Disconnected from 115.238.245.14 port 50475 [preauth]
Aug 12 11:02:30 dlsprod sshd[19114]: PAM 2 more authentication failures; logname= uid=0 euid=0 tty=ssh ruser= rhost=115.238.245.14 user=root
Aug 12 11:02:33 dlsprod sshd[19118]: pam_unix(sshd:auth): authentication failure; logname= uid=0 euid=0 tty=ssh ruser= rhost=115.238.245.14 user=root
Aug 12 11:02:35 dlsprod sshd[19118]: Failed password for root from 115.238.245.14 port 50812 ssh2
Aug 12 11:02:41 dlsprod sshd[19118]: message repeated 2 times: [ Failed password for root from 115.238.245.14 port 50812 ssh2]
Aug 12 11:02:41 dlsprod sshd[19118]: Received disconnect from 115.238.245.14 port 50812:11: [preauth]
Aug 12 11:02:41 dlsprod sshd[19118]: Disconnected from 115.238.245.14 port 50812 [preauth]
Aug 12 11:02:41 dlsprod sshd[19118]: PAM 2 more authentication failures; logname= uid=0 euid=0 tty=ssh ruser= rhost=115.238.245.14 user=root
Aug 12 11:02:42 dlsprod sshd[19120]: pam_unix(sshd:auth): authentication failure; logname= uid=0 euid=0 tty=ssh ruser= rhost=221.194.44.211 user=root
Aug 12 11:02:43 dlsprod sshd[19120]: Failed password for root from 221.194.44.211 port 53739 ssh2
Aug 12 11:02:45 dlsprod sshd[19122]: pam_unix(sshd:auth): authentication failure; logname= uid=0 euid=0 tty=ssh ruser= rhost=115.238.245.14 user=root
Aug 12 11:02:46 dlsprod sshd[19120]: Failed password for root from 221.194.44.211 port 53739 ssh2
Aug 12 11:02:47 dlsprod sshd[19122]: Failed password for root from 115.238.245.14 port 50967 ssh2
Aug 12 11:02:48 dlsprod sshd[19120]: Failed password for root from 221.194.44.211 port 53739 ssh2
Aug 12 11:02:49 dlsprod sshd[19120]: Received disconnect from 221.194.44.211 port 53739:11: [preauth]
Aug 12 11:02:49 dlsprod sshd[19120]: Disconnected from 221.194.44.211 port 53739 [preauth]
Aug 12 11:02:49 dlsprod sshd[19120]: PAM 2 more authentication failures; logname= uid=0 euid=0 tty=ssh ruser= rhost=221.194.44.211 user=root
Aug 12 11:02:49 dlsprod sshd[19122]: Failed password for root from 115.238.245.14 port 50967 ssh2
Aug 12 11:02:51 dlsprod sshd[19124]: pam_unix(sshd:auth): authentication failure; logname= uid=0 euid=0 tty=ssh ruser= rhost=221.194.44.211 user=root
Aug 12 11:02:52 dlsprod sshd[19122]: Failed password for root from 115.238.245.14 port 50967 ssh2
Aug 12 11:02:53 dlsprod sshd[19122]: Received disconnect from 115.238.245.14 port 50967:11: [preauth]
Aug 12 11:02:53 dlsprod sshd[19122]: Disconnected from 115.238.245.14 port 50967 [preauth]
Aug 12 11:02:53 dlsprod sshd[19122]: PAM 2 more authentication failures; logname= uid=0 euid=0 tty=ssh ruser= rhost=115.238.245.14 user=root
Aug 12 11:02:53 dlsprod sshd[19124]: Failed password for root from 221.194.44.211 port 35320 ssh2
Aug 12 11:02:55 dlsprod sshd[19124]: Failed password for root from 221.194.44.211 port 35320 ssh2
Aug 12 11:02:56 dlsprod sshd[19126]: pam_unix(sshd:auth): authentication failure; logname= uid=0 euid=0 tty=ssh ruser= rhost=115.238.245.14 user=root
Aug 12 11:02:58 dlsprod sshd[19124]: Failed password for root from 221.194.44.211 port 35320 ssh2
Aug 12 11:02:58 dlsprod sshd[19126]: Failed password for root from 115.238.245.14 port 51517 ssh2
Aug 12 11:02:59 dlsprod sshd[19124]: Received disconnect from 221.194.44.211 port 35320:11: [preauth]
Aug 12 11:02:59 dlsprod sshd[19124]: Disconnected from 221.194.44.211 port 35320 [preauth]
Aug 12 11:02:59 dlsprod sshd[19124]: PAM 2 more authentication failures; logname= uid=0 euid=0 tty=ssh ruser= rhost=221.194.44.211 user=root
Aug 12 11:03:01 dlsprod sshd[19126]: Failed password for root from 115.238.245.14 port 51517 ssh2
